000
CXUS53 KIWX 280800
CF6DFI
PRELIMINARY LOCAL CLIMATOLOGICAL DATA (WS FORM: F-6)

                                          STATION:   DEFIANCE MEMORIAL
                                          MONTH:     MAY
                                          YEAR:      2020
                                          LATITUDE:   41 20 N
                                          LONGITUDE:  84 26 W

  TEMPERATURE IN F:       :PCPN:    SNOW:  WIND      :SUNSHINE: SKY     :PK WND
================================================================================
1   2   3   4   5  6A  6B    7    8   9   10  11  12  13   14  15   16   17  18
                                     12Z  AVG MX 2MIN
DY MAX MIN AVG DEP HDD CDD  WTR  SNW DPTH SPD SPD DIR MIN PSBL S-S WX    SPD DR
================================================================================

 1  68  45  57   2   8   0 0.00  0.0    0  7.2 17 340   M    M   3        26 360
 2  83  53  68  13   0   3 0.00  0.0    0  9.3 21 250   M    M   4        34 280
 3  78  52  65  10   0   0 0.00  0.0    0  7.5 21 300   M    M   2        27 300
 4  62  43  53  -3  12   0 0.00  0.0    0  8.1 16 360   M    M   0        22 360
 5  51  43  47  -9  18   0    T  0.0    0 10.5 23  20   M    M   8        33  20
 6  62  38  50  -6  15   0 0.00  0.0    0  9.4 20 330   M    M   2        27 350
 7  68  38  53  -4  12   0    T    M    0 10.2 31 300   M    M   2 8      42 310
 8  51  33  42 -15  23   0    T    M    M 13.0 24 310   M    M   5        35 310
 9  54  28  41 -16  24   0 0.00  0.0    0  9.1 22 300   M    M   3        31 300
10  63  39  51  -7  14   0 0.11    M    M 11.8 28 240   M    M   8        47 240
11  48  34  41 -17  24   0 0.01    M    M 10.1 20 330   M    M   8        28 300
12  62  30  46 -12  19   0 0.00  0.0    0  7.2 21 300   M    M   2        30 300
13  67  31  49 -10  16   0 0.00  0.0    0  6.1 15  90   M    M   1        22 100
14  74  49  62   3   3   0 0.57  0.0    0  7.0 17 220   M    M   9 13     27 200
15  72  55  64   5   1   0 0.21  0.0    0  6.6 16 210   M    M   6 123    23 200
16  73  50  62   2   3   0 0.00  0.0    0  6.7 16  70   M    M   8 128    22  70
17  63  56  60   0   5   0 0.28  0.0    0  9.6 16  70   M    M   8 1      23  80
18  64  55  60   0   5   0 3.84  0.0    0  7.6 15  70   M    M  10 123    22  80
19  63  57  60   0   5   0 0.33  0.0    0 11.4 22 110   M    M   9 1      36 110
20  62  51  57  -4   8   0    T    M    M 12.6 21 100   M    M  10        29 100
21  65  53  59  -2   6   0 0.00  0.0    0  7.8 16 100   M    M  10 18     23  90
22  73  58  66   5   0   1 0.01  0.0    0  4.3 10 110   M    M   8 18     13 120
23  78  55  67   5   0   2 0.00  0.0    0  5.1 13  90   M    M   4 12     17 100
24  89  61  75  13   0  10 0.00  0.0    0  6.3 13 200   M    M   1        18 200
25  87  64  76  14   0  11 0.00  0.0    0  4.7 15 190   M    M   1        23 180
26  89  63  76  14   0  11    T  0.0    0  4.7 22 160   M    M   0 13     33 170
27  86  67  77  14   0  12 0.05  0.0    0  4.0 22 170   M    M   4 1      33 170
================================================================================
SM 1855 1301       221  50  5.41     0.0 217.9          M      136
================================================================================
AV 68.7 48.2                               8.1 FASTST   M    M   5    MAX(MPH)
                                 MISC ---->  # 31 300               # 47  240
================================================================================
NOTES:
# LAST OF SEVERAL OCCURRENCES

COLUMN 17 PEAK WIND IN M.P.H.

PRELIMINARY LOCAL CLIMATOLOGICAL DATA (WS FORM: F-6) , PAGE 2

                                          STATION:  DEFIANCE MEMORIAL
                                          MONTH:    MAY
                                          YEAR:     2020
                                          LATITUDE:   41 20 N
                                          LONGITUDE:  84 26 W

[TEMPERATURE DATA]      [PRECIPITATION DATA]       SYMBOLS USED IN COLUMN 16

AVERAGE MONTHLY: 58.4   TOTAL FOR MONTH:   5.41    1 = FOG OR MIST
DPTR FM NORMAL:  -0.4   DPTR FM NORMAL:    2.13    2 = FOG REDUCING VISIBILITY
HIGHEST:    89 ON 26,24 GRTST 24HR  3.84 ON 18-18      TO 1/4 MILE OR LESS
LOWEST:     28 ON  9                               3 = THUNDER
                        SNOW, ICE PELLETS, HAIL    4 = ICE PELLETS
                        TOTAL MONTH:   0.0 INCH    5 = HAIL
                        GRTST 24HR     0.0         6 = FREEZING RAIN OR DRIZZLE
                        GRTST DEPTH:   0           7 = DUSTSTORM OR SANDSTORM:
                                                       VSBY 1/2 MILE OR LESS
                                                   8 = SMOKE OR HAZE
[NO. OF DAYS WITH]      [WEATHER - DAYS WITH]      9 = BLOWING SNOW
                                                   X = TORNADO
MAX 32 OR BELOW:   0    0.01 INCH OR MORE:   9
MAX 90 OR ABOVE:   0    0.10 INCH OR MORE:   6
MIN 32 OR BELOW:   3    0.50 INCH OR MORE:   2
MIN  0 OR BELOW:   0    1.00 INCH OR MORE:   1

[HDD (BASE 65) ]
TOTAL THIS MO.   221    CLEAR  (SCALE 0-3)  10
DPTR FM NORMAL    25    PTCLDY (SCALE 4-7)  10
TOTAL FM JUL 1  5428    CLOUDY (SCALE 8-10)  7
DPTR FM NORMAL  -750

[CDD (BASE 65) ]
TOTAL THIS MO.    50
DPTR FM NORMAL    21    [PRESSURE DATA]
TOTAL FM JAN 1    50    HIGHEST SLP M ON M
DPTR FM NORMAL    15    LOWEST  SLP 29.67 ON 18

[REMARKS]
