000
CXUS53 KIWX 250800
CF6DFI
PRELIMINARY LOCAL CLIMATOLOGICAL DATA (WS FORM: F-6)

                                          STATION:   DEFIANCE MEMORIAL
                                          MONTH:     MARCH
                                          YEAR:      2019
                                          LATITUDE:   41 20 N
                                          LONGITUDE:  84 26 W

  TEMPERATURE IN F:       :PCPN:    SNOW:  WIND      :SUNSHINE: SKY     :PK WND
================================================================================
1   2   3   4   5  6A  6B    7    8   9   10  11  12  13   14  15   16   17  18
                                     12Z  AVG MX 2MIN
DY MAX MIN AVG DEP HDD CDD  WTR  SNW DPTH SPD SPD DIR MIN PSBL S-S WX    SPD DR
================================================================================

 1  36  18  27  -5  38   0 0.00  0.0    M  5.8 12  90   M    M   2        17  60
 2  38  21  30  -2  35   0 0.00  0.0    0  4.0 18 320   M    M   8        24 320
 3  30  14  22 -11  43   0    T    M    0  7.0 15 320   M    M   8 18     21 320
 4  16   8  12 -21  53   0    T    M    M  9.1 17 250   M    M   7 8      28 220
 5  20   7  14 -20  51   0    T    M    M  9.5 17 250   M    M   6 8      30 250
 6  25  10  18 -16  47   0    T    M    M  8.6 14 220   M    M   3 8      23 280
 7  29  17  23 -11  42   0    T    M    M  4.4 12  10   M    M   2        18 220
 8  43  21  32  -3  33   0 0.00  0.0    M  3.3  9 120   M    M   2        14 110
 9  51  21  36   1  29   0 1.04    M    M 12.0 25 120   M    M   3 18     42 140
10  49  34  42   7  23   0    T    M    M 15.2 28 240   M    M   8        47 230
11  42  26  34  -2  31   0 0.00  0.0    M  7.4 17 290   M    M   1        28 270
12  45  20  33  -3  32   0 0.00  0.0    M  4.1 12 230   M    M   0 18     17 220
13  57  36  47  11  18   0 0.02    M    M  6.8 13 190   M    M   6 1      18 180
14  68  46  57  20   8   0 0.50    M    M 14.2 30 190   M    M   6 13     47 170
15  46  33  40   3  25   0 0.01    M    M 12.8 22 240   M    M  10 1      38 230
16  41  27  34  -4  31   0 0.01    M    M  8.5 18 310   M    M   6 1      26 300
17  37  20  29  -9  36   0 0.05    M    M  2.2 13 170   M    M   4 12     17 170
18  43  24  34  -4  31   0 0.00  0.0    M  4.8 12 300   M    M   5 1      16 310
19  46  25  36  -3  29   0 0.00  0.0    0  3.7 12 220   M    M   2 18     16 210
20  48  29  39   0  26   0 0.07    M    0  8.2 17 210   M    M   7 1      35 160
21  47  35  41   1  24   0 0.01    M    0  6.8 20 300   M    M  10 1      26 290
22  47  29  38  -2  27   0 0.00  0.0    0 12.6 24 350   M    M   4 1      34 340
23  50  21  36  -4  29   0 0.00  0.0    0  3.1 12 300   M    M   0        18 310
24  51  29  40  -1  25   0 0.05    M    0  1.9  8 200   M    M   7 1      11 200
================================================================================
SM 1005  571       766   0  1.76     0.0 176.0          M      117
================================================================================
AV 41.9 23.8                               7.3 FASTST   M    M   5    MAX(MPH)
                                 MISC ---->  # 30 190               # 47  230
================================================================================
NOTES:
# LAST OF SEVERAL OCCURRENCES

COLUMN 17 PEAK WIND IN M.P.H.

PRELIMINARY LOCAL CLIMATOLOGICAL DATA (WS FORM: F-6) , PAGE 2

                                          STATION:  DEFIANCE MEMORIAL
                                          MONTH:    MARCH
                                          YEAR:     2019
                                          LATITUDE:   41 20 N
                                          LONGITUDE:  84 26 W

[TEMPERATURE DATA]      [PRECIPITATION DATA]       SYMBOLS USED IN COLUMN 16

AVERAGE MONTHLY: 32.8   TOTAL FOR MONTH:   1.76    1 = FOG OR MIST
DPTR FM NORMAL:  -3.5   DPTR FM NORMAL:    0.37    2 = FOG REDUCING VISIBILITY
HIGHEST:    68 ON 14    GRTST 24HR  1.04 ON  9- 9      TO 1/4 MILE OR LESS
LOWEST:      7 ON  5                               3 = THUNDER
                        SNOW, ICE PELLETS, HAIL    4 = ICE PELLETS
                        TOTAL MONTH:   0.0 INCH    5 = HAIL
                        GRTST 24HR     0.0         6 = FREEZING RAIN OR DRIZZLE
                        GRTST DEPTH:   0           7 = DUSTSTORM OR SANDSTORM:
                                                       VSBY 1/2 MILE OR LESS
                                                   8 = SMOKE OR HAZE
[NO. OF DAYS WITH]      [WEATHER - DAYS WITH]      9 = BLOWING SNOW
                                                   X = TORNADO
MAX 32 OR BELOW:   5    0.01 INCH OR MORE:   9
MAX 90 OR ABOVE:   0    0.10 INCH OR MORE:   2
MIN 32 OR BELOW:  19    0.50 INCH OR MORE:   2
MIN  0 OR BELOW:   0    1.00 INCH OR MORE:   1

[HDD (BASE 65) ]
TOTAL THIS MO.   766    CLEAR  (SCALE 0-3)   7
DPTR FM NORMAL    78    PTCLDY (SCALE 4-7)  13
TOTAL FM JUL 1  5382    CLOUDY (SCALE 8-10)  4
DPTR FM NORMAL    43

[CDD (BASE 65) ]
TOTAL THIS MO.     0
DPTR FM NORMAL     0    [PRESSURE DATA]
TOTAL FM JAN 1     0    HIGHEST SLP M ON M
DPTR FM NORMAL     0    LOWEST  SLP 29.29 ON 14

[REMARKS]
