000
CXUS53 KIWX 230800
CF6DFI
PRELIMINARY LOCAL CLIMATOLOGICAL DATA (WS FORM: F-6)

                                          STATION:   DEFIANCE MEMORIAL
                                          MONTH:     JULY
                                          YEAR:      2019
                                          LATITUDE:   41 20 N
                                          LONGITUDE:  84 26 W

  TEMPERATURE IN F:       :PCPN:    SNOW:  WIND      :SUNSHINE: SKY     :PK WND
================================================================================
1   2   3   4   5  6A  6B    7    8   9   10  11  12  13   14  15   16   17  18
                                     12Z  AVG MX 2MIN
DY MAX MIN AVG DEP HDD CDD  WTR  SNW DPTH SPD SPD DIR MIN PSBL S-S WX    SPD DR
================================================================================

 1  93  66  80   8   0  15 0.00  0.0    0  3.6 13 290   M    M   0 8      19 300
 2  93  72  83  11   0  18 0.35  0.0    0  5.3 37 300   M    M   3 38     52 300
 3  87  71  79   7   0  14 0.35  0.0    0  2.8 13 110   M    M   5 13     19 110
 4  91  72  82  10   0  17 0.00  0.0    0  3.5 12 230   M    M   2 18     18 170
 5  94  72  83  10   0  18 0.00  0.0    0  3.9 14 260   M    M   1 18     24 260
 6  88  73  81   8   0  16 0.71  0.0    0  3.2 22 280   M    M   1 13     41 270
 7  83  65  74   1   0   9 1.26  0.0    0  6.9 17  30   M    M   8 1      22  30
 8  83  62  73   0   0   8 0.00  0.0    0  5.2 13 360   M    M   0        17  10
 9  86  58  72  -1   0   7 0.00  0.0    0  3.1 10  80   M    M   0        14  80
10  94  65  80   7   0  15 0.00  0.0    0  6.6 15 200   M    M   2        22 190
11  87  69  78   5   0  13 0.00  0.0    0  7.5 20 310   M    M   1        24 300
12  85  60  73   0   0   8 0.00  0.0    0  3.8 12 350   M    M   0        15 360
13  91  62  77   4   0  12 0.00  0.0    0  5.3 15 300   M    M   1        23 290
14  90  68  79   6   0  14 0.66  0.0    0  2.5 12  70   M    M   2 13     15  60
15  91  69  80   7   0  15 0.11  0.0    0  3.3 18 230   M    M   1 138    29 230
16  85  73  79   6   0  14 0.58  0.0    0  6.4 23 200   M    M   5 13     36 190
17  91  73  82   9   0  17 0.03  0.0    0  3.5 13 350   M    M   4 1      17 340
18  88  73  81   8   0  16 0.17  0.0    0  6.4 25 310   M    M   1 13     40 290
19  93  77  85  12   0  20 0.00  0.0    0  9.8 18 220   M    M   5        29 240
20  94  76  85  12   0  20 0.01  0.0    0  7.8 22 350   M    M   3        31 220
21  92  70  81   8   0  16 0.85  0.0    0  5.2 30  30   M    M   5 13     38  10
22  76  62  69  -4   0   4 0.01  0.0    0  7.3 16 340   M    M   4 1      23 340
================================================================================
SM 1955 1508         0 306  5.09     0.0 112.9          M       54
================================================================================
AV 88.9 68.6                               5.1 FASTST   M    M   2    MAX(MPH)
                                 MISC ---->  # 37 300               # 52  300
================================================================================
NOTES:
# LAST OF SEVERAL OCCURRENCES

COLUMN 17 PEAK WIND IN M.P.H.

PRELIMINARY LOCAL CLIMATOLOGICAL DATA (WS FORM: F-6) , PAGE 2

                                          STATION:  DEFIANCE MEMORIAL
                                          MONTH:    JULY
                                          YEAR:     2019
                                          LATITUDE:   41 20 N
                                          LONGITUDE:  84 26 W

[TEMPERATURE DATA]      [PRECIPITATION DATA]       SYMBOLS USED IN COLUMN 16

AVERAGE MONTHLY: 78.7   TOTAL FOR MONTH:   5.09    1 = FOG OR MIST
DPTR FM NORMAL:   5.9   DPTR FM NORMAL:    2.55    2 = FOG REDUCING VISIBILITY
HIGHEST:    94 ON 20,10 GRTST 24HR  1.26 ON  7- 7      TO 1/4 MILE OR LESS
LOWEST:     58 ON  9                               3 = THUNDER
                        SNOW, ICE PELLETS, HAIL    4 = ICE PELLETS
                        TOTAL MONTH:   0.0 INCH    5 = HAIL
                        GRTST 24HR     0.0         6 = FREEZING RAIN OR DRIZZLE
                        GRTST DEPTH:   0           7 = DUSTSTORM OR SANDSTORM:
                                                       VSBY 1/2 MILE OR LESS
                                                   8 = SMOKE OR HAZE
[NO. OF DAYS WITH]      [WEATHER - DAYS WITH]      9 = BLOWING SNOW
                                                   X = TORNADO
MAX 32 OR BELOW:   0    0.01 INCH OR MORE:  12
MAX 90 OR ABOVE:  12    0.10 INCH OR MORE:   9
MIN 32 OR BELOW:   0    0.50 INCH OR MORE:   5
MIN  0 OR BELOW:   0    1.00 INCH OR MORE:   1

[HDD (BASE 65) ]
TOTAL THIS MO.     0    CLEAR  (SCALE 0-3)  15
DPTR FM NORMAL     0    PTCLDY (SCALE 4-7)   7
TOTAL FM JUL 1     0    CLOUDY (SCALE 8-10)  0
DPTR FM NORMAL     0

[CDD (BASE 65) ]
TOTAL THIS MO.   306
DPTR FM NORMAL   132    [PRESSURE DATA]
TOTAL FM JAN 1   521    HIGHEST SLP M ON M
DPTR FM NORMAL   155    LOWEST  SLP 29.73 ON 18

[REMARKS]
