000
CXUS51 KPBZ 230804
CF6DUJ
PRELIMINARY LOCAL CLIMATOLOGICAL DATA (WS FORM: F-6)

                                          STATION:   DUBOIS
                                          MONTH:     JULY
                                          YEAR:      2019
                                          LATITUDE:   41 10 N
                                          LONGITUDE:  78 54 W

  TEMPERATURE IN F:       :PCPN:    SNOW:  WIND      :SUNSHINE: SKY     :PK WND
================================================================================
1   2   3   4   5  6A  6B    7    8   9   10  11  12  13   14  15   16   17  18
                                     12Z  AVG MX 2MIN
DY MAX MIN AVG DEP HDD CDD  WTR  SNW DPTH SPD SPD DIR MIN PSBL S-S WX    SPD DR
================================================================================

 1  79  50  65  -3   0   0 0.00  0.0    0  3.4 12 290   M    M   0        14 260
 2  83  59  71   3   0   6 0.12  0.0    0  6.1 22 240   M    M   3 18     27 240
 3  79  64  72   4   0   7 0.26  0.0    0  5.2 14 250   M    M   8 1      19 260
 4  85  64  75   7   0  10 0.00  0.0    0  4.5 12 190   M    M   3 13     19 190
 5  85  67  76   8   0  11 1.00  0.0    0  4.6 24 220   M    M   4 1238   36 220
 6  85  65  75   7   0  10 0.25  0.0    0  4.7 28 290   M    M   8 1238   38 280
 7  76  65  71   3   0   6 0.36  0.0    0  4.1 13  30   M    M  10 12     16  60
 8  76  62  69   1   0   4 0.08    M    M  5.5 12  70   M    M   6 12     15 130
 9  83  59  71   3   0   6 0.00  0.0    0  3.7  8 130   M    M   4 12     12 180
10  85  64  75   7   0  10 0.00  0.0    0  3.8 10 220   M    M   4        17 230
11  76  64  70   1   0   5 0.33    M    M  5.3 14 240   M    M   4 13     18 270
12  74  59  67  -2   0   2 0.00    M    M  7.2 15 300   M    M   5 12     19 290
13  81  54  68  -1   0   3 0.00    M    M  6.5 17 240   M    M   1 12     23 280
14  79  58  69   0   0   4 0.00  0.0    0  7.0 15 300   M    M   1        23 320
15  80  53  67  -2   0   2 0.00    M    M  2.5 12 260   M    M   0        15 280
16  84  61  73   4   0   8 0.00    M    M  5.3 16 260   M    M   2 13     22 260
17  80  66  73   4   0   8 0.91    M    0  5.5 22 270   M    M   6 1238   27 280
18  82  67  75   6   0  10 0.00    M    0  5.0 13 230   M    M   5 12     17 230
19  85  68  77   8   0  12 0.45  0.0    0  8.4 17  40   M    M   5 13     22 230
20  86  67  77   8   0  12 0.33    M    0  6.9 24 310   M    M   2 13     34 300
21  86  67  77   8   0  12 0.12    M    0  7.1 15 200   M    M   3 13     22 200
22  71  60  66  -3   0   1 1.26    M    0  4.8 16  10   M    M   7 13     21 360
================================================================================
SM 1780 1363         0 149  5.47     0.0 117.1          M       91
================================================================================
AV 80.9 62.0                               5.3 FASTST   M    M   4    MAX(MPH)
                                 MISC ---->  # 28 290               # 38  280
================================================================================
NOTES:
# LAST OF SEVERAL OCCURRENCES

COLUMN 17 PEAK WIND IN M.P.H.

PRELIMINARY LOCAL CLIMATOLOGICAL DATA (WS FORM: F-6) , PAGE 2

                                          STATION:  DUBOIS
                                          MONTH:    JULY
                                          YEAR:     2019
                                          LATITUDE:   41 10 N
                                          LONGITUDE:  78 54 W

[TEMPERATURE DATA]      [PRECIPITATION DATA]       SYMBOLS USED IN COLUMN 16

AVERAGE MONTHLY: 71.4   TOTAL FOR MONTH:   5.47    1 = FOG OR MIST
DPTR FM NORMAL:   2.9   DPTR FM NORMAL:    2.41    2 = FOG REDUCING VISIBILITY
HIGHEST:    86 ON 21,20 GRTST 24HR  1.26 ON 22-22      TO 1/4 MILE OR LESS
LOWEST:     50 ON  1                               3 = THUNDER
                        SNOW, ICE PELLETS, HAIL    4 = ICE PELLETS
                        TOTAL MONTH:   0.0 INCH    5 = HAIL
                        GRTST 24HR     0.0         6 = FREEZING RAIN OR DRIZZLE
                        GRTST DEPTH:   0           7 = DUSTSTORM OR SANDSTORM:
                                                       VSBY 1/2 MILE OR LESS
                                                   8 = SMOKE OR HAZE
[NO. OF DAYS WITH]      [WEATHER - DAYS WITH]      9 = BLOWING SNOW
                                                   X = TORNADO
MAX 32 OR BELOW:   0    0.01 INCH OR MORE:  12
MAX 90 OR ABOVE:   0    0.10 INCH OR MORE:  11
MIN 32 OR BELOW:   0    0.50 INCH OR MORE:   3
MIN  0 OR BELOW:   0    1.00 INCH OR MORE:   2

[HDD (BASE 65) ]
TOTAL THIS MO.     0    CLEAR  (SCALE 0-3)   8
DPTR FM NORMAL   -22    PTCLDY (SCALE 4-7)  13
TOTAL FM JUL 1     0    CLOUDY (SCALE 8-10)  1
DPTR FM NORMAL   -22

[CDD (BASE 65) ]
TOTAL THIS MO.   149
DPTR FM NORMAL    61    [PRESSURE DATA]
TOTAL FM JAN 1   228    HIGHEST SLP M ON M
DPTR FM NORMAL    46    LOWEST  SLP 29.77 ON 11

[REMARKS]
