000
CXUS56 KLOX 261155
CF6HHR
PRELIMINARY LOCAL CLIMATOLOGICAL DATA (WS FORM: F-6)

                                          STATION:   HAWTHORNE AIRPORT CA
                                          MONTH:     MARCH
                                          YEAR:      2019
                                          LATITUDE:   33 55 N
                                          LONGITUDE: 118 20 W

  TEMPERATURE IN F:       :PCPN:    SNOW:  WIND      :SUNSHINE: SKY     :PK WND
================================================================================
1   2   3   4   5  6A  6B    7    8   9   10  11  12  13   14  15   16   17  18
                                     12Z  AVG MX 2MIN
DY MAX MIN AVG DEP HDD CDD  WTR  SNW DPTH SPD SPD DIR MIN PSBL S-S WX    SPD DR
================================================================================

 1  64  57  61   1   4   0 0.00  0.0    0  4.6 14 250   M    M   7 18     16 270
 2  63  56  60   0   5   0 0.89  0.0    0  7.5 14 140   M    M  10 1      19 240
 3  62  56  59  -1   6   0 0.04  0.0    0  6.7 14 250   M    M  10 1      17 240
 4  62  53  58  -2   7   0 0.00  0.0    0  5.3 15 260   M    M   5        19 260
 5  64  50  57  -3   8   0 0.01  0.0    0  4.1 21 270   M    M   4 38     26 260
 6  63  55  59  -1   6   0 0.95  0.0    0  6.4 15 170   M    M  10 1      22 150
 7  63  53  58  -2   7   0 0.00  0.0    0  7.5 17 260   M    M   5 18     22 260
 8  61  50  56  -4   9   0 0.00  0.0    0  9.5 28 250   M    M   1 8      34 250
 9  60  50  55  -5  10   0 0.00  0.0    0  6.9 17 260   M    M   1 8      22 260
10  62  50  56  -4   9   0 0.00  0.0    0  3.9 16 260   M    M   3 8      21 250
11  69  51  60   0   5   0    T  0.0    0  2.5 12 310   M    M   6        18 310
12  70  55  63   3   2   0 0.00  0.0    0  6.6 24 260   M    M   3        30 260
13  70  52  61   1   4   0 0.00  0.0    0  5.4 22 260   M    M   0 8      29 260
14  73  51  62   2   3   0 0.00  0.0    0  3.3 16 260   M    M   0 8      19 260
15  77  50  64   4   1   0 0.00  0.0    0  2.3 14 240   M    M   0 8      19 240
16  80  51  66   6   0   1 0.00  0.0    0  3.3 15 260   M    M   0        18 250
17  84  56  70  10   0   5 0.00  0.0    0  4.2 14 270   M    M   0        18 260
18  76  58  67   7   0   2 0.00  0.0    0  4.1 14 260   M    M   0 8      17 270
19  66  54  60   0   5   0    T  0.0    0  5.0 13 130   M    M   5 128    16 140
20  67  56  62   2   3   0    T  0.0    0  8.1 18 270   M    M   5 38     23 250
21  62  55  59  -1   6   0 0.01  0.0    0  5.9 16 260   M    M   5        21 250
22  65  50  58  -2   7   0    T  0.0    0  4.4 15 260   M    M   1 8      20 260
23  67  56  62   2   3   0 0.00  0.0    0  5.8 16 270   M    M   5        21 240
24  68  53  61   0   4   0 0.00  0.0    0  4.1 13 270   M    M   2        18 260
25  72  54  63   2   2   0 0.00  0.0    0  5.6 18 260   M    M   0 8      23 260
================================================================================
SM 1690 1332       116   8  1.90     0.0 133.0          M       88
================================================================================
AV 67.6 53.3                               5.3 FASTST   M    M   4    MAX(MPH)
                                 MISC ---->  # 28 250               # 34  250
================================================================================
NOTES:
# LAST OF SEVERAL OCCURRENCES

COLUMN 17 PEAK WIND IN M.P.H.

PRELIMINARY LOCAL CLIMATOLOGICAL DATA (WS FORM: F-6) , PAGE 2

                                          STATION:  HAWTHORNE AIRPORT CA
                                          MONTH:    MARCH
                                          YEAR:     2019
                                          LATITUDE:   33 55 N
                                          LONGITUDE: 118 20 W

[TEMPERATURE DATA]      [PRECIPITATION DATA]       SYMBOLS USED IN COLUMN 16

AVERAGE MONTHLY: 60.4   TOTAL FOR MONTH:   1.90    1 = FOG OR MIST
DPTR FM NORMAL:   0.4   DPTR FM NORMAL:   -0.14    2 = FOG REDUCING VISIBILITY
HIGHEST:    84 ON 17    GRTST 24HR  0.95 ON  6- 6      TO 1/4 MILE OR LESS
LOWEST:     50 ON 22,15                            3 = THUNDER
                        SNOW, ICE PELLETS, HAIL    4 = ICE PELLETS
                        TOTAL MONTH:   0.0 INCH    5 = HAIL
                        GRTST 24HR     0.0         6 = FREEZING RAIN OR DRIZZLE
                        GRTST DEPTH:   0           7 = DUSTSTORM OR SANDSTORM:
                                                       VSBY 1/2 MILE OR LESS
                                                   8 = SMOKE OR HAZE
[NO. OF DAYS WITH]      [WEATHER - DAYS WITH]      9 = BLOWING SNOW
                                                   X = TORNADO
MAX 32 OR BELOW:   0    0.01 INCH OR MORE:   5
MAX 90 OR ABOVE:   0    0.10 INCH OR MORE:   2
MIN 32 OR BELOW:   0    0.50 INCH OR MORE:   2
MIN  0 OR BELOW:   0    1.00 INCH OR MORE:   0

[HDD (BASE 65) ]
TOTAL THIS MO.   116    CLEAR  (SCALE 0-3)  12
DPTR FM NORMAL   -17    PTCLDY (SCALE 4-7)  10
TOTAL FM JUL 1   832    CLOUDY (SCALE 8-10)  3
DPTR FM NORMAL   -99

[CDD (BASE 65) ]
TOTAL THIS MO.     8
DPTR FM NORMAL     6    [PRESSURE DATA]
TOTAL FM JAN 1     9    HIGHEST SLP M ON M
DPTR FM NORMAL    -7    LOWEST  SLP 29.66 ON 12

[REMARKS]
