000
CXUS56 KLOX 281655
CF6HHR
PRELIMINARY LOCAL CLIMATOLOGICAL DATA (WS FORM: F-6)

                                          STATION:   HAWTHORNE AIRPORT CA
                                          MONTH:     MAY
                                          YEAR:      2020
                                          LATITUDE:   33 55 N
                                          LONGITUDE: 118 20 W

  TEMPERATURE IN F:       :PCPN:    SNOW:  WIND      :SUNSHINE: SKY     :PK WND
================================================================================
1   2   3   4   5  6A  6B    7    8   9   10  11  12  13   14  15   16   17  18
                                     12Z  AVG MX 2MIN
DY MAX MIN AVG DEP HDD CDD  WTR  SNW DPTH SPD SPD DIR MIN PSBL S-S WX    SPD DR
================================================================================

 1  73  61  67   4   0   2 0.00  0.0    0  4.2 15 250   M    M   3 18     19 240
 2  73  61  67   3   0   2 0.00  0.0    0  5.8 20 250   M    M   0        23 250
 3  73  59  66   2   0   1 0.00  0.0    0  4.8 15 270   M    M   1 8      21 260
 4  75  58  67   3   0   2 0.00  0.0    0  4.7 15 260   M    M   0        19 270
 5  83  62  73   9   0   8 0.00  0.0    0  4.9 17 260   M    M   0 8      20 250
 6  86  62  74  10   0   9 0.00  0.0    0  3.7 14 260   M    M   0        18 260
 7  88  65  77  13   0  12 0.00  0.0    0  4.7 14 260   M    M   0 8      18 250
 8  78  62  70   6   0   5 0.00  0.0    0  4.8 14 270   M    M   1 128    18 260
 9  74  62  68   4   0   3 0.00  0.0    0  5.2 14 260   M    M   4 8      18 250
10  72  61  67   3   0   2 0.00  0.0    0  6.7 15 250   M    M   8 18     20 250
11  70  61  66   2   0   1 0.00  0.0    0  8.2 17 250   M    M   5        23 250
12  71  59  65   1   0   0 0.00  0.0    0  6.8 18 250   M    M   5        23 250
13  71  58  65   1   0   0 0.00  0.0    0  6.0 17 260   M    M   1 8      22 250
14  74  60  67   3   0   2 0.00  0.0    0  8.0 22 260   M    M   0 8      35 270
15  74  61  68   3   0   3 0.00  0.0    0  6.3 20 260   M    M   0        24 260
16  77  61  69   4   0   4 0.00  0.0    0  4.9 15 270   M    M   0 8      18 260
17  76  62  69   4   0   4 0.00  0.0    0  7.1 18 260   M    M   3        24 260
18  72  60  66   1   0   1 0.03  0.0    0  9.6 20 260   M    M   7 1      24 260
19  70  56  63  -2   2   0 0.00  0.0    0  8.1 22 260   M    M   0        27 260
20  71  58  65   0   0   0 0.00  0.0    0  6.8 17 260   M    M   0        21 260
21  76  58  67   2   0   2 0.00  0.0    0  5.3 18 260   M    M   0        23 260
22  78  62  70   5   0   5 0.00  0.0    0  6.1 18 260   M    M   2        23 260
23  71  61  66   1   0   1 0.00  0.0    0  7.7 17 260   M    M   3        23 250
24  72  59  66   1   0   1 0.00  0.0    0  5.2 17 260   M    M   1        23 270
25  72  60  66   1   0   1 0.00  0.0    0  4.5 14 260   M    M   1        19 250
26  74  59  67   2   0   2 0.00  0.0    0  6.0 16 250   M    M   5 18     21 260
27  73  59  66   1   0   1 0.00  0.0    0  6.0 16 270   M    M   6 18     21 260
================================================================================
SM 2017 1627         2  74  0.03     0.0 162.1          M       56
================================================================================
AV 74.7 60.3                               6.0 FASTST   M    M   2    MAX(MPH)
                                 MISC ---->  # 22 260               # 35  270
================================================================================
NOTES:
# LAST OF SEVERAL OCCURRENCES

COLUMN 17 PEAK WIND IN M.P.H.

PRELIMINARY LOCAL CLIMATOLOGICAL DATA (WS FORM: F-6) , PAGE 2

                                          STATION:  HAWTHORNE AIRPORT CA
                                          MONTH:    MAY
                                          YEAR:     2020
                                          LATITUDE:   33 55 N
                                          LONGITUDE: 118 20 W

[TEMPERATURE DATA]      [PRECIPITATION DATA]       SYMBOLS USED IN COLUMN 16

AVERAGE MONTHLY: 67.5   TOTAL FOR MONTH:   0.03    1 = FOG OR MIST
DPTR FM NORMAL:   3.0   DPTR FM NORMAL:   -0.21    2 = FOG REDUCING VISIBILITY
HIGHEST:    88 ON  7    GRTST 24HR  0.03 ON 18-18      TO 1/4 MILE OR LESS
LOWEST:     56 ON 19                               3 = THUNDER
                        SNOW, ICE PELLETS, HAIL    4 = ICE PELLETS
                        TOTAL MONTH:   0.0 INCH    5 = HAIL
                        GRTST 24HR     0.0         6 = FREEZING RAIN OR DRIZZLE
                        GRTST DEPTH:   0           7 = DUSTSTORM OR SANDSTORM:
                                                       VSBY 1/2 MILE OR LESS
                                                   8 = SMOKE OR HAZE
[NO. OF DAYS WITH]      [WEATHER - DAYS WITH]      9 = BLOWING SNOW
                                                   X = TORNADO
MAX 32 OR BELOW:   0    0.01 INCH OR MORE:   1
MAX 90 OR ABOVE:   0    0.10 INCH OR MORE:   0
MIN 32 OR BELOW:   0    0.50 INCH OR MORE:   0
MIN  0 OR BELOW:   0    1.00 INCH OR MORE:   0

[HDD (BASE 65) ]
TOTAL THIS MO.     2    CLEAR  (SCALE 0-3)  20
DPTR FM NORMAL   -41    PTCLDY (SCALE 4-7)   7
TOTAL FM JUL 1   888    CLOUDY (SCALE 8-10)  0
DPTR FM NORMAL  -228

[CDD (BASE 65) ]
TOTAL THIS MO.    74
DPTR FM NORMAL    47    [PRESSURE DATA]
TOTAL FM JAN 1   150    HIGHEST SLP M ON M
DPTR FM NORMAL    74    LOWEST  SLP 29.77 ON M

[REMARKS]
