000
CXUS54 KMAF 191100
CF6INK
PRELIMINARY LOCAL CLIMATOLOGICAL DATA (WS FORM: F-6)

                                          STATION:   Wink
                                          MONTH:     MAY
                                          YEAR:      2019
                                          LATITUDE:   31 46 N
                                          LONGITUDE: 103 12 W

  TEMPERATURE IN F:       :PCPN:    SNOW:  WIND      :SUNSHINE: SKY     :PK WND
================================================================================
1   2   3   4   5  6A  6B    7    8   9   10  11  12  13   14  15   16   17  18
                                     12Z  AVG MX 2MIN
DY MAX MIN AVG DEP HDD CDD  WTR  SNW DPTH SPD SPD DIR MIN PSBL S-S WX    SPD DR
================================================================================

 1  90  56  73   3   0   8 0.00  0.0    0  5.7 18 220   M    M   0 128    28 280
 2  84  60  72   2   0   7 0.00  0.0    0 11.2 23 100   M    M   3 128    28 360
 3  85  63  74   3   0   9    T  0.0    0  9.6 28 140   M    M   1 3      35 140
 4  83  54  69  -2   0   4 0.00  0.0    0 10.1 24 140   M    M   1        29 130
 5  92  64  78   7   0  13 0.00  0.0    0 13.6 29 140   M    M   0 138    39 160
 6  90  60  75   3   0  10 0.00  0.0    0 12.9 26 140   M    M   0        34 140
 7  88  64  76   4   0  11 0.38  0.0    0 12.4 29 150   M    M   2 138    47 140
 8  86  58  72   0   0   7 0.00  0.0    0 11.7 23 270   M    M   0        32 270
 9  73  50  62 -11   3   0 0.00  0.0    0 13.3 29  70   M    M   2        35  70
10  55  45  50 -23  15   0 0.10    M    0 10.0 21  70   M    M   9 13     27  60
11  73  48  61 -12   4   0 0.01    M    0  4.3 12 150   M    M   5        14 150
12  79  52  66  -8   0   1 0.00  0.0    0  5.3 15 170   M    M   2        19 170
13  72  55  64 -10   1   0 0.43  0.0    0  7.9 26 260   M    M   6 13     35 260
14  82  50  66  -8   0   1 0.00  0.0    0  4.2 10  80   M    M   1        13  90
15  86  60  73  -1   0   8 0.00  0.0    0  8.8 16 130   M    M   0 1      21 150
16  91  64  78   3   0  13 0.00  0.0    0 14.9 26 140   M    M   0        34 150
17  95  67  81   6   0  16 0.05  0.0    0 13.0 25 140   M    M   0 13     30 150
18  87  58  73  -3   0   8 0.00  0.0    0 15.6 33 260   M    M   0 3      44 250
================================================================================
SM 1491 1028        23 116  0.97     0.0 184.5          M       32
================================================================================
AV 82.8 57.1                              10.2 FASTST   M    M   2    MAX(MPH)
                                 MISC ---->  # 33 260               # 47  140
================================================================================
NOTES:
# LAST OF SEVERAL OCCURRENCES

COLUMN 17 PEAK WIND IN M.P.H.

PRELIMINARY LOCAL CLIMATOLOGICAL DATA (WS FORM: F-6) , PAGE 2

                                          STATION:  Wink
                                          MONTH:    MAY
                                          YEAR:     2019
                                          LATITUDE:   31 46 N
                                          LONGITUDE: 103 12 W

[TEMPERATURE DATA]      [PRECIPITATION DATA]       SYMBOLS USED IN COLUMN 16

AVERAGE MONTHLY: 70.0   TOTAL FOR MONTH:   0.97    1 = FOG OR MIST
DPTR FM NORMAL:  -2.8   DPTR FM NORMAL:    0.14    2 = FOG REDUCING VISIBILITY
HIGHEST:    95 ON 17    GRTST 24HR  0.43 ON 13-13      TO 1/4 MILE OR LESS
LOWEST:     45 ON 10                               3 = THUNDER
                        SNOW, ICE PELLETS, HAIL    4 = ICE PELLETS
                        TOTAL MONTH:   0.0 INCH    5 = HAIL
                        GRTST 24HR     0.0         6 = FREEZING RAIN OR DRIZZLE
                        GRTST DEPTH:   0           7 = DUSTSTORM OR SANDSTORM:
                                                       VSBY 1/2 MILE OR LESS
                                                   8 = SMOKE OR HAZE
[NO. OF DAYS WITH]      [WEATHER - DAYS WITH]      9 = BLOWING SNOW
                                                   X = TORNADO
MAX 32 OR BELOW:   0    0.01 INCH OR MORE:   5
MAX 90 OR ABOVE:   5    0.10 INCH OR MORE:   3
MIN 32 OR BELOW:   0    0.50 INCH OR MORE:   0
MIN  0 OR BELOW:   0    1.00 INCH OR MORE:   0

[HDD (BASE 65) ]
TOTAL THIS MO.    23    CLEAR  (SCALE 0-3)  14
DPTR FM NORMAL    15    PTCLDY (SCALE 4-7)   3
TOTAL FM JUL 1  2594    CLOUDY (SCALE 8-10)  1
DPTR FM NORMAL    81

[CDD (BASE 65) ]
TOTAL THIS MO.   116
DPTR FM NORMAL   -33    [PRESSURE DATA]
TOTAL FM JAN 1   264    HIGHEST SLP M ON M
DPTR FM NORMAL    -9    LOWEST  SLP 29.53 ON 17

[REMARKS]
