000
CXUS54 KMAF 201100
CF6INK
PRELIMINARY LOCAL CLIMATOLOGICAL DATA (WS FORM: F-6)

                                          STATION:   Wink
                                          MONTH:     MARCH
                                          YEAR:      2019
                                          LATITUDE:   31 46 N
                                          LONGITUDE: 103 12 W

  TEMPERATURE IN F:       :PCPN:    SNOW:  WIND      :SUNSHINE: SKY     :PK WND
================================================================================
1   2   3   4   5  6A  6B    7    8   9   10  11  12  13   14  15   16   17  18
                                     12Z  AVG MX 2MIN
DY MAX MIN AVG DEP HDD CDD  WTR  SNW DPTH SPD SPD DIR MIN PSBL S-S WX    SPD DR
================================================================================

 1  84  35  60   7   5   0 0.00  0.0    0  7.1 17 310   M    M   2 12     24 290
 2  66  43  55   2  10   0 0.00  0.0    0  8.1 16 140   M    M   2 1      19 140
 3  51  31  41 -13  24   0 0.00  0.0    0 12.4 21  40   M    M  10 1      24  40
 4  36  23  30 -24  35   0 0.00  0.0    0  8.7 16  70   M    M   8        20  70
 5  50  18  34 -20  31   0 0.00  0.0    0  6.2 15 130   M    M   0        18 140
 6  66  29  48  -6  17   0 0.00  0.0    0 11.5 20 150   M    M   0        24 150
 7  83  32  58   4   7   0 0.00  0.0    0  7.0 23 220   M    M   0        27 220
 8  83  49  66  11   0   1    T    M    0 11.1 37 290   M    M   2 8      49 300
 9  71  39  55   0  10   0 0.00  0.0    0  9.4 28 280   M    M   1        36 280
10  57  46  52  -3  13   0 0.00  0.0    0  7.9 21  40   M    M   5        24  40
11  53  45  49  -7  16   0    T    M    0  8.2 17  80   M    M   8 18     20 130
12  70  50  60   4   5   0 0.81  0.0    0 17.6 40 190   M    M  10 138    55 200
13  69  43  56   0   9   0 0.00  0.0    0 20.7 46 250   M    M   4 8      61 280
14  64  39  52  -4  13   0 0.00  0.0    0  9.5 24  60   M    M   0        32  60
15  55  36  46 -10  19   0 0.00  0.0    0  9.6 16  50   M    M   3        24  40
16  58  35  47 -10  18   0 0.00  0.0    0  9.0 18 110   M    M   7        29 120
17  64  33  49  -8  16   0 0.00  0.0    0  5.9 15 160   M    M   1        19 150
18  65  38  52  -5  13   0 0.00  0.0    0  6.9 16 120   M    M   3        22 120
19  71  41  56  -2   9   0 0.00  0.0    0  8.0 16 140   M    M   1        19 150
================================================================================
SM 1216  705       270   1  0.81     0.0 184.8          M       67
================================================================================
AV 64.0 37.1                               9.7 FASTST   M    M   4    MAX(MPH)
                                 MISC ---->  # 46 250               # 61  280
================================================================================
NOTES:
# LAST OF SEVERAL OCCURRENCES

COLUMN 17 PEAK WIND IN M.P.H.

PRELIMINARY LOCAL CLIMATOLOGICAL DATA (WS FORM: F-6) , PAGE 2

                                          STATION:  Wink
                                          MONTH:    MARCH
                                          YEAR:     2019
                                          LATITUDE:   31 46 N
                                          LONGITUDE: 103 12 W

[TEMPERATURE DATA]      [PRECIPITATION DATA]       SYMBOLS USED IN COLUMN 16

AVERAGE MONTHLY: 50.6   TOTAL FOR MONTH:   0.81    1 = FOG OR MIST
DPTR FM NORMAL:  -4.7   DPTR FM NORMAL:    0.37    2 = FOG REDUCING VISIBILITY
HIGHEST:    84 ON  1    GRTST 24HR  0.81 ON 12-12      TO 1/4 MILE OR LESS
LOWEST:     18 ON  5                               3 = THUNDER
                        SNOW, ICE PELLETS, HAIL    4 = ICE PELLETS
                        TOTAL MONTH:   0.0 INCH    5 = HAIL
                        GRTST 24HR     0.0         6 = FREEZING RAIN OR DRIZZLE
                        GRTST DEPTH:   0           7 = DUSTSTORM OR SANDSTORM:
                                                       VSBY 1/2 MILE OR LESS
                                                   8 = SMOKE OR HAZE
[NO. OF DAYS WITH]      [WEATHER - DAYS WITH]      9 = BLOWING SNOW
                                                   X = TORNADO
MAX 32 OR BELOW:   0    0.01 INCH OR MORE:   1
MAX 90 OR ABOVE:   0    0.10 INCH OR MORE:   1
MIN 32 OR BELOW:   5    0.50 INCH OR MORE:   1
MIN  0 OR BELOW:   0    1.00 INCH OR MORE:   0

[HDD (BASE 65) ]
TOTAL THIS MO.   270    CLEAR  (SCALE 0-3)  12
DPTR FM NORMAL    78    PTCLDY (SCALE 4-7)   5
TOTAL FM JUL 1  2441    CLOUDY (SCALE 8-10)  2
DPTR FM NORMAL   110

[CDD (BASE 65) ]
TOTAL THIS MO.     1
DPTR FM NORMAL    -2    [PRESSURE DATA]
TOTAL FM JAN 1     2    HIGHEST SLP M ON M
DPTR FM NORMAL    -2    LOWEST  SLP 29.36 ON 12

[REMARKS]
