149
CXUS55 KEAX 230736
CF6IRK
PRELIMINARY LOCAL CLIMATOLOGICAL DATA (WS FORM: F-6)

                                          STATION:   KIRKSVILLE MO
                                          MONTH:     JULY
                                          YEAR:      2019
                                          LATITUDE:   40  5 N
                                          LONGITUDE:  92 33 W

  TEMPERATURE IN F:       :PCPN:    SNOW:  WIND      :SUNSHINE: SKY     :PK WND
================================================================================
1   2   3   4   5  6A  6B    7    8   9   10  11  12  13   14  15   16   17  18
                                     12Z  AVG MX 2MIN
DY MAX MIN AVG DEP HDD CDD  WTR  SNW DPTH SPD SPD DIR MIN PSBL S-S WX    SPD DR
================================================================================

 1  91  70  81   7   0  16 0.00    M    M  4.8 12 210   M    M   0        16 200
 2  91  73  82   8   0  17 0.00    M    M  5.1 10 220   M    M   1        16 240
 3  89  72  81   7   0  16 0.03    M    M  4.4 22 210   M    M   2 13     33 240
 4  88  69  79   5   0  14 0.00    M    M  4.6 16 200   M    M   2 1      24 180
 5  90  70  80   6   0  15 0.00    M    M  4.8 13 190   M    M   3        16 180
 6  88  72  80   6   0  15 0.00    M    M  6.8 14  30   M    M   4 12     19 300
 7  87  68  78   4   0  13 0.00    M    M  5.8 12  40   M    M   2 1      16  50
 8  86  65  76   1   0  11 0.00    M    M  5.5 12  80   M    M   1 1      17  90
 9  91  67  79   4   0  14 0.00    M    M  7.6 18 160   M    M   3        24 170
10  91  69  80   5   0  15 0.00    M    M  6.9 20 330   M    M   1 1      29 340
11  86  64  75   0   0  10 0.00    M    M  6.4 14 340   M    M   3        20  10
12  90  62  76   1   0  11 0.00    M    M  2.3  9  50   M    M   0 12     13 250
13  91  63  77   2   0  12 0.00    M    M  2.7 13 170   M    M   0 1      19 160
14  93  68  81   6   0  16 0.00    M    M  5.4 15 180   M    M   1        22 200
15  87  66  77   2   0  12 0.00    M    M  9.2 22 140   M    M   4 1      29 120
16  89  70  80   5   0  15 0.00    M    M  3.9 13 300   M    M   6 1      17 300
17  94  70  82   7   0  17    T    M    M  9.5 30  30   M    M   2 3      39  20
18  95  74  85  10   0  20 0.00    M    M 11.9 17 210   M    M   0        29 210
19  97  80  89  14   0  24 0.00    M    M 11.3 17 200   M    M   0        28 210
20  97  71  84   9   0  19 0.48    M    M 11.5 35  20   M    M   2 13     46  20
21  87  69  78   2   0  13 0.06    M    M  7.8 17  40   M    M   5 3      26 190
22  83  64  74  -2   0   9 0.01    M    M 10.5 21 360   M    M   2        28  20
================================================================================
SM 1981 1516         0 324  0.58    M    148.7          M       44
================================================================================
AV 90.1 68.9                               6.8 FASTST   M    M   2    MAX(MPH)
                                 MISC ---->  # 35  20               # 46   20
================================================================================
NOTES:
# LAST OF SEVERAL OCCURRENCES

COLUMN 17 PEAK WIND IN M.P.H.

PRELIMINARY LOCAL CLIMATOLOGICAL DATA (WS FORM: F-6) , PAGE 2

                                          STATION:  KIRKSVILLE MO
                                          MONTH:    JULY
                                          YEAR:     2019
                                          LATITUDE:   40  5 N
                                          LONGITUDE:  92 33 W

[TEMPERATURE DATA]      [PRECIPITATION DATA]       SYMBOLS USED IN COLUMN 16

AVERAGE MONTHLY: 79.5   TOTAL FOR MONTH:   0.58    1 = FOG OR MIST
DPTR FM NORMAL:   4.7   DPTR FM NORMAL:   -2.63    2 = FOG REDUCING VISIBILITY
HIGHEST:    97 ON 20,19 GRTST 24HR  0.48 ON 20-20      TO 1/4 MILE OR LESS
LOWEST:     62 ON 12                               3 = THUNDER
                        SNOW, ICE PELLETS, HAIL    4 = ICE PELLETS
                        TOTAL MONTH:    M          5 = HAIL
                        GRTST 24HR    M  ON   M    6 = FREEZING RAIN OR DRIZZLE
                        GRTST DEPTH:  M  ON   M    7 = DUSTSTORM OR SANDSTORM:
                                                       VSBY 1/2 MILE OR LESS
                                                   8 = SMOKE OR HAZE
[NO. OF DAYS WITH]      [WEATHER - DAYS WITH]      9 = BLOWING SNOW
                                                   X = TORNADO
MAX 32 OR BELOW:   0    0.01 INCH OR MORE:   4
MAX 90 OR ABOVE:  12    0.10 INCH OR MORE:   1
MIN 32 OR BELOW:   0    0.50 INCH OR MORE:   0
MIN  0 OR BELOW:   0    1.00 INCH OR MORE:   0

[HDD (BASE 65) ]
TOTAL THIS MO.     0    CLEAR  (SCALE 0-3)  18
DPTR FM NORMAL     0    PTCLDY (SCALE 4-7)   4
TOTAL FM JUL 1     0    CLOUDY (SCALE 8-10)  0
DPTR FM NORMAL     0

[CDD (BASE 65) ]
TOTAL THIS MO.   324
DPTR FM NORMAL   107    [PRESSURE DATA]
TOTAL FM JAN 1   617    HIGHEST SLP  0.00 ON M
DPTR FM NORMAL   146    LOWEST  SLP  0.00 ON M

[REMARKS]
