000
CXUS55 KEAX 210736
CF6IRK
PRELIMINARY LOCAL CLIMATOLOGICAL DATA (WS FORM: F-6)

                                          STATION:   KIRKSVILLE MO
                                          MONTH:     MAY
                                          YEAR:      2019
                                          LATITUDE:   40  5 N
                                          LONGITUDE:  92 33 W

  TEMPERATURE IN F:       :PCPN:    SNOW:  WIND      :SUNSHINE: SKY     :PK WND
================================================================================
1   2   3   4   5  6A  6B    7    8   9   10  11  12  13   14  15   16   17  18
                                     12Z  AVG MX 2MIN
DY MAX MIN AVG DEP HDD CDD  WTR  SNW DPTH SPD SPD DIR MIN PSBL S-S WX    SPD DR
================================================================================

 1  66  51  59   2   6   0 0.11    M    M  6.2 13  30   M    M  10 13     18  30
 2  63  49  56  -1   9   0 0.49    M    M  9.2 22  10   M    M   7 13     30  10
 3  57  44  51  -7  14   0 0.01    M    M  6.5 15  30   M    M   6 1      19  60
 4  68  40  54  -4  11   0 0.00    M    M  3.4  9 110   M    M   0        15 100
 5  73  44  59   1   6   0 0.00    M    M  7.5 17 190   M    M   0        23 160
 6  78  55  67   9   0   2 0.71    M    M  6.2 21 130   M    M   4 13     27 320
 7  60  54  57  -2   8   0 0.14    M    M  9.6 17  90   M    M  10 12     24 100
 8  71  53  62   3   3   0 0.72    M    M 13.0 26 140   M    M   7 13     37 140
 9  62  45  54  -6  11   0 0.00    M    M 10.6 21 290   M    M   9        29 290
10  61  37  49 -11  16   0 0.00    M    M  4.7 14 360   M    M   4        18 360
11  54  40  47 -13  18   0 0.11    M    M  5.2 13 120   M    M   9 1      17 120
12  54  40  47 -14  18   0 0.08    M    M  4.2 12  30   M    M  10 1      15  40
13  64  34  49 -12  16   0 0.00    M    M  3.3  9 140   M    M   3 12     15 130
14  74  47  61   0   4   0 0.01    M    M  8.1 18 130   M    M   5        23 130
15  80  49  65   3   0   0 0.00    M    M  4.0 15  40   M    M   0 1      18  40
16  89  59  74  12   0   9 0.00    M    M 11.1 23 220   M    M   0        34 220
17  85  64  75  13   0  10 0.00    M    M  8.7 20 180   M    M   1        25 180
18  75  63  69   6   0   4 0.92    M    M 10.8 22 290   M    M   6 138    33 280
19  67  50  59  -4   6   0 1.11    M    M  9.4 22 280   M    M   8 13     29 270
20  53  45  49 -14  16   0 1.00    M    M  9.8 24 100   M    M   7 13     37 110
================================================================================
SM 1354  963       162  25  5.41    M    151.5          M      106
================================================================================
AV 67.7 48.2                               7.6 FASTST   M    M   5    MAX(MPH)
                                 MISC ---->  # 26 140               # 37  140
================================================================================
NOTES:
# LAST OF SEVERAL OCCURRENCES

COLUMN 17 PEAK WIND IN M.P.H.

PRELIMINARY LOCAL CLIMATOLOGICAL DATA (WS FORM: F-6) , PAGE 2

                                          STATION:  KIRKSVILLE MO
                                          MONTH:    MAY
                                          YEAR:     2019
                                          LATITUDE:   40  5 N
                                          LONGITUDE:  92 33 W

[TEMPERATURE DATA]      [PRECIPITATION DATA]       SYMBOLS USED IN COLUMN 16

AVERAGE MONTHLY: 57.9   TOTAL FOR MONTH:   5.41    1 = FOG OR MIST
DPTR FM NORMAL:  -2.2   DPTR FM NORMAL:    2.24    2 = FOG REDUCING VISIBILITY
HIGHEST:    89 ON 16    GRTST 24HR  2.00 ON 30- 1      TO 1/4 MILE OR LESS
LOWEST:     34 ON 13                               3 = THUNDER
                        SNOW, ICE PELLETS, HAIL    4 = ICE PELLETS
                        TOTAL MONTH:    M          5 = HAIL
                        GRTST 24HR    M  ON   M    6 = FREEZING RAIN OR DRIZZLE
                        GRTST DEPTH:  M  ON   M    7 = DUSTSTORM OR SANDSTORM:
                                                       VSBY 1/2 MILE OR LESS
                                                   8 = SMOKE OR HAZE
[NO. OF DAYS WITH]      [WEATHER - DAYS WITH]      9 = BLOWING SNOW
                                                   X = TORNADO
MAX 32 OR BELOW:   0    0.01 INCH OR MORE:  12
MAX 90 OR ABOVE:   0    0.10 INCH OR MORE:   9
MIN 32 OR BELOW:   0    0.50 INCH OR MORE:   5
MIN  0 OR BELOW:   0    1.00 INCH OR MORE:   2

[HDD (BASE 65) ]
TOTAL THIS MO.   162    CLEAR  (SCALE 0-3)   6
DPTR FM NORMAL    39    PTCLDY (SCALE 4-7)   9
TOTAL FM JUL 1  5960    CLOUDY (SCALE 8-10)  5
DPTR FM NORMAL   147

[CDD (BASE 65) ]
TOTAL THIS MO.    25
DPTR FM NORMAL    -1    [PRESSURE DATA]
TOTAL FM JAN 1    31    HIGHEST SLP  0.00 ON M
DPTR FM NORMAL    -2    LOWEST  SLP  0.00 ON M

[REMARKS]
