000
CXUS51 KOKX 220703
CF6ISP
PRELIMINARY LOCAL CLIMATOLOGICAL DATA (WS FORM: F-6)

                                          STATION:   ISLIP NY
                                          MONTH:     MARCH
                                          YEAR:      2019
                                          LATITUDE:   40 47 N
                                          LONGITUDE:  73  6 W

  TEMPERATURE IN F:       :PCPN:    SNOW:  WIND      :SUNSHINE: SKY     :PK WND
================================================================================
1   2   3   4   5  6A  6B    7    8   9   10  11  12  13   14  15   16   17  18
                                     12Z  AVG MX 2MIN
DY MAX MIN AVG DEP HDD CDD  WTR  SNW DPTH SPD SPD DIR MIN PSBL S-S WX    SPD DR
================================================================================

 1  35  26  31  -4  34   0 0.01  0.2    T  7.7 13  90   M    M   9 1      17  30
 2  40  31  36   0  29   0 0.44  1.8    2  9.9 18  10   M    M   9 16     25 360
 3  42  30  36   0  29   0 0.26  1.5    0  7.6 14  40   M    M   7 14     17  50
 4  39  28  34  -2  31   0 0.73  0.5    1 14.3 24 330   M    M   8 1      31 320
 5  31  20  26 -10  39   0 0.00  0.0    0 10.9 20 200   M    M   3        26 320
 6  28  18  23 -13  42   0 0.00  0.0    0 14.4 24 290   M    M   4        33 330
 7  32  16  24 -13  41   0 0.00  0.0    0  9.8 23 270   M    M   5        27 310
 8  36  14  25 -12  40   0 0.00  0.0    0  4.1 14 240   M    M   7        18 190
 9  48  26  37   0  28   0 0.00  0.0    0  4.5 12 100   M    M   4 1      16  50
10  47  34  41   3  24   0 0.65  0.1    T 11.4 30 110   M    M   9 124    42 110
11  54  36  45   7  20   0 0.00  0.0    0 12.4 24 270   M    M   4        30 260
12  45  30  38   0  27   0 0.00  0.0    0 12.9 22 340   M    M   3        29 310
13  45  25  35  -3  30   0 0.00  0.0    0  6.0 13 190   M    M   5        16 160
14  54  39  47   8  18   0 0.00  0.0    0 10.5 20 170   M    M   9        27 170
15  57  47  52  13  13   0 0.02  0.0    0 15.2 26 210   M    M   7 1      37 200
16  57  36  47   8  18   0 0.00  0.0    0 15.0 30 290   M    M   5        39 290
17  44  28  36  -3  29   0 0.00  0.0    0 12.4 23 300   M    M   2        30 300
18  46  23  35  -5  30   0 0.00  0.0    0  6.1 17 270   M    M   3        23 260
19  48  27  38  -2  27   0 0.00  0.0    0  5.1 16 210   M    M   2        21 300
20  50  25  38  -2  27   0 0.00  0.0    0  6.5 16 210   M    M   5        24 210
21  49  38  44   3  21   0 0.61  0.0    0 13.9 24  80   M    M  10 1      33  80
================================================================================
SM  927  597       597   0  2.72     4.1 210.6          M      120
================================================================================
AV 44.1 28.4                              10.0 FASTST   M    M   6    MAX(MPH)
                                 MISC ---->  # 30 110               # 42  110
================================================================================
NOTES:
# LAST OF SEVERAL OCCURRENCES

COLUMN 17 PEAK WIND IN M.P.H.

PRELIMINARY LOCAL CLIMATOLOGICAL DATA (WS FORM: F-6) , PAGE 2

                                          STATION:  ISLIP NY
                                          MONTH:    MARCH
                                          YEAR:     2019
                                          LATITUDE:   40 47 N
                                          LONGITUDE:  73  6 W

[TEMPERATURE DATA]      [PRECIPITATION DATA]       SYMBOLS USED IN COLUMN 16

AVERAGE MONTHLY: 36.3   TOTAL FOR MONTH:   2.72    1 = FOG OR MIST
DPTR FM NORMAL:  -1.6   DPTR FM NORMAL:   -0.27    2 = FOG REDUCING VISIBILITY
HIGHEST:    57 ON 16,15 GRTST 24HR  0.73 ON  4- 4      TO 1/4 MILE OR LESS
LOWEST:     14 ON  8                               3 = THUNDER
                        SNOW, ICE PELLETS, HAIL    4 = ICE PELLETS
                        TOTAL MONTH:   4.1 INCHES  5 = HAIL
                        GRTST 24HR   1.8 ON  2- 2  6 = FREEZING RAIN OR DRIZZLE
                        GRTST DEPTH:   2 ON  2     7 = DUSTSTORM OR SANDSTORM:
                                                       VSBY 1/2 MILE OR LESS
                                                   8 = SMOKE OR HAZE
[NO. OF DAYS WITH]      [WEATHER - DAYS WITH]      9 = BLOWING SNOW
                                                   X = TORNADO
MAX 32 OR BELOW:   3    0.01 INCH OR MORE:   7
MAX 90 OR ABOVE:   0    0.10 INCH OR MORE:   5
MIN 32 OR BELOW:  15    0.50 INCH OR MORE:   3
MIN  0 OR BELOW:   0    1.00 INCH OR MORE:   0

[HDD (BASE 65) ]
TOTAL THIS MO.   597    CLEAR  (SCALE 0-3)   4
DPTR FM NORMAL    26    PTCLDY (SCALE 4-7)  12
TOTAL FM JUL 1  4280    CLOUDY (SCALE 8-10)  5
DPTR FM NORMAL  -186

[CDD (BASE 65) ]
TOTAL THIS MO.     0
DPTR FM NORMAL     0    [PRESSURE DATA]
TOTAL FM JAN 1     0    HIGHEST SLP M ON M
DPTR FM NORMAL     0    LOWEST  SLP 29.50 ON 21

[REMARKS]
