000
CXUS51 KOKX 240703
CF6ISP
PRELIMINARY LOCAL CLIMATOLOGICAL DATA (WS FORM: F-6)

                                          STATION:   ISLIP NY
                                          MONTH:     MAY
                                          YEAR:      2018
                                          LATITUDE:   40 47 N
                                          LONGITUDE:  73  6 W

  TEMPERATURE IN F:       :PCPN:    SNOW:  WIND      :SUNSHINE: SKY     :PK WND
================================================================================
1   2   3   4   5  6A  6B    7    8   9   10  11  12  13   14  15   16   17  18
                                     12Z  AVG MX 2MIN
DY MAX MIN AVG DEP HDD CDD  WTR  SNW DPTH SPD SPD DIR MIN PSBL S-S WX    SPD DR
================================================================================

 1  75  41  58   4   7   0 0.00  0.0    0  7.9 17 310   M    M   5        23 310
 2  84  55  70  16   0   5 0.00  0.0    0 12.4 23 210   M    M   5        30 210
 3  82  59  71  16   0   6 0.01  0.0    0  9.7 24 200   M    M   5 1      31 200
 4  79  59  69  14   0   4 0.00  0.0    0  9.4 21 210   M    M   7        30 210
 5  73  58  66  11   0   1    T  0.0    0 10.9 24 310   M    M   8        34 320
 6  63  52  58   2   7   0 0.04  0.0    0  6.9 18  40   M    M  10 1      23  40
 7  72  49  61   5   4   0 0.00  0.0    0  7.1 17 130   M    M   6 1      20 130
 8  68  47  58   2   7   0 0.00  0.0    0  6.6 14 150   M    M   3         M  M
 9  70  44  57   1   8   0 0.00  0.0    0  4.9 15 150   M    M   5 1       M  M
10  60  56  58   1   7   0 0.02  0.0    0  7.0 18 280   M    M   9 1      24 190
11  71  53  62   5   3   0    T  0.0    0  7.7 16 330   M    M   6 1      21 330
12  62  51  57   0   8   0 0.10  0.0    0  6.6 14 360   M    M  10 1      16 360
13  54  50  52  -6  13   0 0.02  0.0    0  7.4 16 100   M    M  10 1      21 100
14  64  50  57  -1   8   0 0.06  0.0    0  5.8 14 210   M    M  10 12     16 210
15  76  56  66   8   0   1 0.27  0.0    0 10.2 31 320   M    M   8 1238   39 320
16  65  54  60   1   5   0 0.45  0.0    0  8.7 18 100   M    M  10 1      23  90
17  68  54  61   2   4   0 0.43  0.0    0  3.7 12  20   M    M  10 1      13  30
18  62  52  57  -2   8   0 0.00  0.0    0 11.5 21  70   M    M   9 1      32  60
19  59  49  54  -6  11   0 1.18  0.0    0  9.1 18 100   M    M  10 12     24 100
20  79  58  69   9   0   4 0.03  0.0    0 10.3 18 210   M    M   9 12     24 210
21  74  55  65   5   0   0 0.00  0.0    0  7.4 16 350   M    M   5        21 350
22  67  53  60   0   5   0 0.15  0.0    0  4.3 12 170   M    M   8 1      18 160
23  81  57  69   8   0   4 0.05  0.0    0  6.0 16 310   M    M   7 1      21 300
================================================================================
SM 1608 1212       105  25  2.81     0.0 181.5          M      175
================================================================================
AV 69.9 52.7                               7.9 FASTST   M    M   8    MAX(MPH)
                                 MISC ---->  # 31 320               # 39  320
================================================================================
NOTES:
# LAST OF SEVERAL OCCURRENCES

COLUMN 17 PEAK WIND IN M.P.H.

PRELIMINARY LOCAL CLIMATOLOGICAL DATA (WS FORM: F-6) , PAGE 2

                                          STATION:  ISLIP NY
                                          MONTH:    MAY
                                          YEAR:     2018
                                          LATITUDE:   40 47 N
                                          LONGITUDE:  73  6 W

[TEMPERATURE DATA]      [PRECIPITATION DATA]       SYMBOLS USED IN COLUMN 16

AVERAGE MONTHLY: 61.3   TOTAL FOR MONTH:   2.81    1 = FOG OR MIST
DPTR FM NORMAL:   3.9   DPTR FM NORMAL:    0.12    2 = FOG REDUCING VISIBILITY
HIGHEST:    84 ON  2    GRTST 24HR  1.18 ON 19-19      TO 1/4 MILE OR LESS
LOWEST:     41 ON  1                               3 = THUNDER
                        SNOW, ICE PELLETS, HAIL    4 = ICE PELLETS
                        TOTAL MONTH:   0.0 INCH    5 = HAIL
                        GRTST 24HR     0.0         6 = FREEZING RAIN OR DRIZZLE
                        GRTST DEPTH:   0           7 = DUSTSTORM OR SANDSTORM:
                                                       VSBY 1/2 MILE OR LESS
                                                   8 = SMOKE OR HAZE
[NO. OF DAYS WITH]      [WEATHER - DAYS WITH]      9 = BLOWING SNOW
                                                   X = TORNADO
MAX 32 OR BELOW:   0    0.01 INCH OR MORE:  13
MAX 90 OR ABOVE:   0    0.10 INCH OR MORE:   6
MIN 32 OR BELOW:   0    0.50 INCH OR MORE:   1
MIN  0 OR BELOW:   0    1.00 INCH OR MORE:   1

[HDD (BASE 65) ]
TOTAL THIS MO.   105    CLEAR  (SCALE 0-3)   1
DPTR FM NORMAL   -80    PTCLDY (SCALE 4-7)  12
TOTAL FM JUL 1  5000    CLOUDY (SCALE 8-10) 10
DPTR FM NORMAL  -356

[CDD (BASE 65) ]
TOTAL THIS MO.    25
DPTR FM NORMAL    18    [PRESSURE DATA]
TOTAL FM JAN 1    25    HIGHEST SLP M ON M
DPTR FM NORMAL    16    LOWEST  SLP 29.72 ON 15

[REMARKS]
