000
CXUS55 KRIW 280945
CF6JAC
PRELIMINARY LOCAL CLIMATOLOGICAL DATA (WS FORM: F-6)

                                          STATION:   JACKSON  WY
                                          MONTH:     MAY
                                          YEAR:      2020
                                          LATITUDE:   43 35 N
                                          LONGITUDE: 110 44 W

  TEMPERATURE IN F:       :PCPN:    SNOW:  WIND      :SUNSHINE: SKY     :PK WND
================================================================================
1   2   3   4   5  6A  6B    7    8   9   10  11  12  13   14  15   16   17  18
                                     12Z  AVG MX 2MIN
DY MAX MIN AVG DEP HDD CDD  WTR  SNW DPTH SPD SPD DIR MIN PSBL S-S WX    SPD DR
================================================================================

 1  58  30  44   2  21   0 0.00    M    M  7.1 18 220   M    M   5        27 220
 2  64  26  45   2  20   0 0.00    M    M  5.4 12 230   M    M   2        17 230
 3  57  32  45   2  20   0 0.03    M    M  9.3 17 240   M    M   3        31 250
 4  52  31  42  -1  23   0    T    M    M 10.0 23 260   M    M   4        31 230
 5  60  22  41  -3  24   0 0.00    M    M  6.1 16 290   M    M   0        18 360
 6  66  31  49   5  16   0 0.00    M    M 11.0 28 270   M    M   3        40 240
 7  51  29  40  -4  25   0 0.00    M    M  9.1 20 290   M    M   3        33 300
 8  59  21  40  -5  25   0    T    M    M  8.8 28 270   M    M   2        40 290
 9  62  26  44  -1  21   0 0.00    M    M  6.8 12 290   M    M   0        18 300
10  66  46  56  11   9   0 0.00    M    M  9.5 18  20   M    M   0        30  20
11  64  35  50   4  15   0 0.10    M    M  7.1 15 230   M    M   5 3      21  10
12  58  36  47   1  18   0 0.06    M    0  7.2 15 260   M    M   7 12     22 270
13  52  34  43  -3  22   0 0.01    M    M 10.8 17 210   M    M   8        24 290
14  52  34  43  -3  22   0    T    M    M  6.4 15 200   M    M   7        18 200
15  52  33  43  -4  22   0 0.09    M    M  8.4 13 280   M    M   8 1      17 250
16  59  32  46  -1  19   0 0.00  0.0    M  5.7 15 250   M    M   5 1      18 250
17  74  30  52   5  13   0 0.00    M    M  6.6 17 230   M    M   2        27 230
18  73  39  56   8   9   0 0.00    M    M  8.0 21 180   M    M   1        36 180
19  72  38  55   7  10   0 0.00    M    M  7.3 22 130   M    M   2        35 290
20  50  36  43  -5  22   0 0.06    M    M  8.4 21 200   M    M   8 1      29 200
21  52  35  44  -4  21   0 0.16    M    0 12.0 22 210   M    M   9 3      31 210
22  47  38  43  -6  22   0 0.18    M    0  5.3 12  10   M    M   9 13      M  M
23  43  33  38 -11  27   0    M    M    M  9.1 18 200   M    M   9 1      21 190
24  52  30  41  -8  24   0 0.01    M    0  3.0 10  40   M    M   8         M  M
25  61  30  46  -3  19   0 0.00    M    M  4.7 13 320   M    M   4        17 350
26  60  41  51   1  14   0 0.03    M    M  5.8 14 200   M    M  10         M  M
27  70  39  55   5  10   0 0.00    M    M  6.1 17 310   M    M   3 1      17 350
================================================================================
SM 1586  887       513   0  0.73     0.0 205.0          M      127
================================================================================
AV 58.7 32.9                               7.6 FASTST   M    M   5    MAX(MPH)
                                 MISC ---->  # 28 270               # 40  240
================================================================================
NOTES:
# LAST OF SEVERAL OCCURRENCES

COLUMN 17 PEAK WIND IN M.P.H.

PRELIMINARY LOCAL CLIMATOLOGICAL DATA (WS FORM: F-6) , PAGE 2

                                          STATION:  JACKSON  WY
                                          MONTH:    MAY
                                          YEAR:     2020
                                          LATITUDE:   43 35 N
                                          LONGITUDE: 110 44 W

[TEMPERATURE DATA]      [PRECIPITATION DATA]       SYMBOLS USED IN COLUMN 16

AVERAGE MONTHLY: 45.8   TOTAL FOR MONTH:   0.73    1 = FOG OR MIST
DPTR FM NORMAL:  -0.5   DPTR FM NORMAL:   -0.88    2 = FOG REDUCING VISIBILITY
HIGHEST:    74 ON 17    GRTST 24HR  0.24 ON 30- 1      TO 1/4 MILE OR LESS
LOWEST:     21 ON  8                               3 = THUNDER
                        SNOW, ICE PELLETS, HAIL    4 = ICE PELLETS
                        TOTAL MONTH:   0.0 INCH    5 = HAIL
                        GRTST 24HR     0.0         6 = FREEZING RAIN OR DRIZZLE
                        GRTST DEPTH:   0           7 = DUSTSTORM OR SANDSTORM:
                                                       VSBY 1/2 MILE OR LESS
                                                   8 = SMOKE OR HAZE
[NO. OF DAYS WITH]      [WEATHER - DAYS WITH]      9 = BLOWING SNOW
                                                   X = TORNADO
MAX 32 OR BELOW:   0    0.01 INCH OR MORE:  10
MAX 90 OR ABOVE:   0    0.10 INCH OR MORE:   3
MIN 32 OR BELOW:  13    0.50 INCH OR MORE:   0
MIN  0 OR BELOW:   0    1.00 INCH OR MORE:   0

[HDD (BASE 65) ]
TOTAL THIS MO.   513    CLEAR  (SCALE 0-3)  11
DPTR FM NORMAL     9    PTCLDY (SCALE 4-7)  10
TOTAL FM JUL 1  9470    CLOUDY (SCALE 8-10)  6
DPTR FM NORMAL  -164

[CDD (BASE 65) ]
TOTAL THIS MO.     0
DPTR FM NORMAL     0    [PRESSURE DATA]
TOTAL FM JAN 1     0    HIGHEST SLP M ON M
DPTR FM NORMAL     0    LOWEST  SLP 29.45 ON 19

[REMARKS]
