000
CXUS55 KRIW 240945
CF6JAC
PRELIMINARY LOCAL CLIMATOLOGICAL DATA (WS FORM: F-6)

                                          STATION:   JACKSON  WY
                                          MONTH:     MARCH
                                          YEAR:      2019
                                          LATITUDE:   43 35 N
                                          LONGITUDE: 110 44 W

  TEMPERATURE IN F:       :PCPN:    SNOW:  WIND      :SUNSHINE: SKY     :PK WND
================================================================================
1   2   3   4   5  6A  6B    7    8   9   10  11  12  13   14  15   16   17  18
                                     12Z  AVG MX 2MIN
DY MAX MIN AVG DEP HDD CDD  WTR  SNW DPTH SPD SPD DIR MIN PSBL S-S WX    SPD DR
================================================================================

 1  29   9  19  -3  46   0    T    M    M 11.4 25 240   M    M   5 1      33 220
 2  25   0  13  -9  52   0    T    M    M  7.5 18  20   M    M   3 18      M  M
 3  34  -7  14  -9  51   0    T    M    M  4.0  8  30   M    M   3 1       M  M
 4  18  -9   5 -18  60   0    T    M    M  5.5 16  20   M    M   2 1       M  M
 5  19 -12   4 -19  61   0 0.02    M    M  3.8  7 350   M    M   6 1       M  M
 6  35  18  27   3  38   0 0.44    M    M  3.9  7 200   M    M  10 12      M  M
 7  39  30  35  11  30   0 0.01    M    M  9.9 23 240   M    M   9 1       M  M
 8  35  21  28   3  37   0    T    M    M  6.6 18 210   M    M   5 1      30 260
 9  28   7  18  -7  47   0    T    M    M 10.2 16 190   M    M   5         M  M
10  35   0  18  -7  47   0    T    M    M  6.3 13  10   M    M   2 1       M  M
11  28  -7  11 -15  54   0 0.00    M    M  5.5 10  20   M    M   0         M  M
12  35  -4  16 -10  49   0 0.00    M    M  7.4 15  20   M    M   0         M  M
13  30  14  22  -4  43   0    T    M    M 12.7 18  20   M    M   7 18      M  M
14  32   2  17 -10  48   0 0.00    M    M 10.1 18  20   M    M   2        25 290
15  32  -5  14 -13  51   0 0.00    M    M  6.8 14  30   M    M   0         M  M
16  35  -2  17 -11  48   0 0.00    M    M  5.4 10  10   M    M   0         M  M
17  35  -1  17 -11  48   0 0.00    M    M  4.8 13  20   M    M   0         M  M
18  41   4  23  -5  42   0 0.00    M    M  5.5 13  20   M    M   0         M  M
19  39   3  21  -7  44   0 0.00    M    M  5.9 13  20   M    M   0         M  M
20  42   1  22  -7  43   0 0.00    M    M  4.9 14  20   M    M   0         M  M
21  45   7  26  -3  39   0 0.00    M    M  5.7 10  10   M    M   0         M  M
22  44  25  35   5  30   0    T    M    M  5.0 13 200   M    M   6 1       M  M
23  44  26  35   5  30   0    T    M    M  4.8 10  20   M    M   6 1       M  M
================================================================================
SM  779  120      1038   0  0.47    M    153.6          M       71
================================================================================
AV 33.9  5.2                               6.7 FASTST   M    M   3    MAX(MPH)
                                 MISC ---->  # 25 240               # 33  220
================================================================================
NOTES:
# LAST OF SEVERAL OCCURRENCES

COLUMN 17 PEAK WIND IN M.P.H.

PRELIMINARY LOCAL CLIMATOLOGICAL DATA (WS FORM: F-6) , PAGE 2

                                          STATION:  JACKSON  WY
                                          MONTH:    MARCH
                                          YEAR:     2019
                                          LATITUDE:   43 35 N
                                          LONGITUDE: 110 44 W

[TEMPERATURE DATA]      [PRECIPITATION DATA]       SYMBOLS USED IN COLUMN 16

AVERAGE MONTHLY: 19.5   TOTAL FOR MONTH:   0.47    1 = FOG OR MIST
DPTR FM NORMAL:  -6.5   DPTR FM NORMAL:   -0.74    2 = FOG REDUCING VISIBILITY
HIGHEST:    45 ON 21    GRTST 24HR  0.44 ON  6- 6      TO 1/4 MILE OR LESS
LOWEST:    -12 ON  5                               3 = THUNDER
                        SNOW, ICE PELLETS, HAIL    4 = ICE PELLETS
                        TOTAL MONTH:    M          5 = HAIL
                        GRTST 24HR    M  ON   M    6 = FREEZING RAIN OR DRIZZLE
                        GRTST DEPTH:  M  ON   M    7 = DUSTSTORM OR SANDSTORM:
                                                       VSBY 1/2 MILE OR LESS
                                                   8 = SMOKE OR HAZE
[NO. OF DAYS WITH]      [WEATHER - DAYS WITH]      9 = BLOWING SNOW
                                                   X = TORNADO
MAX 32 OR BELOW:   9    0.01 INCH OR MORE:   3
MAX 90 OR ABOVE:   0    0.10 INCH OR MORE:   1
MIN 32 OR BELOW:  23    0.50 INCH OR MORE:   0
MIN  0 OR BELOW:  10    1.00 INCH OR MORE:   0

[HDD (BASE 65) ]
TOTAL THIS MO.  1038    CLEAR  (SCALE 0-3)  13
DPTR FM NORMAL   142    PTCLDY (SCALE 4-7)   8
TOTAL FM JUL 1  7872    CLOUDY (SCALE 8-10)  2
DPTR FM NORMAL  -148

[CDD (BASE 65) ]
TOTAL THIS MO.     0
DPTR FM NORMAL     0    [PRESSURE DATA]
TOTAL FM JAN 1     0    HIGHEST SLP M ON M
DPTR FM NORMAL     0    LOWEST  SLP 29.49 ON 13

[REMARKS]
