000
CXUS55 KRIW 250945
CF6JAC
PRELIMINARY LOCAL CLIMATOLOGICAL DATA (WS FORM: F-6)

                                          STATION:   JACKSON  WY
                                          MONTH:     MAY
                                          YEAR:      2019
                                          LATITUDE:   43 35 N
                                          LONGITUDE: 110 44 W

  TEMPERATURE IN F:       :PCPN:    SNOW:  WIND      :SUNSHINE: SKY     :PK WND
================================================================================
1   2   3   4   5  6A  6B    7    8   9   10  11  12  13   14  15   16   17  18
                                     12Z  AVG MX 2MIN
DY MAX MIN AVG DEP HDD CDD  WTR  SNW DPTH SPD SPD DIR MIN PSBL S-S WX    SPD DR
================================================================================

 1  43  20  32 -10  33   0 0.00    M    M  7.5 18 260   M    M   5        24 260
 2  47  24  36  -7  29   0    T    M    M 12.6 23 210   M    M   8        43 240
 3  55  21  38  -5  27   0 0.00    M    M  6.1 13 270   M    M   0        25 310
 4  60  23  42  -1  23   0 0.00    M    M  7.0 15 220   M    M   3        23 220
 5  64  29  47   3  18   0 0.00    M    M  6.6 16 210   M    M   1        25 240
 6  68  26  47   3  18   0 0.00    M    M  6.6 13 320   M    M   2        32 310
 7  51  34  43  -1  22   0 0.14    M    M  8.1 15  20   M    M   7 1       M  M
 8  51  35  43  -2  22   0 0.00    M    M 15.9 23  10   M    M   3        32 340
 9  46  24  35 -10  30   0 0.03    M    M 10.2 17  20   M    M   8        23  20
10  57  19  38  -7  27   0 0.00    M    M  4.2  9 350   M    M   2         M  M
11  64  29  47   1  18   0 0.00    M    M  5.0 15 320   M    M   2        21 320
12  69  29  49   3  16   0 0.00    M    M  5.9 16 280   M    M   1        29 260
13  74  34  54   8  11   0 0.00    M    M  6.3 20 180   M    M   1        36 260
14  67  32  50   4  15   0 0.06    M    M  3.3  7 250   M    M   1 3       M  M
15  71  40  56   9   9   0    T    M    M  6.5 18 260   M    M   5        36 290
16  65  40  53   6  12   0 0.38    M    M  5.6  9 340   M    M   6 13     36 200
17  50  38  44  -3  21   0 0.22    M    M  9.9 17 290   M    M   9 1      23 270
18  51  34  43  -5  22   0    T    M    M  6.9 10  40   M    M   9        16 290
19  50  29  40  -8  25   0 0.08    M    M  6.5 21  70   M    M   8 1      28  70
20  44  32  38 -10  27   0 0.12    M    M  9.4 18  30   M    M   7 1      30  20
21  51  29  40  -8  25   0    T    M    M  8.9 20  30   M    M   7        25  30
22  48  32  40  -9  25   0 0.02    M    M 13.0 21  10   M    M   9 1      27  30
23  49  34  42  -7  23   0 0.10    M    M 15.4 27  60   M    M   7 1      41  70
24  52  32  42  -7  23   0 0.06    M    M  9.8 17 200   M    M   9 1      24 200
================================================================================
SM 1347  719       521   0  1.21    M    197.2          M      120
================================================================================
AV 56.1 30.0                               8.2 FASTST   M    M   5    MAX(MPH)
                                 MISC ---->  # 27  60               # 43  240
================================================================================
NOTES:
# LAST OF SEVERAL OCCURRENCES

COLUMN 17 PEAK WIND IN M.P.H.

PRELIMINARY LOCAL CLIMATOLOGICAL DATA (WS FORM: F-6) , PAGE 2

                                          STATION:  JACKSON  WY
                                          MONTH:    MAY
                                          YEAR:     2019
                                          LATITUDE:   43 35 N
                                          LONGITUDE: 110 44 W

[TEMPERATURE DATA]      [PRECIPITATION DATA]       SYMBOLS USED IN COLUMN 16

AVERAGE MONTHLY: 43.0   TOTAL FOR MONTH:   1.21    1 = FOG OR MIST
DPTR FM NORMAL:  -2.9   DPTR FM NORMAL:   -0.21    2 = FOG REDUCING VISIBILITY
HIGHEST:    74 ON 13    GRTST 24HR  0.38 ON 16-16      TO 1/4 MILE OR LESS
LOWEST:     19 ON 10                               3 = THUNDER
                        SNOW, ICE PELLETS, HAIL    4 = ICE PELLETS
                        TOTAL MONTH:    M          5 = HAIL
                        GRTST 24HR    M  ON   M    6 = FREEZING RAIN OR DRIZZLE
                        GRTST DEPTH:  M  ON   M    7 = DUSTSTORM OR SANDSTORM:
                                                       VSBY 1/2 MILE OR LESS
                                                   8 = SMOKE OR HAZE
[NO. OF DAYS WITH]      [WEATHER - DAYS WITH]      9 = BLOWING SNOW
                                                   X = TORNADO
MAX 32 OR BELOW:   0    0.01 INCH OR MORE:  10
MAX 90 OR ABOVE:   0    0.10 INCH OR MORE:   5
MIN 32 OR BELOW:  16    0.50 INCH OR MORE:   0
MIN  0 OR BELOW:   0    1.00 INCH OR MORE:   0

[HDD (BASE 65) ]
TOTAL THIS MO.   521    CLEAR  (SCALE 0-3)   9
DPTR FM NORMAL    63    PTCLDY (SCALE 4-7)  10
TOTAL FM JUL 1  9467    CLOUDY (SCALE 8-10)  5
DPTR FM NORMAL  -121

[CDD (BASE 65) ]
TOTAL THIS MO.     0
DPTR FM NORMAL     0    [PRESSURE DATA]
TOTAL FM JAN 1     0    HIGHEST SLP M ON M
DPTR FM NORMAL     0    LOWEST  SLP 29.46 ON 16

[REMARKS]
