000
CXUS51 KOKX 260703
CF6LGA
PRELIMINARY LOCAL CLIMATOLOGICAL DATA (WS FORM: F-6)

                                          STATION:   LAGUARDIA NY
                                          MONTH:     MAY
                                          YEAR:      2019
                                          LATITUDE:   40 46 N
                                          LONGITUDE:  73 54 W

  TEMPERATURE IN F:       :PCPN:    SNOW:  WIND      :SUNSHINE: SKY     :PK WND
================================================================================
1   2   3   4   5  6A  6B    7    8   9   10  11  12  13   14  15   16   17  18
                                     12Z  AVG MX 2MIN
DY MAX MIN AVG DEP HDD CDD  WTR  SNW DPTH SPD SPD DIR MIN PSBL S-S WX    SPD DR
================================================================================

 1  55  48  52  -6  13   0 0.01  0.0    0  8.1 15 160   M    M  10 128    19 160
 2  71  47  59   1   6   0    T  0.0    0  7.9 21  50   M    M   9 128    23  50
 3  52  48  50  -8  15   0 0.13  0.0    0  8.9 13  50   M    M  10 13     20  40
 4  68  50  59   0   6   0 0.06  0.0    0  4.4 14  60   M    M   9 18     22  60
 5  54  49  52  -7  13   0 1.33  0.0    0 14.4 25  50   M    M  10 1      30  40
 6  67  49  58  -1   7   0    T  0.0    0  8.9 22  40   M    M   6        30  30
 7  65  51  58  -2   7   0 0.06  0.0    0  8.8 20 170   M    M   7 1      24 170
 8  68  54  61   1   4   0 0.00  0.0    0  7.9 16 190   M    M   7        21 190
 9  61  52  57  -3   8   0 0.00  0.0    0 11.8 18 130   M    M   8        24  90
10  73  56  65   4   0   0 0.04  0.0    0  9.6 16 140   M    M   9 1      22 210
11  70  57  64   3   1   0 0.01  0.0    0  8.6 18 330   M    M   7        23 330
12  59  44  52  -9  13   0 1.22  0.0    0 18.2 28  60   M    M  10 18     35  70
13  50  42  46 -16  19   0 0.59  0.0    0 12.3 26  60   M    M  10 1      29  60
14  52  44  48 -14  17   0 0.20  0.0    0  8.0 16 330   M    M  10 1      20 330
15  69  47  58  -4   7   0 0.02  0.0    0 10.0 20 320   M    M   6 1      27 310
16  73  55  64   2   1   0 0.09  0.0    0  7.4 17 320   M    M   5        23 320
17  78  63  71   8   0   6 0.03  0.0    0 10.1 17 300   M    M   7        23 240
18  75  59  67   4   0   2 0.00  0.0    0  9.0 20 330   M    M   6        28 320
19  76  60  68   5   0   3 0.03  0.0    0 10.8 25 180   M    M   6 3      32 190
20  89  65  77  13   0  12 0.00  0.0    0 14.8 28 320   M    M   6 3      36 310
21  71  57  64   0   1   0 0.00  0.0    0 18.4 29 320   M    M   4        38 320
22  76  57  67   3   0   2 0.00  0.0    0 10.4 18 350   M    M   6        24 350
23  75  58  67   2   0   2 0.48  0.0    0  9.2 20 240   M    M   8 38     27 230
24  74  63  69   4   0   4 0.00  0.0    0 17.7 31 300   M    M   5        37 320
25  70  57  64  -1   1   0 0.00  0.0    0 12.3 23 170   M    M   6        30 180
================================================================================
SM 1691 1332       139  31  4.30     0.0 267.9          M      187
================================================================================
AV 67.6 53.3                              10.7 FASTST   M    M   7    MAX(MPH)
                                 MISC ---->  # 31 300               # 38  320
================================================================================
NOTES:
# LAST OF SEVERAL OCCURRENCES

COLUMN 17 PEAK WIND IN M.P.H.

PRELIMINARY LOCAL CLIMATOLOGICAL DATA (WS FORM: F-6) , PAGE 2

                                          STATION:  LAGUARDIA NY
                                          MONTH:    MAY
                                          YEAR:     2019
                                          LATITUDE:   40 46 N
                                          LONGITUDE:  73 54 W

[TEMPERATURE DATA]      [PRECIPITATION DATA]       SYMBOLS USED IN COLUMN 16

AVERAGE MONTHLY: 60.5   TOTAL FOR MONTH:   4.30    1 = FOG OR MIST
DPTR FM NORMAL:  -1.1   DPTR FM NORMAL:    1.33    2 = FOG REDUCING VISIBILITY
HIGHEST:    89 ON 20    GRTST 24HR  1.33 ON  5- 5      TO 1/4 MILE OR LESS
LOWEST:     42 ON 13                               3 = THUNDER
                        SNOW, ICE PELLETS, HAIL    4 = ICE PELLETS
                        TOTAL MONTH:   0.0 INCH    5 = HAIL
                        GRTST 24HR     0.0         6 = FREEZING RAIN OR DRIZZLE
                        GRTST DEPTH:   0           7 = DUSTSTORM OR SANDSTORM:
                                                       VSBY 1/2 MILE OR LESS
                                                   8 = SMOKE OR HAZE
[NO. OF DAYS WITH]      [WEATHER - DAYS WITH]      9 = BLOWING SNOW
                                                   X = TORNADO
MAX 32 OR BELOW:   0    0.01 INCH OR MORE:  15
MAX 90 OR ABOVE:   0    0.10 INCH OR MORE:   6
MIN 32 OR BELOW:   0    0.50 INCH OR MORE:   3
MIN  0 OR BELOW:   0    1.00 INCH OR MORE:   2

[HDD (BASE 65) ]
TOTAL THIS MO.   139    CLEAR  (SCALE 0-3)   0
DPTR FM NORMAL    17    PTCLDY (SCALE 4-7)  16
TOTAL FM JUL 1  4546    CLOUDY (SCALE 8-10)  9
DPTR FM NORMAL   -90

[CDD (BASE 65) ]
TOTAL THIS MO.    31
DPTR FM NORMAL    -7    [PRESSURE DATA]
TOTAL FM JAN 1    34    HIGHEST SLP M ON M
DPTR FM NORMAL   -12    LOWEST  SLP 29.68 ON 20

[REMARKS]
