000
CXUS51 KOKX 230703
CF6LGA
PRELIMINARY LOCAL CLIMATOLOGICAL DATA (WS FORM: F-6)

                                          STATION:   LAGUARDIA NY
                                          MONTH:     JULY
                                          YEAR:      2019
                                          LATITUDE:   40 46 N
                                          LONGITUDE:  73 54 W

  TEMPERATURE IN F:       :PCPN:    SNOW:  WIND      :SUNSHINE: SKY     :PK WND
================================================================================
1   2   3   4   5  6A  6B    7    8   9   10  11  12  13   14  15   16   17  18
                                     12Z  AVG MX 2MIN
DY MAX MIN AVG DEP HDD CDD  WTR  SNW DPTH SPD SPD DIR MIN PSBL S-S WX    SPD DR
================================================================================

 1  88  67  78   2   0  13 0.00  0.0    0  9.3 15 250   M    M   2        20 250
 2  88  75  82   6   0  17 0.01  0.0    0  6.6 20 290   M    M   6        24 290
 3  87  75  81   5   0  16    T  0.0    0  6.3 13  50   M    M   7        16  80
 4  93  71  82   5   0  17 0.00  0.0    0  8.3 16 170   M    M   4 8      22 190
 5  85  72  79   2   0  14 0.00  0.0    0  7.7 17 210   M    M   8 8      20 170
 6  93  76  85   8   0  20    T  0.0    0  8.7 21 190   M    M   8 3      26 190
 7  85  73  79   2   0  14 0.00  0.0    0  9.2 16 160   M    M   6        23  40
 8  82  69  76  -1   0  11 0.02  0.0    0  5.2 12  50   M    M   7        20  60
 9  89  71  80   3   0  15 0.00  0.0    0  5.6 16 320   M    M   3        21 310
10  91  74  83   6   0  18 0.00  0.0    0  5.8 18 190   M    M   7        23 190
11  86  74  80   3   0  15 0.72  0.0    0 10.0 20 160   M    M   8 13     26 140
12  89  74  82   5   0  17    T  0.0    0 10.4 23 320   M    M   5        29 320
13  89  72  81   3   0  16 0.00  0.0    0  9.8 16 190   M    M   1        21 270
14  92  78  85   7   0  20 0.00  0.0    0 11.4 21 310   M    M   3        25 310
15  89  72  81   3   0  16 0.00  0.0    0  7.4 16 330   M    M   5        20 330
16  94  73  84   6   0  19 0.00  0.0    0  8.8 18 170   M    M   6        24 200
17  95  73  84   6   0  19 2.67  0.0    0  9.7 30 330   M    M   7 13     46 230
18  78  71  75  -3   0  10 0.32  0.0    0  9.2 23  40   M    M  10 18     27  50
19  95  71  83   5   0  18 0.00  0.0    0  9.3 18 270   M    M   7 1      23 160
20  99  83  91  13   0  26 0.00  0.0    0  9.9 18 270   M    M   6        26 260
21 100  83  92  14   0  27 0.01  0.0    0  9.6 21 260   M    M   5 3      26 260
22  91  74  83   5   0  18 1.24  0.0    0  7.4 18 320   M    M   7 138    23  20
================================================================================
SM 1978 1621         0 376  4.99     0.0 185.6          M      128
================================================================================
AV 89.9 73.7                               8.4 FASTST   M    M   6    MAX(MPH)
                                 MISC ---->  # 30 330               # 46  230
================================================================================
NOTES:
# LAST OF SEVERAL OCCURRENCES

COLUMN 17 PEAK WIND IN M.P.H.

PRELIMINARY LOCAL CLIMATOLOGICAL DATA (WS FORM: F-6) , PAGE 2

                                          STATION:  LAGUARDIA NY
                                          MONTH:    JULY
                                          YEAR:     2019
                                          LATITUDE:   40 46 N
                                          LONGITUDE:  73 54 W

[TEMPERATURE DATA]      [PRECIPITATION DATA]       SYMBOLS USED IN COLUMN 16

AVERAGE MONTHLY: 81.8   TOTAL FOR MONTH:   4.99    1 = FOG OR MIST
DPTR FM NORMAL:   4.5   DPTR FM NORMAL:    1.88    2 = FOG REDUCING VISIBILITY
HIGHEST:   100 ON 21    GRTST 24HR  2.67 ON 17-17      TO 1/4 MILE OR LESS
LOWEST:     67 ON  1                               3 = THUNDER
                        SNOW, ICE PELLETS, HAIL    4 = ICE PELLETS
                        TOTAL MONTH:   0.0 INCH    5 = HAIL
                        GRTST 24HR     0.0         6 = FREEZING RAIN OR DRIZZLE
                        GRTST DEPTH:   0           7 = DUSTSTORM OR SANDSTORM:
                                                       VSBY 1/2 MILE OR LESS
                                                   8 = SMOKE OR HAZE
[NO. OF DAYS WITH]      [WEATHER - DAYS WITH]      9 = BLOWING SNOW
                                                   X = TORNADO
MAX 32 OR BELOW:   0    0.01 INCH OR MORE:   7
MAX 90 OR ABOVE:  10    0.10 INCH OR MORE:   4
MIN 32 OR BELOW:   0    0.50 INCH OR MORE:   3
MIN  0 OR BELOW:   0    1.00 INCH OR MORE:   2

[HDD (BASE 65) ]
TOTAL THIS MO.     0    CLEAR  (SCALE 0-3)   4
DPTR FM NORMAL     0    PTCLDY (SCALE 4-7)  16
TOTAL FM JUL 1     0    CLOUDY (SCALE 8-10)  2
DPTR FM NORMAL     0

[CDD (BASE 65) ]
TOTAL THIS MO.   376
DPTR FM NORMAL   105    [PRESSURE DATA]
TOTAL FM JAN 1   681    HIGHEST SLP M ON M
DPTR FM NORMAL   113    LOWEST  SLP 29.67 ON 22

[REMARKS]
