000
CXUS53 KOAX 211000
CF6LNK
PRELIMINARY LOCAL CLIMATOLOGICAL DATA (WS FORM: F-6)

                                          STATION:   LINCOLN NE
                                          MONTH:     MAY
                                          YEAR:      2019
                                          LATITUDE:   40 50 N
                                          LONGITUDE:  96 45 W

  TEMPERATURE IN F:       :PCPN:    SNOW:  WIND      :SUNSHINE: SKY     :PK WND
================================================================================
1   2   3   4   5  6A  6B    7    8   9   10  11  12  13   14  15   16   17  18
                                     12Z  AVG MX 2MIN
DY MAX MIN AVG DEP HDD CDD  WTR  SNW DPTH SPD SPD DIR MIN PSBL S-S WX    SPD DR
================================================================================

 1  52  44  48  -9  17   0 0.02  0.0    0  9.7 17 360   M    M  10 1      21 360
 2  63  36  50  -8  15   0    T  0.0    0  5.6 16  30   M    M   1 1      22  30
 3  67  42  55  -3  10   0    T  0.0    0  7.5 16 160   M    M   6        22 160
 4  73  43  58   0   7   0 0.08  0.0    0  6.4 21 160   M    M   3 123    27 170
 5  81  51  66   7   0   1 0.52  0.0    0  9.6 63 320   M    M   2 138    87 330
 6  63  47  55  -4  10   0 0.54  0.0    0 11.7 21  30   M    M   5 1      27  40
 7  57  45  51  -8  14   0 0.12  0.0    0 11.8 20  40   M    M  10 1      26  50
 8  58  41  50 -10  15   0 0.69  0.0    0 13.0 31 340   M    M  10 1      38 350
 9  56  40  48 -12  17   0    T  0.0    0 16.3 29 360   M    M   9        39  10
10  63  35  49 -11  16   0 0.00  0.0    0  4.2 13 180   M    M   2        16 170
11  66  46  56  -5   9   0 0.26  0.0    0  8.4 21 180   M    M   7 1      27 180
12  65  47  56  -5   9   0 0.07  0.0    0  6.8 16 330   M    M   7 13     21 330
13  74  39  57  -4   8   0 0.00  0.0    0  8.6 17 190   M    M   1        26 160
14  85  55  70   8   0   5 0.07  0.0    0  5.9 18 140   M    M   1 3      28 140
15  85  57  71   9   0   6    T  0.0    0  8.7 18 150   M    M   1        26 140
16  94  65  80  18   0  15 0.00  0.0    0 11.2 21 200   M    M   0        29 190
17  87  69  78  15   0  13 0.01  0.0    0 17.1 32 180   M    M   0 3      44 170
18  76  58  67   4   0   2 1.50  0.0    0 10.7 30 180   M    M   5 13     40 190
19  63  50  57  -6   8   0    T  0.0    0 14.7 24 320   M    M   8        34 290
20  51  42  47 -17  18   0 0.06  0.0    0 12.4 22  90   M    M   7 1      32  80
================================================================================
SM 1379  952       173  42  3.94     0.0 200.3          M       95
================================================================================
AV 69.0 47.6                              10.0 FASTST   M    M   5    MAX(MPH)
                                 MISC ---->  # 63 320               # 87  330
================================================================================
NOTES:
# LAST OF SEVERAL OCCURRENCES

COLUMN 17 PEAK WIND IN M.P.H.

PRELIMINARY LOCAL CLIMATOLOGICAL DATA (WS FORM: F-6) , PAGE 2

                                          STATION:  LINCOLN NE
                                          MONTH:    MAY
                                          YEAR:     2019
                                          LATITUDE:   40 50 N
                                          LONGITUDE:  96 45 W

[TEMPERATURE DATA]      [PRECIPITATION DATA]       SYMBOLS USED IN COLUMN 16

AVERAGE MONTHLY: 58.3   TOTAL FOR MONTH:   3.94    1 = FOG OR MIST
DPTR FM NORMAL:  -2.2   DPTR FM NORMAL:    1.16    2 = FOG REDUCING VISIBILITY
HIGHEST:    94 ON 16    GRTST 24HR  1.50 ON 18-18      TO 1/4 MILE OR LESS
LOWEST:     35 ON 10                               3 = THUNDER
                        SNOW, ICE PELLETS, HAIL    4 = ICE PELLETS
                        TOTAL MONTH:   0.0 INCH    5 = HAIL
                        GRTST 24HR     0.0         6 = FREEZING RAIN OR DRIZZLE
                        GRTST DEPTH:   0           7 = DUSTSTORM OR SANDSTORM:
                                                       VSBY 1/2 MILE OR LESS
                                                   8 = SMOKE OR HAZE
[NO. OF DAYS WITH]      [WEATHER - DAYS WITH]      9 = BLOWING SNOW
                                                   X = TORNADO
MAX 32 OR BELOW:   0    0.01 INCH OR MORE:  12
MAX 90 OR ABOVE:   1    0.10 INCH OR MORE:   6
MIN 32 OR BELOW:   0    0.50 INCH OR MORE:   4
MIN  0 OR BELOW:   0    1.00 INCH OR MORE:   1

[HDD (BASE 65) ]
TOTAL THIS MO.   173    CLEAR  (SCALE 0-3)   9
DPTR FM NORMAL    52    PTCLDY (SCALE 4-7)   7
TOTAL FM JUL 1  6485    CLOUDY (SCALE 8-10)  4
DPTR FM NORMAL   471

[CDD (BASE 65) ]
TOTAL THIS MO.    42
DPTR FM NORMAL    13    [PRESSURE DATA]
TOTAL FM JAN 1    49    HIGHEST SLP M ON M
DPTR FM NORMAL     6    LOWEST  SLP 29.46 ON 18

[REMARKS]
