000
CXUS53 KOAX 281000
CF6LNK
PRELIMINARY LOCAL CLIMATOLOGICAL DATA (WS FORM: F-6)

                                          STATION:   LINCOLN NE
                                          MONTH:     MAY
                                          YEAR:      2020
                                          LATITUDE:   40 50 N
                                          LONGITUDE:  96 45 W

  TEMPERATURE IN F:       :PCPN:    SNOW:  WIND      :SUNSHINE: SKY     :PK WND
================================================================================
1   2   3   4   5  6A  6B    7    8   9   10  11  12  13   14  15   16   17  18
                                     12Z  AVG MX 2MIN
DY MAX MIN AVG DEP HDD CDD  WTR  SNW DPTH SPD SPD DIR MIN PSBL S-S WX    SPD DR
================================================================================

 1  91  55  73  16   0   8 0.00  0.0    0  9.1 26 200   M    M   0        37 190
 2  75  52  64   6   1   0    T  0.0    0 11.6 23  20   M    M   4        31  10
 3  78  50  64   6   1   0 0.00  0.0    0  5.1 13  50   M    M   4        18  30
 4  63  49  56  -2   9   0 0.17  0.0    0 10.3 30 360   M    M   9 1      41 340
 5  69  43  56  -3   9   0 0.00  0.0    0 18.1 40 320   M    M   2        52 320
 6  63  40  52  -7  13   0 0.00  0.0    0  8.2 23 340   M    M   4        29 340
 7  62  34  48 -11  17   0 0.57  0.0    0  8.1 21  20   M    M   7 1      27  20
 8  60  36  48 -12  17   0 0.03  0.0    0 11.8 22 360   M    M   1 1      29 350
 9  69  33  51  -9  14   0 0.03  0.0    0 11.9 31 330   M    M   2        41 280
10  58  36  47 -13  18   0 0.00  0.0    0 15.4 30 330   M    M   2        41 330
11  52  36  44 -17  21   0 0.00  0.0    0  5.1 12 230   M    M   8        15  10
12  61  44  53  -8  12   0 0.00  0.0    0  7.0 17 150   M    M   8        26 150
13  55  50  53  -8  12   0 0.18  0.0    0  8.4 17 150   M    M  10 18     24 150
14  70  51  61  -1   4   0 0.10  0.0    0  5.9 14  10   M    M   8 123    16  10
15  77  47  62   0   3   0 0.00  0.0    0  6.7 16 110   M    M   0 1      23 120
16  71  49  60  -2   5   0 0.06  0.0    0  6.1 20 330   M    M   7 1      23 330
17  67  54  61  -2   4   0 0.00  0.0    0 17.5 29 350   M    M   9        40 330
18  70  54  62  -1   3   0 0.00  0.0    0 14.5 25 350   M    M   8        33 360
19  69  55  62  -1   3   0 0.00  0.0    0  7.8 14  70   M    M   7        20  50
20  71  52  62  -2   3   0 0.00  0.0    0  9.9 17 120   M    M   9        24 120
21  74  61  68   4   0   3 0.25  0.0    0 10.0 21 170   M    M  10 1      27 160
22  67  60  64   0   1   0 2.00  0.0    0 10.6 26  20   M    M   9 13     35  20
23  79  59  69   4   0   4 0.00  0.0    0  8.7 17 120   M    M   6 18     24 120
24  78  60  69   4   0   4 0.67  0.0    0  8.2 40 350   M    M   3 13     50 350
25  65  61  63  -2   2   0 0.58  0.0    0  9.8 22  10   M    M  10 13     27  10
26  68  57  63  -3   2   0 0.37  0.0    0 10.9 24 350   M    M  10 1      31 330
27  76  56  66   0   0   1 0.00  0.0    0  8.4 18  10   M    M   9 1      28  10
================================================================================
SM 1858 1334       174  20  5.01     0.0 265.1          M      166
================================================================================
AV 68.8 49.4                               9.8 FASTST   M    M   6    MAX(MPH)
                                 MISC ---->  # 40 320               # 52  320
================================================================================
NOTES:
# LAST OF SEVERAL OCCURRENCES

COLUMN 17 PEAK WIND IN M.P.H.

PRELIMINARY LOCAL CLIMATOLOGICAL DATA (WS FORM: F-6) , PAGE 2

                                          STATION:  LINCOLN NE
                                          MONTH:    MAY
                                          YEAR:     2020
                                          LATITUDE:   40 50 N
                                          LONGITUDE:  96 45 W

[TEMPERATURE DATA]      [PRECIPITATION DATA]       SYMBOLS USED IN COLUMN 16

AVERAGE MONTHLY: 59.1   TOTAL FOR MONTH:   5.01    1 = FOG OR MIST
DPTR FM NORMAL:  -2.6   DPTR FM NORMAL:    1.29    2 = FOG REDUCING VISIBILITY
HIGHEST:    91 ON  1    GRTST 24HR  2.00 ON 22-22      TO 1/4 MILE OR LESS
LOWEST:     33 ON  9                               3 = THUNDER
                        SNOW, ICE PELLETS, HAIL    4 = ICE PELLETS
                        TOTAL MONTH:   0.0 INCH    5 = HAIL
                        GRTST 24HR     0.0         6 = FREEZING RAIN OR DRIZZLE
                        GRTST DEPTH:   0           7 = DUSTSTORM OR SANDSTORM:
                                                       VSBY 1/2 MILE OR LESS
                                                   8 = SMOKE OR HAZE
[NO. OF DAYS WITH]      [WEATHER - DAYS WITH]      9 = BLOWING SNOW
                                                   X = TORNADO
MAX 32 OR BELOW:   0    0.01 INCH OR MORE:  12
MAX 90 OR ABOVE:   1    0.10 INCH OR MORE:   9
MIN 32 OR BELOW:   0    0.50 INCH OR MORE:   4
MIN  0 OR BELOW:   0    1.00 INCH OR MORE:   1

[HDD (BASE 65) ]
TOTAL THIS MO.   174    CLEAR  (SCALE 0-3)   7
DPTR FM NORMAL    34    PTCLDY (SCALE 4-7)   9
TOTAL FM JUL 1  5742    CLOUDY (SCALE 8-10) 11
DPTR FM NORMAL  -291

[CDD (BASE 65) ]
TOTAL THIS MO.    20
DPTR FM NORMAL   -29    [PRESSURE DATA]
TOTAL FM JAN 1    24    HIGHEST SLP M ON M
DPTR FM NORMAL   -39    LOWEST  SLP 29.66 ON M

[REMARKS]
