000
CXUS53 KOAX 251713
CF6LNK
PRELIMINARY LOCAL CLIMATOLOGICAL DATA (WS FORM: F-6)

                                          STATION:   LINCOLN NE
                                          MONTH:     MARCH
                                          YEAR:      2019
                                          LATITUDE:   40 50 N
                                          LONGITUDE:  96 45 W

  TEMPERATURE IN F:       :PCPN:    SNOW:  WIND      :SUNSHINE: SKY     :PK WND
================================================================================
1   2   3   4   5  6A  6B    7    8   9   10  11  12  13   14  15   16   17  18
                                     12Z  AVG MX 2MIN
DY MAX MIN AVG DEP HDD CDD  WTR  SNW DPTH SPD SPD DIR MIN PSBL S-S WX    SPD DR
================================================================================

 1  31   8  20 -14  45   0 0.00  0.0    5  8.1 18 340   M    M   4 8      29 340
 2  16   8  12 -22  53   0 0.16  2.0    5 15.1 25  10   M    M   7 18     30  20
 3   8  -6   1 -34  64   0    T    T    7 14.4 28 360   M    M   4 189    34  20
 4  16  -9   4 -31  61   0 0.00  0.0    6  9.3 20 290   M    M   0        25 270
 5  22   6  14 -22  51   0 0.00  0.0    6 10.6 21 330   M    M   2        27 310
 6  33   0  17 -19  48   0 0.01  0.3    6  5.4 12 160   M    M   3 1      14 170
 7  31  24  28  -9  37   0 0.29  4.0    9 10.4 17  80   M    M   9 12     22  70
 8  36  10  23 -14  42   0    T    T    8  6.7 20 120   M    M   8 128    26 120
 9  37  30  34  -3  31   0 0.30    T    6 18.0 33 310   M    M   9 12     52 320
10  39  21  30  -8  35   0 0.00  0.0    4  6.8 21 330   M    M   2        28 310
11  43  18  31  -7  34   0    T  0.0    3  2.7  9 120   M    M   2        11 120
12  47  36  42   3  23   0 0.21  0.0    0  6.0 14 160   M    M  10 123    19 170
13  63  39  51  12  14   0 0.46  0.0    0 17.7 33 170   M    M   9 123    44 170
14  53  34  44   5  21   0 0.06    T    0 22.5 37 330   M    M   9 1      53 320
15  47  23  35  -5  30   0 0.00  0.0    0 12.7 28 310   M    M   M        34 310
16  55  23  39  -1  26   0 0.00  0.0    0  8.9 22 310   M    M   M        28 310
17  49  19  34  -7  31   0 0.00  0.0    0  4.1 12 240   M    M   M        17 350
18  49  22  36  -5  29   0 0.00  0.0    0  3.3  9  70   M    M   M        12 360
19  45  36  41   0  24   0 0.42  0.0    0  4.2 14 180   M    M   M        17 190
20  60  35  48   6  17   0 0.00  0.0    0 12.1 24 270   M    M   M        31 330
21  59  24  42   0  23   0 0.00  0.0    0  5.6 14 190   M    M   M        18 350
22  65  26  46   4  19   0 0.00  0.0    0  3.1 15 110   M    M   0        18 110
23  56  41  49   6  16   0 0.20  0.0    0 10.2 20 110   M    M   8 1      27 120
24  50  46  48   5  17   0 0.13  0.0    0 10.8 18  10   M    M  10 18     23 360
================================================================================
SM 1010  514       791   0  2.24     6.3 228.7          M       96
================================================================================
AV 42.1 21.4                               9.5 FASTST   M    M   6    MAX(MPH)
                                 MISC ---->  # 37 330               # 53  320
================================================================================
NOTES:
# LAST OF SEVERAL OCCURRENCES

COLUMN 17 PEAK WIND IN M.P.H.

PRELIMINARY LOCAL CLIMATOLOGICAL DATA (WS FORM: F-6) , PAGE 2

                                          STATION:  LINCOLN NE
                                          MONTH:    MARCH
                                          YEAR:     2019
                                          LATITUDE:   40 50 N
                                          LONGITUDE:  96 45 W

[TEMPERATURE DATA]      [PRECIPITATION DATA]       SYMBOLS USED IN COLUMN 16

AVERAGE MONTHLY: 31.8   TOTAL FOR MONTH:   2.24    1 = FOG OR MIST
DPTR FM NORMAL:  -7.0   DPTR FM NORMAL:    0.86    2 = FOG REDUCING VISIBILITY
HIGHEST:    65 ON 22    GRTST 24HR  0.46 ON 13-13      TO 1/4 MILE OR LESS
LOWEST:     -9 ON  4                               3 = THUNDER
                        SNOW, ICE PELLETS, HAIL    4 = ICE PELLETS
                        TOTAL MONTH:   6.3 INCHES  5 = HAIL
                        GRTST 24HR   4.0 ON  7- 7  6 = FREEZING RAIN OR DRIZZLE
                        GRTST DEPTH:   9 ON  7     7 = DUSTSTORM OR SANDSTORM:
                                                       VSBY 1/2 MILE OR LESS
                                                   8 = SMOKE OR HAZE
[NO. OF DAYS WITH]      [WEATHER - DAYS WITH]      9 = BLOWING SNOW
                                                   X = TORNADO
MAX 32 OR BELOW:   6    0.01 INCH OR MORE:  10
MAX 90 OR ABOVE:   0    0.10 INCH OR MORE:   8
MIN 32 OR BELOW:  17    0.50 INCH OR MORE:   0
MIN  0 OR BELOW:   3    1.00 INCH OR MORE:   0

[HDD (BASE 65) ]
TOTAL THIS MO.   791    CLEAR  (SCALE 0-3)   6
DPTR FM NORMAL   161    PTCLDY (SCALE 4-7)   5
TOTAL FM JUL 1  5841    CLOUDY (SCALE 8-10)  6
DPTR FM NORMAL   508

[CDD (BASE 65) ]
TOTAL THIS MO.     0
DPTR FM NORMAL     0    [PRESSURE DATA]
TOTAL FM JAN 1     0    HIGHEST SLP M ON M
DPTR FM NORMAL     0    LOWEST  SLP 28.94 ON 14

[REMARKS]
