000
CXUS53 KOAX 231000
CF6LNK
PRELIMINARY LOCAL CLIMATOLOGICAL DATA (WS FORM: F-6)

                                          STATION:   LINCOLN NE
                                          MONTH:     JULY
                                          YEAR:      2019
                                          LATITUDE:   40 50 N
                                          LONGITUDE:  96 45 W

  TEMPERATURE IN F:       :PCPN:    SNOW:  WIND      :SUNSHINE: SKY     :PK WND
================================================================================
1   2   3   4   5  6A  6B    7    8   9   10  11  12  13   14  15   16   17  18
                                     12Z  AVG MX 2MIN
DY MAX MIN AVG DEP HDD CDD  WTR  SNW DPTH SPD SPD DIR MIN PSBL S-S WX    SPD DR
================================================================================

 1  92  73  83   6   0  18 0.00  0.0    0 11.6 20 200   M    M   0        27 190
 2  94  72  83   6   0  18 0.00  0.0    0  7.7 14 190   M    M   1 3      20 190
 3  92  72  82   5   0  17 0.00  0.0    0  7.1 18 210   M    M   2        25 200
 4  88  72  80   3   0  15 0.00  0.0    0  6.0 16 160   M    M   3 8      21 160
 5  83  69  76  -1   0  11 0.11  0.0    0  6.0 21 330   M    M   2 38     27 330
 6  85  69  77   0   0  12    T  0.0    0  7.3 18  30   M    M   5 18     25  50
 7  87  63  75  -2   0  10 0.00  0.0    0  5.7 10 110   M    M   1        14 120
 8  92  67  80   2   0  15 0.00  0.0    0  9.7 20 160   M    M   1        27 140
 9  91  68  80   2   0  15 0.30  0.0    0 10.5 29 230   M    M   2 13     37 230
10  87  65  76  -2   0  11 0.01  0.0    0 10.1 25 320   M    M   1 8      33 310
11  88  60  74  -4   0   9 0.00  0.0    0  5.4 13 350   M    M   0        19  30
12  92  61  77  -1   0  12 0.00  0.0    0  7.0 20 180   M    M   0        26 170
13  90  70  80   2   0  15 0.02  0.0    0  7.6 20 170   M    M   0 3      25 180
14  93  68  81   3   0  16 0.00  0.0    0  8.4 17 170   M    M   0        27 190
15  92  73  83   5   0  18 0.00  0.0    0 10.4 17 170   M    M   0        25 160
16  91  72  82   4   0  17 0.33  0.0    0  6.0 21 150   M    M   2 1      26 140
17  99  77  88  10   0  23 0.00  0.0    0 13.4 21 180   M    M   0        28 170
18  98  80  89  11   0  24 0.00  0.0    0 13.1 22 220   M    M   1 3      33 200
19  99  77  88  10   0  23 0.00  0.0    0 14.3 24 180   M    M   0        33 190
20  97  75  86   8   0  21 0.00  0.0    0 12.5 23  20   M    M   2        30  30
21  77  66  72  -6   0   7 3.26  0.0    0 10.9 23  70   M    M   8 13     30 340
22  80  60  70  -8   0   5 0.00  0.0    0 12.4 22  30   M    M   2        33  20
================================================================================
SM 1987 1529         0 332  4.03     0.0 203.1          M       33
================================================================================
AV 90.3 69.5                               9.2 FASTST   M    M   2    MAX(MPH)
                                 MISC ---->  # 29 230               # 37  230
================================================================================
NOTES:
# LAST OF SEVERAL OCCURRENCES

COLUMN 17 PEAK WIND IN M.P.H.

PRELIMINARY LOCAL CLIMATOLOGICAL DATA (WS FORM: F-6) , PAGE 2

                                          STATION:  LINCOLN NE
                                          MONTH:    JULY
                                          YEAR:     2019
                                          LATITUDE:   40 50 N
                                          LONGITUDE:  96 45 W

[TEMPERATURE DATA]      [PRECIPITATION DATA]       SYMBOLS USED IN COLUMN 16

AVERAGE MONTHLY: 79.9   TOTAL FOR MONTH:   4.03    1 = FOG OR MIST
DPTR FM NORMAL:   2.2   DPTR FM NORMAL:    1.55    2 = FOG REDUCING VISIBILITY
HIGHEST:    99 ON 19,17 GRTST 24HR  3.26 ON 21-21      TO 1/4 MILE OR LESS
LOWEST:     60 ON 22,11                            3 = THUNDER
                        SNOW, ICE PELLETS, HAIL    4 = ICE PELLETS
                        TOTAL MONTH:   0.0 INCH    5 = HAIL
                        GRTST 24HR     0.0         6 = FREEZING RAIN OR DRIZZLE
                        GRTST DEPTH:   0           7 = DUSTSTORM OR SANDSTORM:
                                                       VSBY 1/2 MILE OR LESS
                                                   8 = SMOKE OR HAZE
[NO. OF DAYS WITH]      [WEATHER - DAYS WITH]      9 = BLOWING SNOW
                                                   X = TORNADO
MAX 32 OR BELOW:   0    0.01 INCH OR MORE:   6
MAX 90 OR ABOVE:  14    0.10 INCH OR MORE:   4
MIN 32 OR BELOW:   0    0.50 INCH OR MORE:   1
MIN  0 OR BELOW:   0    1.00 INCH OR MORE:   1

[HDD (BASE 65) ]
TOTAL THIS MO.     0    CLEAR  (SCALE 0-3)  20
DPTR FM NORMAL     0    PTCLDY (SCALE 4-7)   2
TOTAL FM JUL 1     0    CLOUDY (SCALE 8-10)  0
DPTR FM NORMAL     0

[CDD (BASE 65) ]
TOTAL THIS MO.   332
DPTR FM NORMAL    53    [PRESSURE DATA]
TOTAL FM JAN 1   662    HIGHEST SLP M ON M
DPTR FM NORMAL    62    LOWEST  SLP 29.60 ON 18

[REMARKS]
