000
CXUS52 KFFC 271110
CF6LZU
PRELIMINARY LOCAL CLIMATOLOGICAL DATA (WS FORM: F-6)

                                          STATION:   LAWRENCEVILLE
                                          MONTH:     MAY
                                          YEAR:      2019
                                          LATITUDE:   33 58 N
                                          LONGITUDE:  83 58 W

  TEMPERATURE IN F:       :PCPN:    SNOW:  WIND      :SUNSHINE: SKY     :PK WND
================================================================================
1   2   3   4   5  6A  6B    7    8   9   10  11  12  13   14  15   16   17  18
                                     12Z  AVG MX 2MIN
DY MAX MIN AVG DEP HDD CDD  WTR  SNW DPTH SPD SPD DIR MIN PSBL S-S WX    SPD DR
================================================================================

 1  81  60  71   M   0   6 0.00  0.0    0  4.0  9 140   M    M   3         M  M
 2  83  60  72   M   0   7 0.00  0.0    0  3.5 10 140   M    M   1         M  M
 3  83  61  72   M   0   7    T  0.0    0  3.1  9 140   M    M   5 13      M  M
 4  82  64  73   M   0   8    T  0.0    0  1.6  7 180   M    M   3 13      M  M
 5  79  63  71   M   0   6    M  0.0    0  9.0 15 260   M    M   6 1      18 270
 6  80  56  68   M   0   3    M  0.0    0  1.8  9  80   M    M   2         M  M
 7  80  57  69   M   0   4    M  0.0    0  4.1 12 100   M    M   1         M  M
 8  83  61  72   M   0   7    M  0.0    0  5.0 12 130   M    M   4 1      16 120
 9  79  63  71   M   0   6    M  0.0    0  6.0 10 130   M    M   6 1       M  M
10  83  63  73   M   0   8    M  0.0    0  3.0  8 230   M    M   7 1       M  M
11  82  66  74   M   0   9 0.01  0.0    0  7.0 13 200   M    M   7        18 230
12  75  65  70   M   0   5 0.83  0.0    0  7.5 14 220   M    M   8 1      20 220
13  72  56  64   M   1   0 0.00  0.0    0  5.8 12 280   M    M   4        21 290
14  73  49  61   M   4   0 0.00  0.0    0  3.6  9 290   M    M   0         M  M
15  74  48  61   M   4   0    T    M    0  2.6  9 100   M    M   2         M  M
16  84  54  69   M   0   4 0.00  0.0    0  2.6  9 260   M    M   3         M  M
17  88  62  75   M   0  10 0.00  0.0    0  3.4  8 240   M    M   1         M  M
18  88  65  77   M   0  12 0.00  0.0    0  3.8 12 230   M    M   1        16 230
19  88  63  76   M   0  11 0.00  0.0    0  4.9 13 190   M    M   1 1      16 180
20  86  62  74   M   0   9    T  0.0    0  3.3 10 250   M    M   3        17 270
21  90  59  75   M   0  10 0.00  0.0    0  2.0  7 140   M    M   1         M  M
22  91  64  78   M   0  13 0.00  0.0    0  4.8  9  70   M    M   3 8       M  M
23  89  68  79   M   0  14 0.00  0.0    0  3.1  8  80   M    M   3         M  M
24  94  67  81   M   0  16 0.00  0.0    0  3.0 10 230   M    M   2         M  M
25  93  68  81   M   0  16 0.00  0.0    0  2.8  9 270   M    M   1         M  M
26  94  67  81   M   0  16 0.00  0.0    0  4.3 12 290   M    M   0        22 260
================================================================================
SM 2174 1591         9 207  0.84     0.0 105.6          M       78
================================================================================
AV 83.6 61.2                               4.1 FASTST   M    M   3    MAX(MPH)
                                 MISC ---->  # 15 260               # 22  260
================================================================================
NOTES:
# LAST OF SEVERAL OCCURRENCES

COLUMN 17 PEAK WIND IN M.P.H.

PRELIMINARY LOCAL CLIMATOLOGICAL DATA (WS FORM: F-6) , PAGE 2

                                          STATION:  LAWRENCEVILLE
                                          MONTH:    MAY
                                          YEAR:     2019
                                          LATITUDE:   33 58 N
                                          LONGITUDE:  83 58 W

[TEMPERATURE DATA]      [PRECIPITATION DATA]       SYMBOLS USED IN COLUMN 16

AVERAGE MONTHLY: 72.4   TOTAL FOR MONTH:   0.84    1 = FOG OR MIST
DPTR FM NORMAL:     M   DPTR FM NORMAL:       M    2 = FOG REDUCING VISIBILITY
HIGHEST:    94 ON 26,24 GRTST 24HR  0.83 ON 12-12      TO 1/4 MILE OR LESS
LOWEST:     48 ON 15                               3 = THUNDER
                        SNOW, ICE PELLETS, HAIL    4 = ICE PELLETS
                        TOTAL MONTH:   0.0 INCH    5 = HAIL
                        GRTST 24HR     0.0         6 = FREEZING RAIN OR DRIZZLE
                        GRTST DEPTH:   0           7 = DUSTSTORM OR SANDSTORM:
                                                       VSBY 1/2 MILE OR LESS
                                                   8 = SMOKE OR HAZE
[NO. OF DAYS WITH]      [WEATHER - DAYS WITH]      9 = BLOWING SNOW
                                                   X = TORNADO
MAX 32 OR BELOW:   0    0.01 INCH OR MORE:   2
MAX 90 OR ABOVE:   5    0.10 INCH OR MORE:   1
MIN 32 OR BELOW:   0    0.50 INCH OR MORE:   1
MIN  0 OR BELOW:   0    1.00 INCH OR MORE:   0

[HDD (BASE 65) ]
TOTAL THIS MO.     9    CLEAR  (SCALE 0-3)  14
DPTR FM NORMAL     M    PTCLDY (SCALE 4-7)  12
TOTAL FM JUL 1  1835    CLOUDY (SCALE 8-10)  0
DPTR FM NORMAL     M

[CDD (BASE 65) ]
TOTAL THIS MO.   207
DPTR FM NORMAL     M    [PRESSURE DATA]
TOTAL FM JAN 1   265    HIGHEST SLP M ON M
DPTR FM NORMAL     M    LOWEST  SLP 29.70 ON  5

[REMARKS]
