000
CXUS52 KFFC 221110
CF6LZU
PRELIMINARY LOCAL CLIMATOLOGICAL DATA (WS FORM: F-6)

                                          STATION:   LAWRENCEVILLE
                                          MONTH:     MARCH
                                          YEAR:      2019
                                          LATITUDE:   33 58 N
                                          LONGITUDE:  83 58 W

  TEMPERATURE IN F:       :PCPN:    SNOW:  WIND      :SUNSHINE: SKY     :PK WND
================================================================================
1   2   3   4   5  6A  6B    7    8   9   10  11  12  13   14  15   16   17  18
                                     12Z  AVG MX 2MIN
DY MAX MIN AVG DEP HDD CDD  WTR  SNW DPTH SPD SPD DIR MIN PSBL S-S WX    SPD DR
================================================================================

 1  68  57  63   M   2   0 0.03  0.0    0  7.4 15 240   M    M   9 13     22 240
 2  67  49  58   M   7   0 0.00  0.0    0  6.3  9 220   M    M   5         M  M
 3  62  42  52   M  13   0 1.12    M    0  3.0 13 270   M    M   7 13     23 270
 4  45  33  39   M  26   0 0.00  0.0    0  9.1 14 280   M    M   7        21 280
 5  44  26  35   M  30   0 0.00  0.0    0  8.4 16 280   M    M   1        24 280
 6  46  26  36   M  29   0 0.00  0.0    0  6.3 14 300   M    M   0        20 260
 7  60  28  44   M  21   0 0.00  0.0    0  3.9 10 230   M    M   3         M  M
 8  59  44  52   M  13   0 0.01    M    0  3.5 10  60   M    M  10 138     M  M
 9  59  44  52   M  13   0    T    M    0  7.7 12  80   M    M   9 1      17  60
10  69  48  59   M   6   0 0.01    M    0  5.3  9 290   M    M  10 1       M  M
11  70  47  59   M   6   0 0.02    M    0  0.7  7  90   M    M   4 1       M  M
12  72  42  57   M   8   0 0.00  0.0    0  1.9  7  99   M    M   0 1       M  M
13  67  45  56   M   9   0 0.00  0.0    0  7.0 13 100   M    M   0        18 100
14  75  53  64   M   1   0 0.00  0.0    0  8.0 13 170   M    M   7 8      23 170
15  69  50  60   M   5   0 0.58  0.0    0  9.4 12 260   M    M   6 13     20 260
16  54  41  48   M  17   0 0.00  0.0    0  4.9  9 280   M    M   0        17 290
17  63  36  50   M  15   0 0.00  0.0    0  2.0  7 210   M    M   0         M  M
18  61  36  49   M  16   0 0.00  0.0    0  4.4 16 280   M    M   0        21 280
19  57  34  46   M  19   0 0.00  0.0    0  4.9 18  70   M    M   0        24  70
20  62  29  46   M  19   0 0.00  0.0    0  2.6 12  70   M    M   0         M  M
21  61  37  49   M  16   0    T    M    0  6.5 20 270   M    M   4        30 260
================================================================================
SM 1290  847       291   0  1.77     0.0 113.2          M       82
================================================================================
AV 61.4 40.3                               5.4 FASTST   M    M   4    MAX(MPH)
                                 MISC ---->  # 20 270               # 30  260
================================================================================
NOTES:
# LAST OF SEVERAL OCCURRENCES

COLUMN 17 PEAK WIND IN M.P.H.

PRELIMINARY LOCAL CLIMATOLOGICAL DATA (WS FORM: F-6) , PAGE 2

                                          STATION:  LAWRENCEVILLE
                                          MONTH:    MARCH
                                          YEAR:     2019
                                          LATITUDE:   33 58 N
                                          LONGITUDE:  83 58 W

[TEMPERATURE DATA]      [PRECIPITATION DATA]       SYMBOLS USED IN COLUMN 16

AVERAGE MONTHLY: 50.9   TOTAL FOR MONTH:   1.77    1 = FOG OR MIST
DPTR FM NORMAL:     M   DPTR FM NORMAL:       M    2 = FOG REDUCING VISIBILITY
HIGHEST:    75 ON 14    GRTST 24HR  1.12 ON  3- 3      TO 1/4 MILE OR LESS
LOWEST:     26 ON  6, 5                            3 = THUNDER
                        SNOW, ICE PELLETS, HAIL    4 = ICE PELLETS
                        TOTAL MONTH:   0.0 INCH    5 = HAIL
                        GRTST 24HR     0.0         6 = FREEZING RAIN OR DRIZZLE
                        GRTST DEPTH:   0           7 = DUSTSTORM OR SANDSTORM:
                                                       VSBY 1/2 MILE OR LESS
                                                   8 = SMOKE OR HAZE
[NO. OF DAYS WITH]      [WEATHER - DAYS WITH]      9 = BLOWING SNOW
                                                   X = TORNADO
MAX 32 OR BELOW:   0    0.01 INCH OR MORE:   6
MAX 90 OR ABOVE:   0    0.10 INCH OR MORE:   2
MIN 32 OR BELOW:   4    0.50 INCH OR MORE:   2
MIN  0 OR BELOW:   0    1.00 INCH OR MORE:   1

[HDD (BASE 65) ]
TOTAL THIS MO.   291    CLEAR  (SCALE 0-3)  10
DPTR FM NORMAL     M    PTCLDY (SCALE 4-7)   7
TOTAL FM JUL 1  1613    CLOUDY (SCALE 8-10)  4
DPTR FM NORMAL     M

[CDD (BASE 65) ]
TOTAL THIS MO.     0
DPTR FM NORMAL     M    [PRESSURE DATA]
TOTAL FM JAN 1     6    HIGHEST SLP M ON M
DPTR FM NORMAL     M    LOWEST  SLP 29.66 ON  3

[REMARKS]
