000
CXUS53 KICT 240800
CF6SLN
PRELIMINARY LOCAL CLIMATOLOGICAL DATA (WS FORM: F-6)

                                          STATION:   SALINA KS
                                          MONTH:     MAY
                                          YEAR:      2019
                                          LATITUDE:   38 47 N
                                          LONGITUDE:  97 39 W

  TEMPERATURE IN F:       :PCPN:    SNOW:  WIND      :SUNSHINE: SKY     :PK WND
================================================================================
1   2   3   4   5  6A  6B    7    8   9   10  11  12  13   14  15   16   17  18
                                     12Z  AVG MX 2MIN
DY MAX MIN AVG DEP HDD CDD  WTR  SNW DPTH SPD SPD DIR MIN PSBL S-S WX    SPD DR
================================================================================

 1  58  49  54  -6  11   0 0.00    M    M  9.1 22 360   M    M  10 1      29 350
 2  64  44  54  -7  11   0 0.18    M    M  9.3 21 360   M    M   6 1      26  10
 3  65  49  57  -4   8   0 0.08    M    M  6.7 24 340   M    M   7 1      30 340
 4  70  45  58  -3   7   0 0.00    M    M  6.3 16 170   M    M   5 12     23 170
 5  76  52  64   2   1   0 0.03    M    M 10.8 22 160   M    M   1 3      27 170
 6  80  51  66   4   0   1 0.00    M    M  9.5 31 360   M    M   4 13     40 350
 7  62  57  60  -2   5   0    M    M    M  9.5 24  70   M    M  10 13     35 240
 8  70  48  59  -4   6   0    M    M    M 11.9 26 340   M    M   9 1      33 330
 9  53  43  48 -15  17   0 0.01    M    M 14.1 29 350   M    M   9        38 340
10  58  39  49 -14  16   0 0.00    M    M  2.8  9 330   M    M   6        12 320
11  62  50  56  -8   9   0 0.19    M    M  5.9 17 320   M    M   8 13     24 320
12  70  46  58  -6   7   0    T    M    M  8.7 22 310   M    M   3 123    27 300
13  77  45  61  -3   4   0 0.00    M    M  6.2 14 200   M    M   0 1      19 200
14  86  53  70   5   0   5 0.00    M    M  5.2 15 210   M    M   0        18 210
15  89  59  74   9   0   9 0.00    M    M 10.3 22 150   M    M   0 8      30 150
16  91  62  77  12   0  12 0.00    M    M 16.2 32 200   M    M   0        42 200
17  84  67  76  10   0  11    T    M    M 19.9 33 200   M    M   3 3      49 170
18  74  56  65  -1   0   0 1.36    M    M 10.1 25 290   M    M  10 13     35 190
19  67  51  59  -7   6   0 0.05    M    M 11.3 22 310   M    M   2        29 310
20  55  48  52 -14  13   0 1.15    M    M 12.1 26  90   M    M   6 13     39  80
21  66  51  59  -8   6   0 0.96    M    M 14.8 36 200   M    M   7 13     48 190
22  71  44  58  -9   7   0 0.00    M    M  7.5 17 230   M    M   0        23 220
23  72  53  63  -5   2   0 0.67    M    M  8.8 20 170   M    M   9 13     27  70
================================================================================
SM 1620 1162       136  38  4.68    M    227.0          M      115
================================================================================
AV 70.4 50.5                               9.9 FASTST   M    M   5    MAX(MPH)
                                 MISC ---->  # 36 200               # 49  170
================================================================================
NOTES:
# LAST OF SEVERAL OCCURRENCES

COLUMN 17 PEAK WIND IN M.P.H.

PRELIMINARY LOCAL CLIMATOLOGICAL DATA (WS FORM: F-6) , PAGE 2

                                          STATION:  SALINA KS
                                          MONTH:    MAY
                                          YEAR:     2019
                                          LATITUDE:   38 47 N
                                          LONGITUDE:  97 39 W

[TEMPERATURE DATA]      [PRECIPITATION DATA]       SYMBOLS USED IN COLUMN 16

AVERAGE MONTHLY: 60.5   TOTAL FOR MONTH:   4.68    1 = FOG OR MIST
DPTR FM NORMAL:  -3.5   DPTR FM NORMAL:    1.30    2 = FOG REDUCING VISIBILITY
HIGHEST:    91 ON 16    GRTST 24HR  1.36 ON 18-18      TO 1/4 MILE OR LESS
LOWEST:     39 ON 10                               3 = THUNDER
                        SNOW, ICE PELLETS, HAIL    4 = ICE PELLETS
                        TOTAL MONTH:    M          5 = HAIL
                        GRTST 24HR    M  ON   M    6 = FREEZING RAIN OR DRIZZLE
                        GRTST DEPTH:  M  ON   M    7 = DUSTSTORM OR SANDSTORM:
                                                       VSBY 1/2 MILE OR LESS
                                                   8 = SMOKE OR HAZE
[NO. OF DAYS WITH]      [WEATHER - DAYS WITH]      9 = BLOWING SNOW
                                                   X = TORNADO
MAX 32 OR BELOW:   0    0.01 INCH OR MORE:  10
MAX 90 OR ABOVE:   1    0.10 INCH OR MORE:   6
MIN 32 OR BELOW:   0    0.50 INCH OR MORE:   4
MIN  0 OR BELOW:   0    1.00 INCH OR MORE:   2

[HDD (BASE 65) ]
TOTAL THIS MO.   136    CLEAR  (SCALE 0-3)   9
DPTR FM NORMAL    50    PTCLDY (SCALE 4-7)   8
TOTAL FM JUL 1  5344    CLOUDY (SCALE 8-10)  6
DPTR FM NORMAL   490

[CDD (BASE 65) ]
TOTAL THIS MO.    38
DPTR FM NORMAL   -22    [PRESSURE DATA]
TOTAL FM JAN 1    49    HIGHEST SLP M ON M
DPTR FM NORMAL   -36    LOWEST  SLP 29.30 ON 21

[REMARKS]
