000
CXUS53 KICT 180800
CF6SLN
PRELIMINARY LOCAL CLIMATOLOGICAL DATA (WS FORM: F-6)

                                          STATION:   SALINA KS
                                          MONTH:     MARCH
                                          YEAR:      2019
                                          LATITUDE:   38 47 N
                                          LONGITUDE:  97 39 W

  TEMPERATURE IN F:       :PCPN:    SNOW:  WIND      :SUNSHINE: SKY     :PK WND
================================================================================
1   2   3   4   5  6A  6B    7    8   9   10  11  12  13   14  15   16   17  18
                                     12Z  AVG MX 2MIN
DY MAX MIN AVG DEP HDD CDD  WTR  SNW DPTH SPD SPD DIR MIN PSBL S-S WX    SPD DR
================================================================================

 1  41  22  32  -8  33   0 0.00    M    M  8.1 21  10   M    M   5        27  20
 2  30  17  24 -17  41   0    T    M    M 15.0 22  20   M    M   5        31 360
 3  17   3  10 -31  55   0 0.08    M    M 15.9 28  10   M    M   4 128    34  10
 4  16  -3   7 -34  58   0 0.00    M    M 10.4 17 310   M    M   0        21 290
 5  24  -1  12 -30  53   0 0.00    M    M  8.8 22 330   M    M   0        28 330
 6  41   8  25 -17  40   0 0.00    M    M 11.3 22 160   M    M   0        28 170
 7  46  31  39  -3  26   0 0.01    M    M  9.7 21 120   M    M   2        28 110
 8  41  31  36  -7  29   0 0.01    M    M  8.0 17 120   M    M   9 12     23 120
 9  51  31  41  -2  24   0    T    M    M 18.0 40 310   M    M   6 1      53 320
10  45  30  38  -6  27   0 0.00    M    M  7.0 15 330   M    M   0        17 310
11  54  27  41  -3  24   0 0.00    M    M  5.4 13 110   M    M   3        17 120
12  56  45  51   7  14   0 0.40    M    M 14.1 25 170   M    M  10 13     37 190
13  64  40  52   7  13   0 0.36    M    M 27.6 43 210   M    M   8 1      61 220
14  40  35  38  -7  27   0    T    M    M 26.5 40 270   M    M   9        53 330
15  51  28  40  -5  25   0 0.00    M    M 12.9 24 320   M    M   0        32 320
16  63  26  45  -1  20   0 0.00    M    M  7.3 13 350   M    M   0        22 350
17  57  29  43  -3  22   0 0.00    M    M  4.3 10 110   M    M   2        15 100
================================================================================
SM  737  399       531   0  0.86    M    210.3          M       63
================================================================================
AV 43.4 23.5                              12.4 FASTST   M    M   4    MAX(MPH)
                                 MISC ---->  # 43 210               # 61  220
================================================================================
NOTES:
# LAST OF SEVERAL OCCURRENCES

COLUMN 17 PEAK WIND IN M.P.H.

PRELIMINARY LOCAL CLIMATOLOGICAL DATA (WS FORM: F-6) , PAGE 2

                                          STATION:  SALINA KS
                                          MONTH:    MARCH
                                          YEAR:     2019
                                          LATITUDE:   38 47 N
                                          LONGITUDE:  97 39 W

[TEMPERATURE DATA]      [PRECIPITATION DATA]       SYMBOLS USED IN COLUMN 16

AVERAGE MONTHLY: 33.4   TOTAL FOR MONTH:   0.86    1 = FOG OR MIST
DPTR FM NORMAL:  -9.8   DPTR FM NORMAL:   -0.31    2 = FOG REDUCING VISIBILITY
HIGHEST:    64 ON 13    GRTST 24HR  0.40 ON 12-12      TO 1/4 MILE OR LESS
LOWEST:     -3 ON  4                               3 = THUNDER
                        SNOW, ICE PELLETS, HAIL    4 = ICE PELLETS
                        TOTAL MONTH:    M          5 = HAIL
                        GRTST 24HR    M  ON   M    6 = FREEZING RAIN OR DRIZZLE
                        GRTST DEPTH:  M  ON   M    7 = DUSTSTORM OR SANDSTORM:
                                                       VSBY 1/2 MILE OR LESS
                                                   8 = SMOKE OR HAZE
[NO. OF DAYS WITH]      [WEATHER - DAYS WITH]      9 = BLOWING SNOW
                                                   X = TORNADO
MAX 32 OR BELOW:   4    0.01 INCH OR MORE:   5
MAX 90 OR ABOVE:   0    0.10 INCH OR MORE:   2
MIN 32 OR BELOW:  14    0.50 INCH OR MORE:   0
MIN  0 OR BELOW:   2    1.00 INCH OR MORE:   0

[HDD (BASE 65) ]
TOTAL THIS MO.   531    CLEAR  (SCALE 0-3)   9
DPTR FM NORMAL   160    PTCLDY (SCALE 4-7)   5
TOTAL FM JUL 1  4711    CLOUDY (SCALE 8-10)  3
DPTR FM NORMAL   499

[CDD (BASE 65) ]
TOTAL THIS MO.     0
DPTR FM NORMAL     0    [PRESSURE DATA]
TOTAL FM JAN 1     0    HIGHEST SLP M ON M
DPTR FM NORMAL     0    LOWEST  SLP 29.03 ON 13

[REMARKS]
