000
CXUS55 KPUB 231059
CF6TAD
PRELIMINARY LOCAL CLIMATOLOGICAL DATA (WS FORM: F-6)

                                          STATION:   TRINIDAD CO
                                          MONTH:     APRIL
                                          YEAR:      2018
                                          LATITUDE:   37 16 N
                                          LONGITUDE: 104 20 W

  TEMPERATURE IN F:       :PCPN:    SNOW:  WIND      :SUNSHINE: SKY     :PK WND
================================================================================
1   2   3   4   5  6A  6B    7    8   9   10  11  12  13   14  15   16   17  18
                                     12Z  AVG MX 2MIN
DY MAX MIN AVG DEP HDD CDD  WTR  SNW DPTH SPD SPD DIR MIN PSBL S-S WX    SPD DR
================================================================================

 1  48  21  35 -11  30   0 0.00  0.0    0  5.4 21 330   M    M   2        27 330
 2  77  30  54   8  11   0 0.00  0.0    0 10.8 31 250   M    M   0        38 260
 3  59  33  46   0  19   0 0.00  0.0    0 11.7 30  40   M    M   3        38  40
 4  70  29  50   4  15   0 0.00  0.0    0 10.2 29 260   M    M   0        33 260
 5  72  33  53   6  12   0 0.00  0.0    0  8.8 24 310   M    M   1        31 320
 6  53  23  38  -9  27   0 0.00  0.0    0 10.0 26  60   M    M   5 1      33  50
 7  64  22  43  -4  22   0    T  0.0    0  7.3 21  10   M    M   5 1      29  10
 8  70  36  53   6  12   0 0.08    M    0 16.1 35 260   M    M   3 1      43 330
 9  57  33  45  -3  20   0 0.00  0.0    0  7.1 23  80   M    M   5        30  60
10  73  37  55   7  10   0 0.00  0.0    0  7.6 21 250   M    M   0        30 260
11  83  47  65  17   0   0 0.00  0.0    0 15.9 31 270   M    M   0        42 260
12  82  49  66  18   0   1 0.00  0.0    0 21.9 45 240   M    M   1        61 250
13  56  31  44  -5  21   0 0.12    M    0 10.8 24  30   M    M   8 128    33  30
14  56  25  41  -8  24   0 0.00  0.0    0  8.1 23  20   M    M   2        33  10
15  66  27  47  -2  18   0 0.00  0.0    0  8.1 16 100   M    M   0        24 110
16  80  38  59   9   6   0 0.00  0.0    0 10.5 30 260   M    M   0        41 250
17  78  38  58   8   7   0 0.00  0.0    0 24.4 52 250   M    M   0        69 260
18  59  22  41  -9  24   0 0.00  0.0    0  8.1 18  80   M    M   0        26  70
19  68  29  49  -2  16   0 0.00  0.0    0 18.5 41 190   M    M   0        55 190
20  54  32  43  -8  22   0    T  0.0    0 14.6 36 200   M    M   4        53 200
21  51  31  41 -10  24   0 0.01    M    0  7.7 21  60   M    M   9 1      29  60
22  68  30  49  -3  16   0 0.00  0.0    0  8.2 21  10   M    M   2        29  10
================================================================================
SM 1444  696       356   1  0.21     0.0 251.8          M       50
================================================================================
AV 65.6 31.6                              11.4 FASTST   M    M   2    MAX(MPH)
                                 MISC ---->  # 52 250               # 69  260
================================================================================
NOTES:
# LAST OF SEVERAL OCCURRENCES

COLUMN 17 PEAK WIND IN M.P.H.

PRELIMINARY LOCAL CLIMATOLOGICAL DATA (WS FORM: F-6) , PAGE 2

                                          STATION:  TRINIDAD CO
                                          MONTH:    APRIL
                                          YEAR:     2018
                                          LATITUDE:   37 16 N
                                          LONGITUDE: 104 20 W

[TEMPERATURE DATA]      [PRECIPITATION DATA]       SYMBOLS USED IN COLUMN 16

AVERAGE MONTHLY: 48.6   TOTAL FOR MONTH:   0.21    1 = FOG OR MIST
DPTR FM NORMAL:   0.2   DPTR FM NORMAL:   -0.59    2 = FOG REDUCING VISIBILITY
HIGHEST:    83 ON 11    GRTST 24HR  0.12 ON 13-13      TO 1/4 MILE OR LESS
LOWEST:     21 ON  1                               3 = THUNDER
                        SNOW, ICE PELLETS, HAIL    4 = ICE PELLETS
                        TOTAL MONTH:   0.0 INCH    5 = HAIL
                        GRTST 24HR     0.0         6 = FREEZING RAIN OR DRIZZLE
                        GRTST DEPTH:   0           7 = DUSTSTORM OR SANDSTORM:
                                                       VSBY 1/2 MILE OR LESS
                                                   8 = SMOKE OR HAZE
[NO. OF DAYS WITH]      [WEATHER - DAYS WITH]      9 = BLOWING SNOW
                                                   X = TORNADO
MAX 32 OR BELOW:   0    0.01 INCH OR MORE:   3
MAX 90 OR ABOVE:   0    0.10 INCH OR MORE:   1
MIN 32 OR BELOW:  13    0.50 INCH OR MORE:   0
MIN  0 OR BELOW:   0    1.00 INCH OR MORE:   0

[HDD (BASE 65) ]
TOTAL THIS MO.   356    CLEAR  (SCALE 0-3)  16
DPTR FM NORMAL    -8    PTCLDY (SCALE 4-7)   5
TOTAL FM JUL 1  4469    CLOUDY (SCALE 8-10)  1
DPTR FM NORMAL  -724

[CDD (BASE 65) ]
TOTAL THIS MO.     1
DPTR FM NORMAL     1    [PRESSURE DATA]
TOTAL FM JAN 1     1    HIGHEST SLP M ON M
DPTR FM NORMAL     1    LOWEST  SLP 29.33 ON 12

[REMARKS]
