816
CXUS55 KBOI 211002
CF6TWF
PRELIMINARY LOCAL CLIMATOLOGICAL DATA (WS FORM: F-6)

                                          STATION:   TWIN FALLS ID
                                          MONTH:     MAY
                                          YEAR:      2019
                                          LATITUDE:   42 28 N
                                          LONGITUDE: 114 29 W

  TEMPERATURE IN F:       :PCPN:    SNOW:  WIND      :SUNSHINE: SKY     :PK WND
================================================================================
1   2   3   4   5  6A  6B    7    8   9   10  11  12  13   14  15   16   17  18
                                     12Z  AVG MX 2MIN
DY MAX MIN AVG DEP HDD CDD  WTR  SNW DPTH SPD SPD DIR MIN PSBL S-S WX    SPD DR
================================================================================

 1  55  29  42 -10  23   0 0.00    M    M  8.8 16 290   M    M   1        22 250
 2  62  37  50  -2  15   0 0.00    M    M 14.4 25 250   M    M   2        32 250
 3  67  37  52  -1  13   0 0.00    M    M  8.3 16 190   M    M   0        19 190
 4  73  40  57   4   8   0 0.00    M    M  9.2 18 300   M    M   0        23 300
 5  75  46  61   8   4   0 0.00    M    M 10.2 18 300   M    M   0        24 300
 6  73  41  57   3   8   0 0.00    M    M 11.9 29 170   M    M   0        35 180
 7  71  43  57   3   8   0 0.01    M    M 14.7 32  20   M    M   3 3      41  20
 8  65  42  54   0  11   0 0.01    M    M  9.9 23  20   M    M   7        27  20
 9  62  33  48  -6  17   0 0.01    M    M 10.6 21  90   M    M   5        27  90
10  66  27  47  -8  18   0 0.00    M    M  6.8 14  70   M    M   0        19  60
11  75  41  58   3   7   0 0.00    M    M  8.3 15 210   M    M   0        19 210
12  82  50  66  11   0   1 0.00    M    M  9.5 17 320   M    M   0        23 350
13  80  54  67  11   0   2 0.00    M    M 11.6 31 170   M    M   1 38     38 190
14  81  55  68  12   0   3    T    M    M 10.9 28 290   M    M   3 3      36 300
15  72  53  63   7   2   0    T    M    M  9.9 17 300   M    M   2        24 300
16  74  41  58   1   7   0 0.29    M    M 10.6 25 240   M    M   6 1      32 160
17  49  40  45 -12  20   0 0.34    M    M 18.8 28 270   M    M  10 1      37 270
18  60  42  51  -6  14   0 0.00    M    M 11.9 26 270   M    M   7        34 260
19  57  44  51  -6  14   0 0.54    M    M  8.4 21 100   M    M  10 13     26 250
20  58  43  51  -7  14   0 0.01    M    M  7.5 16 280   M    M   9        20 250
================================================================================
SM 1357  838       203   6  1.21    M    212.2          M       66
================================================================================
AV 67.9 41.9                              10.6 FASTST   M    M   3    MAX(MPH)
                                 MISC ---->  # 32  20               # 41   20
================================================================================
NOTES:
# LAST OF SEVERAL OCCURRENCES

COLUMN 17 PEAK WIND IN M.P.H.

PRELIMINARY LOCAL CLIMATOLOGICAL DATA (WS FORM: F-6) , PAGE 2

                                          STATION:  TWIN FALLS ID
                                          MONTH:    MAY
                                          YEAR:     2019
                                          LATITUDE:   42 28 N
                                          LONGITUDE: 114 29 W

[TEMPERATURE DATA]      [PRECIPITATION DATA]       SYMBOLS USED IN COLUMN 16

AVERAGE MONTHLY: 54.9   TOTAL FOR MONTH:   1.21    1 = FOG OR MIST
DPTR FM NORMAL:  -0.0   DPTR FM NORMAL:    0.32    2 = FOG REDUCING VISIBILITY
HIGHEST:    82 ON 12    GRTST 24HR  0.54 ON 19-19      TO 1/4 MILE OR LESS
LOWEST:     27 ON 10                               3 = THUNDER
                        SNOW, ICE PELLETS, HAIL    4 = ICE PELLETS
                        TOTAL MONTH:    M          5 = HAIL
                        GRTST 24HR    M  ON   M    6 = FREEZING RAIN OR DRIZZLE
                        GRTST DEPTH:  M  ON   M    7 = DUSTSTORM OR SANDSTORM:
                                                       VSBY 1/2 MILE OR LESS
                                                   8 = SMOKE OR HAZE
[NO. OF DAYS WITH]      [WEATHER - DAYS WITH]      9 = BLOWING SNOW
                                                   X = TORNADO
MAX 32 OR BELOW:   0    0.01 INCH OR MORE:   7
MAX 90 OR ABOVE:   0    0.10 INCH OR MORE:   3
MIN 32 OR BELOW:   2    0.50 INCH OR MORE:   1
MIN  0 OR BELOW:   0    1.00 INCH OR MORE:   0

[HDD (BASE 65) ]
TOTAL THIS MO.   203    CLEAR  (SCALE 0-3)  11
DPTR FM NORMAL    -8    PTCLDY (SCALE 4-7)   6
TOTAL FM JUL 1  6162    CLOUDY (SCALE 8-10)  3
DPTR FM NORMAL   153

[CDD (BASE 65) ]
TOTAL THIS MO.     6
DPTR FM NORMAL    -2    [PRESSURE DATA]
TOTAL FM JAN 1     6    HIGHEST SLP M ON M
DPTR FM NORMAL    -3    LOWEST  SLP 29.51 ON M

[REMARKS]
