000
CXUS55 KBOI 261002
CF6TWF
PRELIMINARY LOCAL CLIMATOLOGICAL DATA (WS FORM: F-6)

                                          STATION:   TWIN FALLS ID
                                          MONTH:     MARCH
                                          YEAR:      2019
                                          LATITUDE:   42 28 N
                                          LONGITUDE: 114 29 W

  TEMPERATURE IN F:       :PCPN:    SNOW:  WIND      :SUNSHINE: SKY     :PK WND
================================================================================
1   2   3   4   5  6A  6B    7    8   9   10  11  12  13   14  15   16   17  18
                                     12Z  AVG MX 2MIN
DY MAX MIN AVG DEP HDD CDD  WTR  SNW DPTH SPD SPD DIR MIN PSBL S-S WX    SPD DR
================================================================================

 1  42  25  34  -3  31   0    T    M    M  8.7 15 180   M    M   4 8      19 170
 2  39  23  31  -7  34   0 0.00    M    M  6.7 14 200   M    M   2        16 200
 3  38  24  31  -7  34   0 0.00    M    M  6.5 12 200   M    M   4        16 300
 4  40  23  32  -6  33   0 0.00    M    M 11.2 17  50   M    M   6        21  60
 5  39  25  32  -7  33   0 0.03    M    M 14.2 22  50   M    M   5 16     28  70
 6  50  32  41   2  24   0 0.17    M    M  7.1 23 180   M    M   6 1      27 170
 7  48  34  41   2  24   0 0.03    M    M 10.7 26 220   M    M   9        41 220
 8  38  28  33  -7  32   0    T    M    M 13.6 28 260   M    M   7 1      33 270
 9  40  22  31  -9  34   0    T    M    M  9.2 22 250   M    M   5 12     25 250
10  43  22  33  -7  32   0 0.00    M    M  5.8 14 320   M    M   7 12     19  10
11  45  19  32  -9  33   0 0.00    M    M  4.4 10 180   M    M   0        14 110
12  53  21  37  -4  28   0 0.03    M    M 12.8 36 270   M    M   2 1      42 260
13  40  25  33  -8  32   0 0.00    M    M 28.6 39 250   M    M   4        47 250
14  42  23  33  -9  32   0 0.00    M    M 12.4 21 260   M    M   2        27 260
15  50  24  37  -5  28   0 0.00    M    M  6.1 14 190   M    M   0        17 190
16  55  18  37  -5  28   0 0.00    M    M  6.2 12  60   M    M   0        17  60
17  56  19  38  -4  27   0 0.00    M    M  6.4 13  10   M    M   0        15 360
18  56  22  39  -4  26   0 0.00    M    M  9.4 21  60   M    M   0        26  50
19  60  22  41  -2  24   0 0.00    M    M 11.3 25  60   M    M   0        31  40
20  62  23  43   0  22   0 0.00    M    M 11.6 20  70   M    M   0        23  30
21  51  36  44   1  21   0 0.01    M    M  7.3 16  80   M    M   7        19  60
22  53  39  46   2  19   0    T    M    M 11.7 23 250   M    M   8        27 250
23  56  37  47   3  18   0 0.07    M    M  8.6 16 160   M    M   7 18     23 130
24  47  35  41  -3  24   0 0.15    M    M 12.2 25 250   M    M   8 1      30 230
25  58  30  44   0  21   0 0.00    M    M  7.4 20 140   M    M   0        24 150
================================================================================
SM 1201  651       694   0  0.49    M    250.1          M       93
================================================================================
AV 48.0 26.0                              10.0 FASTST   M    M   4    MAX(MPH)
                                 MISC ---->  # 39 250               # 47  250
================================================================================
NOTES:
# LAST OF SEVERAL OCCURRENCES

COLUMN 17 PEAK WIND IN M.P.H.

PRELIMINARY LOCAL CLIMATOLOGICAL DATA (WS FORM: F-6) , PAGE 2

                                          STATION:  TWIN FALLS ID
                                          MONTH:    MARCH
                                          YEAR:     2019
                                          LATITUDE:   42 28 N
                                          LONGITUDE: 114 29 W

[TEMPERATURE DATA]      [PRECIPITATION DATA]       SYMBOLS USED IN COLUMN 16

AVERAGE MONTHLY: 37.0   TOTAL FOR MONTH:   0.49    1 = FOG OR MIST
DPTR FM NORMAL:  -4.0   DPTR FM NORMAL:   -0.28    2 = FOG REDUCING VISIBILITY
HIGHEST:    62 ON 20    GRTST 24HR  0.17 ON  6- 6      TO 1/4 MILE OR LESS
LOWEST:     18 ON 16                               3 = THUNDER
                        SNOW, ICE PELLETS, HAIL    4 = ICE PELLETS
                        TOTAL MONTH:    M          5 = HAIL
                        GRTST 24HR    M  ON   M    6 = FREEZING RAIN OR DRIZZLE
                        GRTST DEPTH:  M  ON   M    7 = DUSTSTORM OR SANDSTORM:
                                                       VSBY 1/2 MILE OR LESS
                                                   8 = SMOKE OR HAZE
[NO. OF DAYS WITH]      [WEATHER - DAYS WITH]      9 = BLOWING SNOW
                                                   X = TORNADO
MAX 32 OR BELOW:   0    0.01 INCH OR MORE:   7
MAX 90 OR ABOVE:   0    0.10 INCH OR MORE:   2
MIN 32 OR BELOW:  20    0.50 INCH OR MORE:   0
MIN  0 OR BELOW:   0    1.00 INCH OR MORE:   0

[HDD (BASE 65) ]
TOTAL THIS MO.   694    CLEAR  (SCALE 0-3)  11
DPTR FM NORMAL    95    PTCLDY (SCALE 4-7)  13
TOTAL FM JUL 1  5362    CLOUDY (SCALE 8-10)  1
DPTR FM NORMAL   196

[CDD (BASE 65) ]
TOTAL THIS MO.     0
DPTR FM NORMAL     0    [PRESSURE DATA]
TOTAL FM JAN 1     0    HIGHEST SLP M ON M
DPTR FM NORMAL     0    LOWEST  SLP 29.59 ON  6

[REMARKS]
