000
CXUS54 KSHV 201500
CF6TYR
PRELIMINARY LOCAL CLIMATOLOGICAL DATA (WS FORM: F-6)

                                          STATION:   TYLER
                                          MONTH:     MAY
                                          YEAR:      2019
                                          LATITUDE:   32 22 N
                                          LONGITUDE:  95 24 W

  TEMPERATURE IN F:       :PCPN:    SNOW:  WIND      :SUNSHINE: SKY     :PK WND
================================================================================
1   2   3   4   5  6A  6B    7    8   9   10  11  12  13   14  15   16   17  18
                                     12Z  AVG MX 2MIN
DY MAX MIN AVG DEP HDD CDD  WTR  SNW DPTH SPD SPD DIR MIN PSBL S-S WX    SPD DR
================================================================================

 1  85  62  74   5   0   9 2.45  0.0    0 12.3 35 360   M    M   5 13     43  10
 2  80  62  71   2   0   6 1.10  0.0    0  8.2 20  70   M    M   6 138    30  70
 3  74  63  69  -1   0   4 0.16  0.0    0  4.9 15  10   M    M   6 1      20  10
 4  80  63  72   2   0   7 0.59  0.0    0  7.1 17  10   M    M   6 13     20  10
 5  83  58  71   1   0   6 0.00  0.0    0  3.6 10 180   M    M   1        15 190
 6  85  64  75   5   0  10 0.00  0.0    0  7.7 16 190   M    M   1        21 150
 7  86  69  78   7   0  13    T  0.0    0  8.8 18 150   M    M   4        24 140
 8  72  63  68  -3   0   3 1.97  0.0    0  6.8 26 310   M    M   8 123    37 320
 9  85  59  72   1   0   7 0.01  0.0    0  8.5 22 350   M    M   8 18     28 350
10  68  55  62 -10   3   0    T  0.0    0  9.4 21  10   M    M  10 18     28 360
11  69  61  65  -7   0   0 0.58  0.0    0  5.6 17 310   M    M  10 13     22 320
12  76  59  68  -4   0   3 0.00  0.0    0  4.7 16 310   M    M   6        19 320
13  84  57  71  -1   0   6 0.00  0.0    0  3.4  9 150   M    M   0        12 150
14  84  59  72  -1   0   7 0.00  0.0    0  4.9 15 230   M    M   0        18 220
15  86  62  74   1   0   9 0.00  0.0    0  5.5 14 200   M    M   0        19 210
16  87  63  75   2   0  10 0.00  0.0    0  8.2 18 210   M    M   1        24 210
17  87  63  75   2   0  10 0.00  0.0    0 10.2 18 170   M    M   4        23 160
18  86  68  77   3   0  12 0.74  0.0    0 11.1 30 260   M    M   8 13     43 270
19  91  69  80   6   0  15 0.00  0.0    0  6.3 15 210   M    M   4 18     19 200
================================================================================
SM 1548 1179         3 137  7.60     0.0 137.2          M       88
================================================================================
AV 81.5 62.1                               7.2 FASTST   M    M   5    MAX(MPH)
                                 MISC ---->  # 35 360               # 43   10
================================================================================
NOTES:
# LAST OF SEVERAL OCCURRENCES

COLUMN 17 PEAK WIND IN M.P.H.

PRELIMINARY LOCAL CLIMATOLOGICAL DATA (WS FORM: F-6) , PAGE 2

                                          STATION:  TYLER
                                          MONTH:    MAY
                                          YEAR:     2019
                                          LATITUDE:   32 22 N
                                          LONGITUDE:  95 24 W

[TEMPERATURE DATA]      [PRECIPITATION DATA]       SYMBOLS USED IN COLUMN 16

AVERAGE MONTHLY: 71.8   TOTAL FOR MONTH:   7.60    1 = FOG OR MIST
DPTR FM NORMAL:   0.2   DPTR FM NORMAL:    4.71    2 = FOG REDUCING VISIBILITY
HIGHEST:    91 ON 19    GRTST 24HR  2.45 ON  1- 1      TO 1/4 MILE OR LESS
LOWEST:     55 ON 10                               3 = THUNDER
                        SNOW, ICE PELLETS, HAIL    4 = ICE PELLETS
                        TOTAL MONTH:   0.0 INCH    5 = HAIL
                        GRTST 24HR     0.0         6 = FREEZING RAIN OR DRIZZLE
                        GRTST DEPTH:   0           7 = DUSTSTORM OR SANDSTORM:
                                                       VSBY 1/2 MILE OR LESS
                                                   8 = SMOKE OR HAZE
[NO. OF DAYS WITH]      [WEATHER - DAYS WITH]      9 = BLOWING SNOW
                                                   X = TORNADO
MAX 32 OR BELOW:   0    0.01 INCH OR MORE:   8
MAX 90 OR ABOVE:   1    0.10 INCH OR MORE:   7
MIN 32 OR BELOW:   0    0.50 INCH OR MORE:   6
MIN  0 OR BELOW:   0    1.00 INCH OR MORE:   3

[HDD (BASE 65) ]
TOTAL THIS MO.     3    CLEAR  (SCALE 0-3)   6
DPTR FM NORMAL    -3    PTCLDY (SCALE 4-7)  10
TOTAL FM JUL 1  2162    CLOUDY (SCALE 8-10)  3
DPTR FM NORMAL  -106

[CDD (BASE 65) ]
TOTAL THIS MO.   137
DPTR FM NORMAL     5    [PRESSURE DATA]
TOTAL FM JAN 1   287    HIGHEST SLP M ON M
DPTR FM NORMAL    43    LOWEST  SLP 29.64 ON M

[REMARKS]
