000
CXUS54 KSHV 281500
CF6TYR
PRELIMINARY LOCAL CLIMATOLOGICAL DATA (WS FORM: F-6)

                                          STATION:   TYLER
                                          MONTH:     MAY
                                          YEAR:      2020
                                          LATITUDE:   32 22 N
                                          LONGITUDE:  95 24 W

  TEMPERATURE IN F:       :PCPN:    SNOW:  WIND      :SUNSHINE: SKY     :PK WND
================================================================================
1   2   3   4   5  6A  6B    7    8   9   10  11  12  13   14  15   16   17  18
                                     12Z  AVG MX 2MIN
DY MAX MIN AVG DEP HDD CDD  WTR  SNW DPTH SPD SPD DIR MIN PSBL S-S WX    SPD DR
================================================================================

 1  85  54  70   1   0   5 0.00  0.0    0 11.3 21 180   M    M   0        27 170
 2  86  63  75   6   0  10 0.00  0.0    0 14.1 26 190   M    M   2        32 190
 3  88  71  80  10   0  15 0.00  0.0    0 12.8 21 180   M    M   3        28 200
 4  89  69  79   9   0  14 0.00  0.0    0 12.8 21 190   M    M   2        25 200
 5  81  65  73   3   0   8    T  0.0    0  9.8 25 330   M    M   2        34 360
 6  82  51  67  -3   0   2 0.00  0.0    0  5.9 13  40   M    M   0        16 340
 7  84  57  71   0   0   6    T  0.0    0 11.8 32 170   M    M   2 3      40 170
 8  74  57  66  -5   0   1 0.62  0.0    0 12.1 28  10   M    M   6 13     38 200
 9  73  51  62  -9   3   0 0.00  0.0    0  6.2 15 110   M    M   0        22 120
10  77  50  64  -8   1   0 0.00  0.0    0  4.3 14  80   M    M   0        19  90
11  80  55  68  -4   0   3 0.00  0.0    0  8.5 17  90   M    M   0        22 110
12  79  61  70  -2   0   5    T  0.0    0  9.4 20 170   M    M   6 3      24 170
13  85  65  75   3   0  10    T  0.0    0 11.0 18 190   M    M   6        24 180
14  90  70  80   7   0  15    T  0.0    0 11.4 20 140   M    M   5        25 140
15  87  66  77   4   0  12 0.11  0.0    0  8.8 22 350   M    M   5 13     29  10
16  80  67  74   1   0   9 0.44  0.0    0 10.8 23 120   M    M   8 18     28 120
17  84  65  75   2   0  10 0.37  0.0    0 11.2 24 310   M    M   5 1      29 320
18  88  60  74   0   0   9 0.00  0.0    0  2.5 10 260   M    M   0        16 240
19  94  68  81   7   0  16 0.00  0.0    0  7.4 14 200   M    M   1 8      19 240
20  79  70  75   1   0  10 0.00  0.0    0 10.1 17 100   M    M   9        24 120
21  85  70  78   4   0  13 0.00  0.0    0  8.6 18 190   M    M   6 18     22 190
22  92  73  83   8   0  18    T  0.0    0 11.5 22 190   M    M   4 3      27 210
23  87  67  77   2   0  12 0.23  0.0    0 10.1 25  10   M    M   3 13     33  10
24  88  66  77   2   0  12 1.39  0.0    0  9.3 40 160   M    M   5 13     47 160
25  80  65  73  -2   0   8 0.09  0.0    0  7.3 21 310   M    M   9 18     27 310
26  79  62  71  -5   0   6    T  0.0    0  5.8 13 310   M    M   4 18     17 320
27  85  60  73  -3   0   8 0.00  0.0    0  5.3 16 200   M    M   1        22 210
================================================================================
SM 2261 1698         4 237  3.25     0.0 250.1          M       94
================================================================================
AV 83.7 62.9                               9.3 FASTST   M    M   3    MAX(MPH)
                                 MISC ---->  # 40 160               # 47  160
================================================================================
NOTES:
# LAST OF SEVERAL OCCURRENCES

COLUMN 17 PEAK WIND IN M.P.H.

PRELIMINARY LOCAL CLIMATOLOGICAL DATA (WS FORM: F-6) , PAGE 2

                                          STATION:  TYLER
                                          MONTH:    MAY
                                          YEAR:     2020
                                          LATITUDE:   32 22 N
                                          LONGITUDE:  95 24 W

[TEMPERATURE DATA]      [PRECIPITATION DATA]       SYMBOLS USED IN COLUMN 16

AVERAGE MONTHLY: 73.3   TOTAL FOR MONTH:   3.25    1 = FOG OR MIST
DPTR FM NORMAL:   0.8   DPTR FM NORMAL:   -0.79    2 = FOG REDUCING VISIBILITY
HIGHEST:    94 ON 19    GRTST 24HR  1.39 ON 24-24      TO 1/4 MILE OR LESS
LOWEST:     50 ON 10                               3 = THUNDER
                        SNOW, ICE PELLETS, HAIL    4 = ICE PELLETS
                        TOTAL MONTH:   0.0 INCH    5 = HAIL
                        GRTST 24HR     0.0         6 = FREEZING RAIN OR DRIZZLE
                        GRTST DEPTH:   0           7 = DUSTSTORM OR SANDSTORM:
                                                       VSBY 1/2 MILE OR LESS
                                                   8 = SMOKE OR HAZE
[NO. OF DAYS WITH]      [WEATHER - DAYS WITH]      9 = BLOWING SNOW
                                                   X = TORNADO
MAX 32 OR BELOW:   0    0.01 INCH OR MORE:   7
MAX 90 OR ABOVE:   3    0.10 INCH OR MORE:   6
MIN 32 OR BELOW:   0    0.50 INCH OR MORE:   2
MIN  0 OR BELOW:   0    1.00 INCH OR MORE:   1

[HDD (BASE 65) ]
TOTAL THIS MO.     4    CLEAR  (SCALE 0-3)  12
DPTR FM NORMAL    -2    PTCLDY (SCALE 4-7)  12
TOTAL FM JUL 1  1856    CLOUDY (SCALE 8-10)  3
DPTR FM NORMAL  -412

[CDD (BASE 65) ]
TOTAL THIS MO.   237
DPTR FM NORMAL    25    [PRESSURE DATA]
TOTAL FM JAN 1   430    HIGHEST SLP M ON M
DPTR FM NORMAL   106    LOWEST  SLP 29.62 ON 16

[REMARKS]
