000
CXUS53 KLSX 221600
CF6UIN
PRELIMINARY LOCAL CLIMATOLOGICAL DATA (WS FORM: F-6)

                                          STATION:   QUINCY IL
                                          MONTH:     MARCH
                                          YEAR:      2019
                                          LATITUDE:   39 57 N
                                          LONGITUDE:  91 12 W

  TEMPERATURE IN F:       :PCPN:    SNOW:  WIND      :SUNSHINE: SKY     :PK WND
================================================================================
1   2   3   4   5  6A  6B    7    8   9   10  11  12  13   14  15   16   17  18
                                     12Z  AVG MX 2MIN
DY MAX MIN AVG DEP HDD CDD  WTR  SNW DPTH SPD SPD DIR MIN PSBL S-S WX    SPD DR
================================================================================

 1  38  19  29  -7  36   0 0.00  0.0    0  4.8 14 300   M    M   5        19 290
 2  33  23  28  -8  37   0 0.00  0.0    0 11.6 17 360   M    M   6 18     23  20
 3  23   2  13 -24  52   0    M    M    0 15.6 23 360   M    M   6 1      30 350
 4  17  -2   8 -29  57   0 0.00  0.0    M 11.9 20 270   M    M   2        26 270
 5  23   8  16 -22  49   0 0.00  0.0    M 13.8 24 310   M    M   4        32 300
 6  34   8  21 -17  44   0 0.00  0.0    M  8.3 18 240   M    M   2        27 200
 7  31  27  29  -9  36   0 0.09    M    M  9.5 17  80   M    M   9 128    23  80
 8  39  30  35  -4  30   0 0.00  0.0    M  8.2 15 110   M    M  10 18     20 110
 9  50  35  43   4  22   0 1.19  0.0    0 16.3 32 260   M    M  10 13     49 270
10  45  31  38  -2  27   0 0.00  0.0    0 12.9 25 270   M    M   3        40 240
11  49  25  37  -3  28   0 0.00  0.0    0  4.8 13  20   M    M   2        14  20
12  48  31  40   0  25   0 0.15  0.0    0 11.9 21 160   M    M   4 18     30 180
13  61  45  53  12  12   0 0.28  0.0    0 15.5 25 150   M    M   5 1      37 150
14  60  38  49   8  16   0    T  0.0    0 23.0 39 240   M    M   9        57 230
15  47  32  40  -2  25   0 0.02  0.0    0 16.1 29 310   M    M   5        39 310
16  50  25  38  -4  27   0    T  0.0    0  5.9 13 310   M    M   3        19 280
17  47  32  40  -2  25   0 0.00  0.0    0  8.7 20 340   M    M   4 18     25 340
18  49  27  38  -5  27   0 0.00  0.0    0  4.9 13 330   M    M   1 1      18 330
19  51  31  41  -2  24   0    T    M    0  7.6 14 180   M    M   5        19 200
20  54  41  48   4  17   0 0.09    M    0 10.9 22 300   M    M   8        30 300
21  54  33  44   0  21   0 0.00  0.0    0 10.9 20 320   M    M   2        30 300
================================================================================
SM  903  541       637   0  1.82     0.0 233.1          M      105
================================================================================
AV 43.0 25.8                              11.1 FASTST   M    M   5    MAX(MPH)
                                 MISC ---->  # 39 240               # 57  230
================================================================================
NOTES:
# LAST OF SEVERAL OCCURRENCES

COLUMN 17 PEAK WIND IN M.P.H.

PRELIMINARY LOCAL CLIMATOLOGICAL DATA (WS FORM: F-6) , PAGE 2

                                          STATION:  QUINCY IL
                                          MONTH:    MARCH
                                          YEAR:     2019
                                          LATITUDE:   39 57 N
                                          LONGITUDE:  91 12 W

[TEMPERATURE DATA]      [PRECIPITATION DATA]       SYMBOLS USED IN COLUMN 16

AVERAGE MONTHLY: 34.4   TOTAL FOR MONTH:   1.82    1 = FOG OR MIST
DPTR FM NORMAL:  -5.6   DPTR FM NORMAL:    0.21    2 = FOG REDUCING VISIBILITY
HIGHEST:    61 ON 13    GRTST 24HR  1.19 ON  9- 9      TO 1/4 MILE OR LESS
LOWEST:     -2 ON  4                               3 = THUNDER
                        SNOW, ICE PELLETS, HAIL    4 = ICE PELLETS
                        TOTAL MONTH:   0.0 INCH    5 = HAIL
                        GRTST 24HR     0.0         6 = FREEZING RAIN OR DRIZZLE
                        GRTST DEPTH:   0           7 = DUSTSTORM OR SANDSTORM:
                                                       VSBY 1/2 MILE OR LESS
                                                   8 = SMOKE OR HAZE
[NO. OF DAYS WITH]      [WEATHER - DAYS WITH]      9 = BLOWING SNOW
                                                   X = TORNADO
MAX 32 OR BELOW:   4    0.01 INCH OR MORE:   6
MAX 90 OR ABOVE:   0    0.10 INCH OR MORE:   3
MIN 32 OR BELOW:  16    0.50 INCH OR MORE:   1
MIN  0 OR BELOW:   1    1.00 INCH OR MORE:   1

[HDD (BASE 65) ]
TOTAL THIS MO.   637    CLEAR  (SCALE 0-3)   6
DPTR FM NORMAL   109    PTCLDY (SCALE 4-7)  11
TOTAL FM JUL 1  5128    CLOUDY (SCALE 8-10)  4
DPTR FM NORMAL   258

[CDD (BASE 65) ]
TOTAL THIS MO.     0
DPTR FM NORMAL     0    [PRESSURE DATA]
TOTAL FM JAN 1     0    HIGHEST SLP M ON M
DPTR FM NORMAL     0    LOWEST  SLP 29.30 ON  9

[REMARKS]
