990
CXUS56 KTFX 220915
CF6WYS
21
PRELIMINARY LOCAL CLIMATOLOGICAL DATA (WS FORM: F-6)

                                          STATION:   WEST YELLOWSTO MT
                                          MONTH:     March
                                          YEAR:      2019
                                          LATITUDE:   44.68  N
                                          LONGITUDE: 111.12  W

  TEMPERATURE IN F:       :PCPN:    SNOW:  WIND      :SUNSHINE: SKY     :PK WND
================================================================================
1   2   3   4   5  6A  6B    7    8   9   10  11  12  13   14  15   16   17  18
                                     12Z  AVG MX 2MIN
DY MAX MIN AVG DEP HDD CDD  WTR  SNW DPTH SPD SPD DIR MIN PSBL S-S WX    SPD DR
================================================================================

01  27  -9   9 -11  56   0  0.00  M    M  7.5  M   M   M    M   M        28  360
02  23 -13   5 -15  60   0  0.00  M    M  1.9  M   M   M    M   M        17  340
03  16 -20  -2 -22  67   0  0.00  M    M  2.3  M   M   M    M   M        M     M
04  21 -36  -7 -28  72   0  0.00  M    M  1.8  M   M   M    M   M        14  250
05  27 -29  -1 -22  66   0  0.00  M    M  0.6  M   M   M    M   M        M     M
06  36  19  27   6  38   0  0.03  M    M  2.7  M   M   M    M   M        17  350
07  34  28  31   9  34   0  0.00  M    M 12.8  M   M   M    M   M        32  240
08  36  19  27   5  38   0  0.00  M    M  4.4  M   M   M    M   M        18  360
09  21 -11   5 -18  60   0  0.00  M    M  6.9  M   M   M    M   M        25  340
10  28 -15   6 -17  59   0  0.00  M    M  2.3  M   M   M    M   M        20  250
11  34 -27   3 -20  62   0  0.00  M    M  4.0  M   M   M    M   M        23  240
12  37 -13  12 -12  53   0  0.00  M    M  2.8  M   M   M    M   M        25  240
13  28  -4  12 -12  53   0  0.00  M    M  7.9  M   M   M    M   M        29  40
14  30  -2  14 -10  51   0  0.00  M    M  4.8  M   M   M    M   M        22  360
15  32  -2  15 -10  50   0  0.00  M    M  7.8  M   M   M    M   M        24  340
16  39  -9  15 -10  50   0  0.00  M    M  4.1  M   M   M    M   M        18  240
17  43  -2  20  -5  45   0  0.00  M    M  1.6  M   M   M    M   M        13  300
18  43   0  21  -5  44   0  0.00  M    M  3.3  M   M   M    M   M        15  360
19  45  -4  20  -6  45   0  0.00  M    M  1.0  M   M   M    M   M        M     M
20  52   0  26   0  39   0  0.00  M    M  1.9  M   M   M    M   M        13  290
21  55   5  30   4  35   0  0.00  M    M  2.1  M   M   M    M   M        17  230
================================================================================
SM 707 -125         1077  0  0.03         84.5
================================================================================
AV 33.7 -6.0                              4.0                        MAX(MPH)
                                                                      32

[TEMPERATURE DATA]      [PRECIPITATION DATA]

Average Monthly:  13.9  Total for Month:  0.03
Dptr fm Normal:    -9.5  Dptr fm Normal:  -1.18
