000
CXUS56 KTFX 220915
CF6WYS
21
PRELIMINARY LOCAL CLIMATOLOGICAL DATA (WS FORM: F-6)

                                          STATION:   WEST YELLOWSTO MT
                                          MONTH:     May
                                          YEAR:      2019
                                          LATITUDE:   44.68  N
                                          LONGITUDE: 111.12  W

  TEMPERATURE IN F:       :PCPN:    SNOW:  WIND      :SUNSHINE: SKY     :PK WND
================================================================================
1   2   3   4   5  6A  6B    7    8   9   10  11  12  13   14  15   16   17  18
                                     12Z  AVG MX 2MIN
DY MAX MIN AVG DEP HDD CDD  WTR  SNW DPTH SPD SPD DIR MIN PSBL S-S WX    SPD DR
================================================================================

01  39  10  24 -15  41   0  0.00  M    M  6.3  M   M   M    M   M        28  360
02  46  25  35  -4  30   0  0.00  M    M  8.5  M   M   M    M   M        33  360
03  54  14  34  -6  31   0  0.00  M    M  6.1  M   M   M    M   M        28  250
04  55  27  41   1  24   0  0.00  M    M  4.2  M   M   M    M   M        25  280
05  57  28  42   1  23   0  0.00  M    M  5.3  M   M   M    M   M        25  360
06  59  28  43   2  22   0  0.00  M    M  3.1  M   M   M    M   M        18  360
07  50  34  42   1  23   0  0.20  M    M  4.0  M   M   M    M   M        21  360
08  46  32  39  -3  26   0  0.00  M    M 10.8  M   M   M    M   M        23  360
09  43  21  32 -10  33   0  0.00  M    M  5.5  M   M   M    M   M        18  360
10  55  18  36  -6  29   0  0.00  M    M  3.0  M   M   M    M   M        20  360
11  63  25  44   1  21   0  0.00  M    M  2.8  M   M   M    M   M        22  350
12  70  25  47   4  18   0  0.00  M    M  4.8  M   M   M    M   M        26  300
13  70  27  48   5  17   0  0.00  M    M  4.6  M   M   M    M   M        29  330
14  70  27  48   5  17   0  0.00  M    M  6.2  M   M   M    M   M        35  340
15  63  36  49   5  16   0  0.00  M    M  3.7  M   M   M    M   M        32  350
16  61  39  50   6  15   0  0.00  M    M  4.7  M   M   M    M   M        30  350
17  43  36  39  -5  26   0  0.00  M    M  9.7  M   M   M    M   M        29  230
18  46  34  40  -5  25   0  0.00  M    M  8.7  M   M   M    M   M        28  270
19  48  32  40  -5  25   0  0.01  M    M  5.1  M   M   M    M   M        18  360
20  41  32  36  -9  29   0  0.23  M    M  3.3  M   M   M    M   M        15  360
21  48  34  41  -4  24   0  0.00  M    M  6.4  M   M   M    M   M        25  360
================================================================================
SM 1127 584         515  0  0.44         116.8
================================================================================
AV 53.7 27.8                              5.6                        MAX(MPH)
                                                                      35

[TEMPERATURE DATA]      [PRECIPITATION DATA]

Average Monthly:  40.7  Total for Month:  0.44
Dptr fm Normal:    -2.0  Dptr fm Normal:  -1.12
