000
CDUS41 KGYX 260801
CLICON


CLIMATE REPORT
NATIONAL WEATHER SERVICE GRAY ME
400 AM EDT MON OCT 26 2020


...................................

...THE CONCORD NH CLIMATE SUMMARY FOR OCTOBER 25 2020...

CLIMATE NORMAL PERIOD 1981 TO 2010
CLIMATE RECORD PERIOD 1868 TO 2020


WEATHER ITEM   OBSERVED TIME   RECORD YEAR NORMAL DEPARTURE LAST
                VALUE   (LST)  VALUE       VALUE  FROM      YEAR
                                                  NORMAL
..................................................................
TEMPERATURE (F)
 YESTERDAY
  MAXIMUM         51    330 PM  83    1963  57     -6       56
  MINIMUM         29    628 AM  16    1947  33     -4       42
  AVERAGE         40                        45     -5       49

PRECIPITATION (IN)
  YESTERDAY        0.00          2.65 2017   0.13  -0.13     0.04
  MONTH TO DATE    3.22                      3.27  -0.05     3.89
  SINCE SEP 1      4.13                      6.65  -2.52     4.92
  SINCE JAN 1     22.88                     32.92 -10.04    34.86

SNOWFALL (IN)
  YESTERDAY        0.0           0.2  1925   0.0    0.0      0.0
  MONTH TO DATE    0.0                       0.0    0.0      0.0
  SINCE SEP 1      0.0                       0.0    0.0      0.0
  SINCE JUL 1      0.0                       0.0    0.0      0.0
  SNOW DEPTH       0

DEGREE DAYS
 HEATING
  YESTERDAY       25                        20      5       16
  MONTH TO DATE  322                       399    -77      364
  SINCE SEP 1    468                       586   -118      542
  SINCE JUL 1    497                       634   -137      562

 COOLING
  YESTERDAY        0                         0      0        0
  MONTH TO DATE    0                         0      0        0
  SINCE SEP 1     50                        37     13       28
  SINCE JAN 1    726                       450    276      492
..................................................................


WIND (MPH)
  RESULTANT WIND SPEED   2   RESULTANT WIND DIRECTION  NW (330)
  HIGHEST WIND SPEED    13   HIGHEST WIND DIRECTION    NW (320)
  HIGHEST GUST SPEED    17   HIGHEST GUST DIRECTION    NW (330)
  AVERAGE WIND SPEED     3.5


SKY COVER
  AVERAGE SKY COVER 0.0


WEATHER CONDITIONS
 THE FOLLOWING WEATHER WAS RECORDED YESTERDAY.
  NO SIGNIFICANT WEATHER WAS OBSERVED.


RELATIVE HUMIDITY (PERCENT)
 HIGHEST    92           700 AM
 LOWEST     36           300 PM
 AVERAGE    64

..........................................................


THE CONCORD NH CLIMATE NORMALS FOR TODAY
                         NORMAL    RECORD    YEAR
 MAXIMUM TEMPERATURE (F)   57        83      1874
 MINIMUM TEMPERATURE (F)   33        18      1941


SUNRISE AND SUNSET
OCTOBER 26 2020.......SUNRISE   714 AM EDT   SUNSET   545 PM EDT
OCTOBER 27 2020.......SUNRISE   715 AM EDT   SUNSET   544 PM EDT


-  INDICATES NEGATIVE NUMBERS.
R  INDICATES RECORD WAS SET OR TIED.
MM INDICATES DATA IS MISSING.
T  INDICATES TRACE AMOUNT.




$$
