412
CDUS41 KGYX 190802
CLICON


CLIMATE REPORT
NATIONAL WEATHER SERVICE GRAY ME
402 AM EDT THU SEP 19 2019


...................................

...THE CONCORD NH CLIMATE SUMMARY FOR SEPTEMBER 18 2019...

CLIMATE NORMAL PERIOD 1981 TO 2010
CLIMATE RECORD PERIOD 1868 TO 2019


WEATHER ITEM   OBSERVED TIME   RECORD YEAR NORMAL DEPARTURE LAST
                VALUE   (LST)  VALUE       VALUE  FROM      YEAR
                                                  NORMAL
..................................................................
TEMPERATURE (F)
 YESTERDAY
  MAXIMUM         64    305 PM  91    1955  72     -8       83
  MINIMUM         38   1120 PM  29    1868  47     -9       65
  AVERAGE         51                        59     -8       74

PRECIPITATION (IN)
  YESTERDAY        0.00          2.42 2004   0.12  -0.12     0.90
  MONTH TO DATE    0.75                      1.91  -1.16     3.20
  SINCE SEP 1      0.75                      1.91  -1.16     3.20
  SINCE JAN 1     30.69                     28.18   2.51    36.47

SNOWFALL (IN)
  YESTERDAY        0.0           0.0  2002   0.0    0.0      0.0
                                      2001
                                      2000
  MONTH TO DATE    0.0                       0.0    0.0      0.0
  SINCE SEP 1      0.0                       0.0    0.0      0.0
  SINCE JUL 1      0.0                       0.0    0.0      0.0
  SNOW DEPTH       0

DEGREE DAYS
 HEATING
  YESTERDAY       14                         7      7        0
  MONTH TO DATE  107                        77     30       29
  SINCE SEP 1    107                        77     30       29
  SINCE JUL 1    127                       125      2       33

 COOLING
  YESTERDAY        0                         1     -1        9
  MONTH TO DATE   13                        31    -18      105
  SINCE SEP 1     13                        31    -18      105
  SINCE JAN 1    477                       444     33      723
..................................................................


WIND (MPH)
  RESULTANT WIND SPEED   4   RESULTANT WIND DIRECTION  NE (60)
  HIGHEST WIND SPEED    14   HIGHEST WIND DIRECTION    NE (50)
  HIGHEST GUST SPEED    21   HIGHEST GUST DIRECTION     N (20)
  AVERAGE WIND SPEED     4.6


SKY COVER
  AVERAGE SKY COVER 0.4


WEATHER CONDITIONS
 THE FOLLOWING WEATHER WAS RECORDED YESTERDAY.
  NO SIGNIFICANT WEATHER WAS OBSERVED.


RELATIVE HUMIDITY (PERCENT)
 HIGHEST    93          1100 PM
 LOWEST     36           300 PM
 AVERAGE    65

..........................................................


THE CONCORD NH CLIMATE NORMALS FOR TODAY
                         NORMAL    RECORD    YEAR
 MAXIMUM TEMPERATURE (F)   71        91      1983
 MINIMUM TEMPERATURE (F)   46        30      1990
                                             1959
                                             1956


SUNRISE AND SUNSET
SEPTEMBER 19 2019.....SUNRISE   630 AM EDT   SUNSET   649 PM EDT
SEPTEMBER 20 2019.....SUNRISE   631 AM EDT   SUNSET   647 PM EDT


-  INDICATES NEGATIVE NUMBERS.
R  INDICATES RECORD WAS SET OR TIED.
MM INDICATES DATA IS MISSING.
T  INDICATES TRACE AMOUNT.




$$
