000
CDUS41 KGYX 202145
CLICON


CLIMATE REPORT
NATIONAL WEATHER SERVICE GRAY ME
445 PM EST THU FEB 20 2020


...................................

...THE CONCORD NH CLIMATE SUMMARY FOR FEBRUARY 20 2020...
VALID TODAY AS OF 0400 PM LOCAL TIME.

CLIMATE NORMAL PERIOD 1981 TO 2010
CLIMATE RECORD PERIOD 1868 TO 2020


WEATHER ITEM   OBSERVED TIME   RECORD YEAR NORMAL DEPARTURE LAST
                VALUE   (LST)  VALUE       VALUE  FROM      YEAR
                                                  NORMAL
..................................................................
TEMPERATURE (F)
 TODAY
  MAXIMUM         28    219 PM  66    1930  36     -8       27
  MINIMUM          7    729 AM -19    1966  15     -8        1
  AVERAGE         18                        26     -8       14

PRECIPITATION (IN)
  TODAY            0.00          1.25 1888   0.09  -0.09     0.06
  MONTH TO DATE    2.04                      1.84   0.20     1.93
  SINCE DEC 1      9.69                      7.74   1.95     9.91
  SINCE JAN 1      3.99                      4.54  -0.55     6.65

SNOWFALL (IN)
  TODAY            0.0          11.5  1934   0.4   -0.4      0.5
  MONTH TO DATE   11.0                       9.0    2.0      7.6
  SINCE DEC 1     38.1                      41.6   -3.5     26.7
  SINCE JUL 1     38.4                      44.2   -5.8     40.0
  SNOW DEPTH      11

DEGREE DAYS
 HEATING
  TODAY           47                        39      8       51
  MONTH TO DATE  772                       832    -60      800
  SINCE DEC 1   3071                      3394   -323     3261
  SINCE JUL 1   4647                      4954   -307     4885

 COOLING
  TODAY            0                         0      0        0
  MONTH TO DATE    0                         0      0        0
  SINCE DEC 1      0                         0      0        0
  SINCE JAN 1      0                         0      0        0
..................................................................


WIND (MPH)
  HIGHEST WIND SPEED    22   HIGHEST WIND DIRECTION     W (270)
  HIGHEST GUST SPEED    31   HIGHEST GUST DIRECTION     W (270)
  AVERAGE WIND SPEED     7.1


SKY COVER
  POSSIBLE SUNSHINE  MM
  AVERAGE SKY COVER 0.1


WEATHER CONDITIONS
 THE FOLLOWING WEATHER WAS RECORDED TODAY.
  NO SIGNIFICANT WEATHER WAS OBSERVED.


RELATIVE HUMIDITY (PERCENT)
 HIGHEST    73           600 AM
 LOWEST     37          1200 PM
 AVERAGE    55

..........................................................


THE CONCORD NH CLIMATE NORMALS FOR TOMORROW
                         NORMAL    RECORD    YEAR
 MAXIMUM TEMPERATURE (F)   37        74      2018
 MINIMUM TEMPERATURE (F)   15       -17      2015


SUNRISE AND SUNSET
FEBRUARY 20 2020......SUNRISE   637 AM EST   SUNSET   523 PM EST
FEBRUARY 21 2020......SUNRISE   636 AM EST   SUNSET   524 PM EST


-  INDICATES NEGATIVE NUMBERS.
R  INDICATES RECORD WAS SET OR TIED.
MM INDICATES DATA IS MISSING.
T  INDICATES TRACE AMOUNT.




$$
