000
CDUS41 KGYX 052141
CLICON

CLIMATE REPORT
NATIONAL WEATHER SERVICE GRAY ME
441 PM EST SUN DEC 05 2021

...................................

...THE CONCORD NH CLIMATE SUMMARY FOR DECEMBER 5 2021...
VALID TODAY AS OF 0400 PM LOCAL TIME.

CLIMATE NORMAL PERIOD: 1991 TO 2020
CLIMATE RECORD PERIOD: 1868 TO 2021


WEATHER ITEM   OBSERVED TIME   RECORD YEAR NORMAL DEPARTURE LAST
                VALUE   (LST)  VALUE       VALUE  FROM      YEAR
                                                  NORMAL
...................................................................
TEMPERATURE (F)
 TODAY
  MAXIMUM         41   2:54 PM  62    2001  41      0       37
  MINIMUM         20   7:23 AM  -7    1989  23     -3       32
  AVERAGE         31                        32     -1       35

PRECIPITATION (IN)
  TODAY            0.00          1.82 1920   0.13  -0.13     1.48
  MONTH TO DATE    0.20                      0.62  -0.42     1.49
  SINCE DEC 1      0.20                      0.62  -0.42     1.49
  SINCE JAN 1     40.23                     38.87   1.36    29.56

SNOWFALL (IN)
  TODAY            0.0           7.3  1895   0.3   -0.3      4.0
  MONTH TO DATE    0.1                       1.7   -1.6      4.0
  SINCE DEC 1      0.1                       1.7   -1.6      4.0
  SINCE JUL 1      0.5                       5.0   -4.5      4.8
  SNOW DEPTH       0

DEGREE DAYS
 HEATING
  TODAY           34                        33      1       30
  MONTH TO DATE  159                       163     -4      122
  SINCE DEC 1    159                       163     -4      122
  SINCE JUL 1   1373                      1636   -263     1488

 COOLING
  TODAY            0                         0      0        0
  MONTH TO DATE    0                         0      0        0
  SINCE DEC 1      0                         0      0        0
  SINCE JAN 1    658                       528    130      726
...................................................................


WIND (MPH)
  HIGHEST WIND SPEED    12   HIGHEST WIND DIRECTION    SW (240)
  HIGHEST GUST SPEED    17   HIGHEST GUST DIRECTION     W (250)
  AVERAGE WIND SPEED     2.8


SKY COVER
  POSSIBLE SUNSHINE  MM
  AVERAGE SKY COVER 0.1


WEATHER CONDITIONS
THE FOLLOWING WEATHER WAS RECORDED TODAY.
  NO SIGNIFICANT WEATHER WAS OBSERVED.


RELATIVE HUMIDITY (PERCENT)
 HIGHEST    92           2:00 AM
 LOWEST     39           3:00 PM
 AVERAGE    66

..........................................................


THE CONCORD NH CLIMATE NORMALS FOR TOMORROW
                         NORMAL    RECORD    YEAR
 MAXIMUM TEMPERATURE (F)   40        72      2001
 MINIMUM TEMPERATURE (F)   22       -21      1901


SUNRISE AND SUNSET
DECEMBER  5 2021......SUNRISE   7:02 AM EST   SUNSET   4:11 PM EST
DECEMBER  6 2021......SUNRISE   7:03 AM EST   SUNSET   4:11 PM EST


-  INDICATES NEGATIVE NUMBERS.
R  INDICATES RECORD WAS SET OR TIED.
MM INDICATES DATA IS MISSING.
T  INDICATES TRACE AMOUNT.




$$
