000
CDUS45 KCYS 242228
CLIAIA

CLIMATE REPORT
NATIONAL WEATHER SERVICE CHEYENNE WY
328 PM MST WED FEB 24 2021

...................................

...THE ALLIANCE NEBRASKA AIRPORT CLIMATE SUMMARY FOR FEBRUARY 24 2021...
VALID AS OF 0300 PM LOCAL TIME.

CLIMATE NORMAL PERIOD 1981 TO 2010
CLIMATE RECORD PERIOD 1896 TO 2021


WEATHER ITEM   OBSERVED TIME   RECORD YEAR NORMAL DEPARTURE LAST
                VALUE   (LST)  VALUE       VALUE  FROM      YEAR
                                                  NORMAL
...................................................................
TEMPERATURE (F)
 TODAY
  MAXIMUM         39    159 PM  74    1905  44     -5       42
  MINIMUM         15    642 AM -28    2003  15      0       24
  AVERAGE         27                        29     -2       33

PRECIPITATION (IN)
  TODAY            0.00          0.48 1930   0.01  -0.01     0.01
  MONTH TO DATE    0.00                      0.33  -0.33     0.02
  SINCE DEC 1      0.20                      0.83  -0.63     0.09
  SINCE JAN 1      0.03                      0.51  -0.48     0.04

DEGREE DAYS
 HEATING
  TODAY           38                        36      2       32
  MONTH TO DATE 1235                       922    313      846
  SINCE DEC 1   3493                      3468     25     3168
  SINCE JUL 1   5225                      5267    -42     5142

 COOLING
  TODAY            0                         0      0        0
  MONTH TO DATE    0                         0      0        0
  SINCE DEC 1      0                         0      0        0
  SINCE JAN 1      0                         0      0        0
...................................................................


WIND (MPH)
  HIGHEST WIND SPEED    18   HIGHEST WIND DIRECTION    NW (300)
  HIGHEST GUST SPEED    22   HIGHEST GUST DIRECTION    NW (300)
  AVERAGE WIND SPEED     9.9


SKY COVER
  POSSIBLE SUNSHINE  MM
  AVERAGE SKY COVER 0.2


WEATHER CONDITIONS
THE FOLLOWING WEATHER WAS RECORDED TODAY.
  NO SIGNIFICANT WEATHER WAS OBSERVED.


RELATIVE HUMIDITY (PERCENT)
 HIGHEST    88           300 AM
 LOWEST     37           200 PM
 AVERAGE    63

..........................................................


THE ALLIANCE NEBRASKA AIRPORT CLIMATE NORMALS FOR TOMORROW
                         NORMAL    RECORD    YEAR
 MAXIMUM TEMPERATURE (F)   45        70      1995
 MINIMUM TEMPERATURE (F)   15       -16      2014


SUNRISE AND SUNSET
FEBRUARY 24 2021......SUNRISE   634 AM MST   SUNSET   536 PM MST
FEBRUARY 25 2021......SUNRISE   632 AM MST   SUNSET   537 PM MST


-  INDICATES NEGATIVE NUMBERS.
R  INDICATES RECORD WAS SET OR TIED.
MM INDICATES DATA IS MISSING.
T  INDICATES TRACE AMOUNT.




$$
