000
CXUS55 KCYS 071503
CLMAIA

CLIMATE REPORT
NATIONAL WEATHER SERVICE CHEYENNE WY
803 AM MST SUN FEB 07 2021

...................................

...THE ALLIANCE NEBRASKA AIRPORT CLIMATE SUMMARY FOR THE MONTH OF JANUARY 2021...

CLIMATE NORMAL PERIOD 1981 TO 2010
CLIMATE RECORD PERIOD 1896 TO 2021

WEATHER         OBSERVED          NORMAL  DEPART   LAST YEAR`S
                VALUE   DATE(S)   VALUE   FROM     VALUE
                                          NORMAL
..............................................................
TEMPERATURE (F)
RECORD
 HIGH             71   01/27/2015
 LOW             -31   01/19/1963
                       01/13/1905
HIGHEST           61   01/29         MM      MM       53
LOWEST             1   01/27         MM      MM       -6
AVG. MAXIMUM    42.4               38.3     4.1
AVG. MINIMUM    13.7               10.2     3.5
DAYS MAX >= 90     0                0.0     0.0
DAYS MAX <= 32     3                       -6.2
DAYS MIN <= 32    31               30.9     0.1
DAYS MIN <= 0      0                5.7    -5.7

PRECIPITATION (INCHES)
RECORD
 MAXIMUM        2.76   1949
TOTALS          0.03               0.18   -0.15     0.02
DAILY AVG.      0.00
DAYS >= .01        2
DAYS >= .10        0
DAYS >= .50        0
DAYS >= 1.00       0
GREATEST
 24 HR. TOTAL   0.02   01/14 TO 01/14
 STORM TOTAL    0.02



DEGREE DAYS
HEATING TOTAL   1139               1263    -124     1129
 SINCE 7/1      3990               4344    -354     4296
COOLING TOTAL      0                  0       0        0
 SINCE 1/1         0                  0       0        0
..............................................................

WIND (MPH)
AVERAGE WIND SPEED              11.1
HIGHEST WIND SPEED/DIRECTION    56/320    DATE  01/13
HIGHEST GUST SPEED/DIRECTION    77/320    DATE  01/13
                                77/320          01/14

SKY COVER
AVERAGE SKY COVER           0.32

AVERAGE RH (PERCENT)     67

WEATHER CONDITIONS. NUMBER OF DAYS WITH
THUNDERSTORM              0     MIXED PRECIP               1
HEAVY RAIN                0     RAIN                       0
LIGHT RAIN                1     FREEZING RAIN              0
LT FREEZING RAIN          0     HAIL                       0
HEAVY SNOW                1     SNOW                       0
LIGHT SNOW                8     SLEET                      0
FOG                      10     FOG W/VIS <= 1/4 MILE      0
HAZE                      4

-  INDICATES NEGATIVE NUMBERS.
R  INDICATES RECORD WAS SET OR TIED.
MM INDICATES DATA IS MISSING.
T  INDICATES TRACE AMOUNT.

$$
