547
CXAK56 PAFC 141601
CF6AKN
PRELIMINARY LOCAL CLIMATOLOGICAL DATA (WS FORM: F-6)
STATION: KING SALMON
MONTH: MARCH
YEAR: 2020
LATITUDE: 58 41 N
LONGITUDE: 156 39 W
TEMPERATURE IN F: :PCPN: SNOW: WIND :SUNSHINE: SKY :PK WND
================================================================================
1 2 3 4 5 6A 6B 7 8 9 10 11 12 13 14 15 16 17 18
12Z AVG MX 2MIN
DY MAX MIN AVG DEP HDD CDD WTR SNW DPTH SPD SPD DIR MIN PSBL S-S WX SPD DR
================================================================================
1 38 17 28 7 37 0 0.23 M M 22.0 35 230 M M 10 16 48 240
2 17 1 9 -12 56 0 T M M 5.8 16 250 M M 8 18 23 230
3 3 -9 -3 -25 68 0 0.00 M M 7.3 18 10 M M 6 8 23 10
4 10 -13 -1 -23 66 0 0.00 M M 8.1 18 350 M M 2 25 340
5 7 -14 -3 -25 68 0 0.00 M M 5.8 14 350 M M 1 17 350
6 29 3 16 -6 49 0 T M M 4.6 9 10 M M 10 8 11 350
7 35 7 21 -1 44 0 0.18 M M 13.3 22 170 M M 10 1 27 170
8 34 24 29 7 36 0 0.15 M M 7.4 17 240 M M 10 1 21 240
9 24 1 13 -10 52 0 0.00 M M 12.5 23 350 M M 4 8 29 350
10 11 -13 -1 -24 66 0 0.00 M M 5.1 17 340 M M 1 21 340
11 11 -17 -3 -26 68 0 0.00 M M 6.1 14 10 M M 0 17 20
12 27 -5 11 -12 54 0 0.00 M M 4.6 17 10 M M 1 21 10
13 36 0 18 -5 47 0 0.00 M M 4.8 15 100 M M 0 18 100
14 34 12 23 -1 42 0 0.00 M M 8.9 15 80 M M 6 19 90
15 36 24 30 6 35 0 T M M 10.8 16 90 M M 10 8 21 80
16 44 29 37 13 28 0 0.03 M M 4.1 13 110 M M 9 16 110
17 42 30 36 12 29 0 T M M 13.7 22 170 M M 8 1 31 150
18 40 19 30 6 35 0 0.00 M M 4.3 17 280 M M 2 1 21 290
19 36 28 32 7 33 0 0.10 M M 7.2 21 230 M M 7 1 26 250
20 37 28 33 8 32 0 0.01 M M 9.0 21 180 M M 8 12 25 180
21 38 24 31 6 34 0 0.36 M M 9.2 17 310 M M 6 1 23 310
22 29 13 21 -4 44 0 0.00 M M 5.2 10 170 M M 1 14 350
23 35 19 27 1 38 0 T M M 6.1 13 150 M M 7 1 16 170
24 43 32 38 12 27 0 0.02 M M 4.0 8 140 M M 10 1 9 150
25 37 32 35 9 30 0 0.20 M M 7.6 15 220 M M 10 1 19 210
26 42 30 36 10 29 0 0.00 M M 3.5 8 270 M M 6 12 10 350
27 37 30 34 7 31 0 0.11 M M 12.4 28 270 M M 8 1 34 260
28 33 17 25 -2 40 0 0.23 M M 15.8 24 360 M M 8 18 33 360
29 20 3 12 -15 53 0 0.00 M M 11.0 22 340 M M 0 28 330
30 25 -3 11 -17 54 0 0.00 M M 3.4 15 280 M M 1 17 280
31 34 1 18 -10 47 0 0.09 M M 7.4 20 80 M M 7 18 28 80
================================================================================
SM 924 350 1372 0 1.71 M 251.0 M 177
================================================================================
AV 29.8 11.3 8.1 FASTST M M 6 MAX(MPH)
MISC ----> 35 230 48 240
================================================================================
NOTES:
# LAST OF SEVERAL OCCURRENCES
COLUMN 17 PEAK WIND IN M.P.H.
PRELIMINARY LOCAL CLIMATOLOGICAL DATA (WS FORM: F-6) , PAGE 2
STATION: KING SALMON
MONTH: MARCH
YEAR: 2020
LATITUDE: 58 41 N
LONGITUDE: 156 39 W
[TEMPERATURE DATA] [PRECIPITATION DATA] SYMBOLS USED IN COLUMN 16
AVERAGE MONTHLY: 20.5 TOTAL FOR MONTH: 1.71 1 = FOG OR MIST
DPTR FM NORMAL: -3.6 DPTR FM NORMAL: 1.01 2 = FOG REDUCING VISIBILITY
HIGHEST: 44 ON 16 GRTST 24HR 0.58 ON 29- 1 TO 1/4 MILE OR LESS
LOWEST: -17 ON 11 3 = THUNDER
SNOW, ICE PELLETS, HAIL 4 = ICE PELLETS
TOTAL MONTH: M 5 = HAIL
GRTST 24HR M ON M 6 = FREEZING RAIN OR DRIZZLE
GRTST DEPTH: M ON M 7 = DUSTSTORM OR SANDSTORM:
VSBY 1/2 MILE OR LESS
8 = SMOKE OR HAZE
[NO. OF DAYS WITH] [WEATHER - DAYS WITH] 9 = BLOWING SNOW
X = TORNADO
MAX 32 OR BELOW: 12 0.01 INCH OR MORE: 12
MAX 90 OR ABOVE: 0 0.10 INCH OR MORE: 8
MIN 32 OR BELOW: 31 0.50 INCH OR MORE: 0
MIN 0 OR BELOW: 8 1.00 INCH OR MORE: 0
[HDD (BASE 65) ]
TOTAL THIS MO. 1372 CLEAR (SCALE 0-3) 10
DPTR FM NORMAL 106 PTCLDY (SCALE 4-7) 12
TOTAL FM JUL 1 8669 CLOUDY (SCALE 8-10) 9
DPTR FM NORMAL -216
[CDD (BASE 65) ]
TOTAL THIS MO. 0
DPTR FM NORMAL 0 [PRESSURE DATA]
TOTAL FM JAN 1 0 HIGHEST SLP M ON M
DPTR FM NORMAL 0 LOWEST SLP 28.97 ON 1
[REMARKS]
#FINAL-03-20#