000
CXUS55 KCYS 100118
CLABFF

CLIMATE REPORT
NATIONAL WEATHER SERVICE CHEYENNE WY
618 PM MST SAT JAN 09 2021

...................................

...THE SCOTTSBLUFF NE AIRPORT CLIMATE SUMMARY FOR THE YEAR OF 2020...

CLIMATE NORMAL PERIOD 1981 TO 2010
CLIMATE RECORD PERIOD 1871 TO 2021

WEATHER         OBSERVED          NORMAL  DEPART   LAST YEAR`S
                VALUE   DATE(S)   VALUE   FROM     VALUE
                                          NORMAL
..............................................................
TEMPERATURE (F)
RECORD
 HIGH            110   07/11/1939
 LOW             -45   02/12/1899
HIGHEST          105                 MM      MM      102
LOWEST           -10                 MM      MM      -16
AVG. MAXIMUM    67.5                                61.9
AVG. MINIMUM    34.9                                33.5
MEAN            51.2               48.8     2.4     47.7
DAYS MAX >= 90    80               42.6               40
DAYS MAX <= 32    16               26.7               40
DAYS MIN <= 32   188              172.7              181
DAYS MIN <= 0      3               12.7               16

PRECIPITATION (INCHES)
RECORD
 MAXIMUM       27.48   1915
TOTALS          8.81              15.79   -6.98    19.46
DAYS >= .01       78               87.2              116
DAYS >= .10       26               40.1               53
DAYS >= .50        2                8.0               11
DAYS >= 1.00       1                1.9                2
GREATEST
 24 HR. TOTAL   1.03   05/02 TO 05/02

SNOWFALL (INCHES)
 MAXIMUM        87.0   1980
TOTALS          35.6               42.1   -5.5

DEGREE DAYS
HEATING TOTAL   6057               6616    -559     6941
 SINCE 7/1      2476               2773    -297       MM
COOLING TOTAL   1103                724     379      788
 SINCE 1/1      1103                724     379      788
..............................................................

WIND (MPH)
AVERAGE WIND SPEED              9.5
HIGHEST WIND SPEED/DIRECTION    53/230    DATE  06/06
HIGHEST GUST SPEED/DIRECTION    70/270    DATE  06/06

SKY COVER
POSSIBLE SUNSHINE (PERCENT)   MM
AVERAGE SKY COVER           0.23
NUMBER OF DAYS FAIR          234
NUMBER OF DAYS PC             80
NUMBER OF DAYS CLOUDY         22

AVERAGE RH (PERCENT)     57

WEATHER CONDITIONS. NUMBER OF DAYS WITH
THUNDERSTORM             28     MIXED PRECIP               0
HEAVY RAIN               10     RAIN                      15
LIGHT RAIN               84     FREEZING RAIN              0
LT FREEZING RAIN          3     HAIL                       0
HEAVY SNOW                1     SNOW                       5
LIGHT SNOW               47     SLEET                      0
FOG                      78     FOG W/VIS <= 1/4 MILE     13
HAZE                     41

-  INDICATES NEGATIVE NUMBERS.
R  INDICATES RECORD WAS SET OR TIED.
MM INDICATES DATA IS MISSING.
T  INDICATES TRACE AMOUNT.

$$
