000
CDUS45 KCYS 270727
CLIBFF

CLIMATE REPORT
NATIONAL WEATHER SERVICE CHEYENNE WY
1227 AM MST SAT FEB 27 2021

...................................

...THE SCOTTSBLUFF NE AIRPORT CLIMATE SUMMARY FOR FEBRUARY 26 2021...

CLIMATE NORMAL PERIOD 1981 TO 2010
CLIMATE RECORD PERIOD 1871 TO 2021


WEATHER ITEM   OBSERVED TIME   RECORD YEAR NORMAL DEPARTURE LAST
                VALUE   (LST)  VALUE       VALUE  FROM      YEAR
                                                  NORMAL
...................................................................
TEMPERATURE (F)
 YESTERDAY
  MAXIMUM         47    204 PM  73    1950  47      0       42
  MINIMUM         28    108 AM -25    1934  19      9        4
  AVERAGE         38                        33      5       23

PRECIPITATION (IN)
  YESTERDAY        0.00          0.86 1987   0.03  -0.03     0.00
  MONTH TO DATE    0.80                      0.55   0.25     0.29
  SINCE DEC 1      1.37                      1.47  -0.10     0.73
  SINCE JAN 1      0.97                      0.96   0.01     0.38

SNOWFALL (IN)
  YESTERDAY        0.0           9.8  1987   0.3   -0.3      0.0
  MONTH TO DATE   18.1                       6.5   11.6      5.0
  SINCE DEC 1     28.5                      19.0    9.5     10.9
  SINCE JUL 1     39.0                      27.9   11.1     33.1
  SNOW DEPTH       0

DEGREE DAYS
 HEATING
  YESTERDAY       27                        32     -5       42
  MONTH TO DATE 1191                       907    284      926
  SINCE DEC 1   3243                      3284    -41     2964
  SINCE JUL 1   4698                      4849   -151     4594

 COOLING
  YESTERDAY        0                         0      0        0
  MONTH TO DATE    0                         0      0        0
  SINCE DEC 1      0                         0      0        0
  SINCE JAN 1      0                         0      0        0
...................................................................


WIND (MPH)
  HIGHEST WIND SPEED    35   HIGHEST WIND DIRECTION     W (260)
  HIGHEST GUST SPEED    46   HIGHEST GUST DIRECTION     W (260)
  AVERAGE WIND SPEED    16.4


SKY COVER
  POSSIBLE SUNSHINE  MM
  AVERAGE SKY COVER 0.1


WEATHER CONDITIONS
THE FOLLOWING WEATHER WAS RECORDED YESTERDAY.
  NO SIGNIFICANT WEATHER WAS OBSERVED.


RELATIVE HUMIDITY (PERCENT)
 HIGHEST    54          1200 AM
 LOWEST     22           300 PM
 AVERAGE    38

..........................................................


THE SCOTTSBLUFF NE AIRPORT CLIMATE NORMALS FOR TODAY
                         NORMAL    RECORD    YEAR
 MAXIMUM TEMPERATURE (F)   48        74      1932
 MINIMUM TEMPERATURE (F)   19       -20      1962


SUNRISE AND SUNSET
FEBRUARY 27 2021......SUNRISE   632 AM MST   SUNSET   543 PM MST
FEBRUARY 28 2021......SUNRISE   630 AM MST   SUNSET   544 PM MST


-  INDICATES NEGATIVE NUMBERS.
R  INDICATES RECORD WAS SET OR TIED.
MM INDICATES DATA IS MISSING.
T  INDICATES TRACE AMOUNT.




$$
