000
CXUS55 KCYS 011546
CLMBFF

CLIMATE REPORT
NATIONAL WEATHER SERVICE CHEYENNE WY
946 AM MDT MON AUG 01 2022

...................................

...THE SCOTTSBLUFF NE AIRPORT CLIMATE SUMMARY FOR THE MONTH OF JULY 2022...

CLIMATE NORMAL PERIOD 1991 TO 2020
CLIMATE RECORD PERIOD 1871 TO 2022

WEATHER         OBSERVED          NORMAL  DEPART   LAST YEAR`S
                VALUE   DATE(S)   VALUE   FROM     VALUE DATE(S)
                                          NORMAL
................................................................
TEMPERATURE (F)
RECORD
 HIGH            110   07/11/1939
 LOW              35   07/05/1898
HIGHEST          108   07/18         89      19      103
LOWEST            55   07/20         59      -4       53
AVG. MAXIMUM    94.6               90.7     3.9     93.8
AVG. MINIMUM    62.4               59.8     2.6     62.2
MEAN            78.5               75.3     3.2     78.0
DAYS MAX >= 90    23               18.2     4.8       24
DAYS MAX <= 32     0                0.0     0.0        0
DAYS MIN <= 32     0                0.0     0.0        0
DAYS MIN <= 0      0                0.0     0.0        0

PRECIPITATION (INCHES)
RECORD
 MAXIMUM        5.33   1912
TOTALS          1.03               1.66   -0.63     1.32
DAYS >= .01        6                7.7    -1.7        7
DAYS >= .10        2                4.0    -2.0        1
DAYS >= .50        1                1.0     0.0        1
DAYS >= 1.00       0                0.2    -0.2        1
GREATEST
 24 HR. TOTAL   0.57   07/03 TO 07/03               1.17  07/13 TO 07/13
                       06/30 TO 06/30
                       07/03 TO 07/03

SNOWFALL (INCHES)
RECORDS
 TOTAL            MM   MM
 24 HR TOTAL      MM
TOTALS           0.0                0.0     0.0      0.0
SINCE 7/1        0.0                0.0     0.0       MM
DAYS >= 1.0        0                0.0     0.0        0
GREATEST
 SNOW DEPTH        0                                   0
 24 HR TOTAL      MM                                 0.0

DEGREE DAYS
HEATING TOTAL      0                  4      -4        0
 SINCE 7/1         0                  0       0       MM
COOLING TOTAL    412                322      90      408
 SINCE 1/1       669                508     161       MM
................................................................

WIND (MPH)
AVERAGE WIND SPEED              8.1
HIGHEST WIND SPEED/DIRECTION    36/320    DATE  07/01
                                36/220          07/04
HIGHEST GUST SPEED/DIRECTION    54/220    DATE  07/04

SKY COVER
POSSIBLE SUNSHINE (PERCENT)   MM
AVERAGE SKY COVER           0.11
NUMBER OF DAYS FAIR           29
NUMBER OF DAYS PC              2
NUMBER OF DAYS CLOUDY          0

AVERAGE RH (PERCENT)     54

WEATHER CONDITIONS. NUMBER OF DAYS WITH
THUNDERSTORM              9     MIXED PRECIP               0
HEAVY RAIN                2     RAIN                       4
LIGHT RAIN               11     FREEZING RAIN              0
LT FREEZING RAIN          0     HAIL                       0
HEAVY SNOW                0     SNOW                       0
LIGHT SNOW                0     SLEET                      0
FOG                       7     FOG W/VIS <= 1/4 MILE      1
HAZE                      2

-  INDICATES NEGATIVE NUMBERS.
R  INDICATES RECORD WAS SET OR TIED.
MM INDICATES DATA IS MISSING.
T  INDICATES TRACE AMOUNT.

$$
