000
CXUS55 KCYS 071523 CCA
CLMBFF

CLIMATE REPORT ...CORRECTED
NATIONAL WEATHER SERVICE CHEYENNE WY
823 AM MST SUN FEB 7 2021

...................................

...THE SCOTTSBLUFF NE AIRPORT CLIMATE SUMMARY FOR THE MONTH OF JANUARY 2021...

CLIMATE NORMAL PERIOD 1981 TO 2010
CLIMATE RECORD PERIOD 1871 TO 2021

WEATHER         OBSERVED          NORMAL  DEPART   LAST YEAR`S
                VALUE   DATE(S)   VALUE   FROM     VALUE
                                          NORMAL
..............................................................
TEMPERATURE (F)
RECORD
 HIGH             74   01/26/1982
 LOW             -33   01/17/1930
HIGHEST           61   01/05         38      23       57
LOWEST             4   01/27         13      -9        5
AVG. MAXIMUM    44.2               40.8     3.4
AVG. MINIMUM    18.8               13.7     5.1
DAYS MAX >= 90     0                0.0     0.0
DAYS MAX <= 32     2                       -5.0
DAYS MIN <= 32    30               30.4    -0.4
DAYS MIN <= 0      0                3.8    -3.8

PRECIPITATION (INCHES)
RECORD
 MAXIMUM        1.26   1978
TOTALS          0.17               0.41   -0.24     0.09
DAILY AVG.      0.01
DAYS >= .01        6
DAYS >= .10        0
DAYS >= .50        0
DAYS >= 1.00       0
GREATEST
 24 HR. TOTAL   0.07   01/23 TO 01/23
 STORM TOTAL    0.07


SNOWFALL (INCHES)
RECORDS
 TOTAL          23.7   1949
TOTALS           3.2                5.4    -2.2      0.5
SINCE 7/1       20.9               21.4    -0.5     21.2
DAYS >= 1.0        1                1.5    -0.5        0
GREATEST
 SNOW DEPTH        2   01/23                           0
 24 HR TOTAL     1.5   01/22 TO 01/22                0.2

DEGREE DAYS
HEATING TOTAL   1033               1170    -137     1005
 SINCE 7/1      3507               3942    -435     3668
COOLING TOTAL      0                  0       0        0
 SINCE 1/1         0                  0       0        0
..............................................................

WIND (MPH)
AVERAGE WIND SPEED              9.5
HIGHEST WIND SPEED/DIRECTION    56/330    DATE  01/13
HIGHEST GUST SPEED/DIRECTION    86/320    DATE  01/13

SKY COVER
AVERAGE SKY COVER           0.33

AVERAGE RH (PERCENT)     60

WEATHER CONDITIONS. NUMBER OF DAYS WITH
THUNDERSTORM              0     MIXED PRECIP               0
HEAVY RAIN                0     RAIN                       0
LIGHT RAIN                5     FREEZING RAIN              0
LT FREEZING RAIN          0     HAIL                       0
HEAVY SNOW                0     SNOW                       1
LIGHT SNOW               10     SLEET                      0
FOG                       7     FOG W/VIS <= 1/4 MILE      0
HAZE                      6

-  INDICATES NEGATIVE NUMBERS.
R  INDICATES RECORD WAS SET OR TIED.
MM INDICATES DATA IS MISSING.
T  INDICATES TRACE AMOUNT.

$$
