000
CXUS55 KCYS 022322
CLMBFF

CLIMATE REPORT
NATIONAL WEATHER SERVICE CHEYENNE WY
522 PM MDT SUN MAY 02 2021

...................................

...THE SCOTTSBLUFF NE AIRPORT CLIMATE SUMMARY FOR THE MONTH OF APRIL 2021...

CLIMATE NORMAL PERIOD 1981 TO 2010
CLIMATE RECORD PERIOD 1871 TO 2021

WEATHER         OBSERVED          NORMAL  DEPART   LAST YEAR`S
                VALUE   DATE(S)   VALUE   FROM     VALUE
                                          NORMAL
..............................................................
TEMPERATURE (F)
RECORD
 HIGH             93   04/24/2012
                       04/30/1992
                       04/28/1910
 LOW              -8   04/02/1975
HIGHEST           86   04/04         61      25       90
LOWEST            17   04/20         33     -16        3
AVG. MAXIMUM    61.9               61.4     0.5
AVG. MINIMUM    29.3               31.9    -2.6
MEAN            45.6               46.7    -1.1     45.0
DAYS MAX >= 90     0                0.1    -0.1
DAYS MAX <= 32     0                       -0.5
DAYS MIN <= 32    19               15.1     3.9
DAYS MIN <= 0      0                0.0     0.0

PRECIPITATION (INCHES)
RECORD
 MAXIMUM        6.13   1942
TOTALS          0.96               1.83   -0.87     0.75
DAILY AVG.      0.03
DAYS >= .01        8
DAYS >= .10        4
DAYS >= .50        0
DAYS >= 1.00       0
GREATEST
 24 HR. TOTAL   0.38   04/15 TO 04/15


SNOWFALL (INCHES)
RECORDS
 TOTAL          29.7   1927
 24 HR TOTAL    17.6   1935
TOTALS           9.5                5.4     4.1      5.4
SINCE 7/1       69.9               41.6    28.3       45
DAYS >= 1.0        4                1.7     2.3        2
GREATEST
 SNOW DEPTH        6   04/15                           3
 24 HR TOTAL     3.4   04/15 TO 04/15                3.7

DEGREE DAYS
HEATING TOTAL    572                552      20      593
 SINCE 7/1      6113               6293    -180     6002
COOLING TOTAL      0                  2      -2        2
 SINCE 1/1         0                  2      -2        2
..............................................................

WIND (MPH)
AVERAGE WIND SPEED              10.5
HIGHEST WIND SPEED/DIRECTION    40/340    DATE  04/11
HIGHEST GUST SPEED/DIRECTION    52/040    DATE  04/06
                                52/330          04/11

SKY COVER
POSSIBLE SUNSHINE (PERCENT)   MM
AVERAGE SKY COVER           0.36
NUMBER OF DAYS FAIR           15
NUMBER OF DAYS PC             10
NUMBER OF DAYS CLOUDY          5

AVERAGE RH (PERCENT)     54

WEATHER CONDITIONS. NUMBER OF DAYS WITH
THUNDERSTORM              0     MIXED PRECIP               0
HEAVY RAIN                0     RAIN                       0
LIGHT RAIN                7     FREEZING RAIN              0
LT FREEZING RAIN          0     HAIL                       0
HEAVY SNOW                1     SNOW                       4
LIGHT SNOW                8     SLEET                      0
FOG                       9     FOG W/VIS <= 1/4 MILE      0
HAZE                      4

-  INDICATES NEGATIVE NUMBERS.
R  INDICATES RECORD WAS SET OR TIED.
MM INDICATES DATA IS MISSING.
T  INDICATES TRACE AMOUNT.

$$
