000
CDUS45 KCYS 270727
CLICDR

CLIMATE REPORT
NATIONAL WEATHER SERVICE CHEYENNE WY
1227 AM MST SAT FEB 27 2021

...................................

...THE CHADRON NEBRASKA AIRPORT CLIMATE SUMMARY FOR FEBRUARY 26 2021...

CLIMATE NORMAL PERIOD 1981 TO 2010
CLIMATE RECORD PERIOD 1895 TO 2021


WEATHER ITEM   OBSERVED TIME   RECORD YEAR NORMAL DEPARTURE LAST
                VALUE   (LST)  VALUE       VALUE  FROM      YEAR
                                                  NORMAL
...................................................................
TEMPERATURE (F)
 YESTERDAY
  MAXIMUM         46    345 PM  72    1950  45      1       34
  MINIMUM         24   1159 PM -22    1934  15      9       -7
  AVERAGE         35                        30      5       14

PRECIPITATION (IN)
  YESTERDAY        0.00          0.40 1923   0.03  -0.03     0.00
  MONTH TO DATE    0.04                      0.55  -0.51     0.60
  SINCE DEC 1      0.21                      1.43  -1.22     0.90
  SINCE JAN 1      0.10                      0.91  -0.81     0.77

DEGREE DAYS
 HEATING
  YESTERDAY       30                        35     -5       51
  MONTH TO DATE 1272                       985    287     1015
  SINCE DEC 1   3452                      3500    -48     3310
  SINCE JUL 1   5011                      5184   -173     5146

 COOLING
  YESTERDAY        0                         0      0        0
  MONTH TO DATE    0                         0      0        0
  SINCE DEC 1      0                         0      0        0
  SINCE JAN 1      0                         0      0        0
...................................................................


WIND (MPH)
  HIGHEST WIND SPEED    28   HIGHEST WIND DIRECTION     W (280)
  HIGHEST GUST SPEED    37   HIGHEST GUST DIRECTION     W (280)
  AVERAGE WIND SPEED    13.6


SKY COVER
  POSSIBLE SUNSHINE  MM
  AVERAGE SKY COVER 0.2


WEATHER CONDITIONS
THE FOLLOWING WEATHER WAS RECORDED YESTERDAY.
  NO SIGNIFICANT WEATHER WAS OBSERVED.


RELATIVE HUMIDITY (PERCENT)
 HIGHEST    72          1000 PM
 LOWEST     26           300 PM
 AVERAGE    49

..........................................................


THE CHADRON NEBRASKA AIRPORT CLIMATE NORMALS FOR TODAY
                         NORMAL    RECORD    YEAR
 MAXIMUM TEMPERATURE (F)   46        73      2016
 MINIMUM TEMPERATURE (F)   16       -21      1962


SUNRISE AND SUNSET
FEBRUARY 27 2021......SUNRISE   631 AM MST   SUNSET   540 PM MST
FEBRUARY 28 2021......SUNRISE   629 AM MST   SUNSET   541 PM MST


-  INDICATES NEGATIVE NUMBERS.
R  INDICATES RECORD WAS SET OR TIED.
MM INDICATES DATA IS MISSING.
T  INDICATES TRACE AMOUNT.




$$
