000
CDUS45 KCYS 270727
CLICYS

CLIMATE REPORT
NATIONAL WEATHER SERVICE CHEYENNE WY
1227 AM MST SAT FEB 27 2021

...................................

...THE CHEYENNE WYOMING AIRPORT CLIMATE SUMMARY FOR FEBRUARY 26 2021...

CLIMATE NORMAL PERIOD 1981 TO 2010
CLIMATE RECORD PERIOD 1871 TO 2021


WEATHER ITEM   OBSERVED TIME   RECORD YEAR NORMAL DEPARTURE LAST
                VALUE   (LST)  VALUE       VALUE  FROM      YEAR
                                                  NORMAL
...................................................................
TEMPERATURE (F)
 YESTERDAY
  MAXIMUM         34    358 PM  70    1950  43     -9       38
  MINIMUM         20    345 AM -13    1890  20      0        6
  AVERAGE         27                        32     -5       22

PRECIPITATION (IN)
  YESTERDAY        0.00          0.56 1987   0.02  -0.02     0.00
  MONTH TO DATE    0.53                      0.43   0.10     0.66
  SINCE DEC 1      1.15                      1.25  -0.10     1.38
  SINCE JAN 1      0.67                      0.76  -0.09     0.79

SNOWFALL (IN)
  YESTERDAY        0.0           6.4  1987   0.3   -0.3      0.0
  MONTH TO DATE    8.4                       7.3    1.1     10.0
  SINCE DEC 1     17.4                      21.6   -4.2     20.9
  SINCE JUL 1     36.6                      35.9    0.7     52.9
  SNOW DEPTH       T

DEGREE DAYS
 HEATING
  YESTERDAY       38                        33      5       43
  MONTH TO DATE 1118                       928    190     1035
  SINCE DEC 1   3265                      3207     58     3105
  SINCE JUL 1   4835                      4955   -120     4908

 COOLING
  YESTERDAY        0                         0      0        0
  MONTH TO DATE    0                         0      0        0
  SINCE DEC 1      0                         0      0        0
  SINCE JAN 1      0                         0      0        0
...................................................................


WIND (MPH)
  HIGHEST WIND SPEED    45   HIGHEST WIND DIRECTION     W (260)
  HIGHEST GUST SPEED    58   HIGHEST GUST DIRECTION     W (270)
  AVERAGE WIND SPEED    18.3


SKY COVER
  POSSIBLE SUNSHINE  MM
  AVERAGE SKY COVER 0.1


WEATHER CONDITIONS
THE FOLLOWING WEATHER WAS RECORDED YESTERDAY.
  NO SIGNIFICANT WEATHER WAS OBSERVED.


RELATIVE HUMIDITY (PERCENT)
 HIGHEST    71          1000 PM
 LOWEST     36           400 PM
 AVERAGE    54

..........................................................


THE CHEYENNE WYOMING AIRPORT CLIMATE NORMALS FOR TODAY
                         NORMAL    RECORD    YEAR
 MAXIMUM TEMPERATURE (F)   43        65      1932
 MINIMUM TEMPERATURE (F)   21       -24      1962


SUNRISE AND SUNSET
FEBRUARY 27 2021......SUNRISE   636 AM MST   SUNSET   548 PM MST
FEBRUARY 28 2021......SUNRISE   635 AM MST   SUNSET   549 PM MST


-  INDICATES NEGATIVE NUMBERS.
R  INDICATES RECORD WAS SET OR TIED.
MM INDICATES DATA IS MISSING.
T  INDICATES TRACE AMOUNT.




$$
