000
CXUS55 KCYS 011546
CLMCYS

CLIMATE REPORT
NATIONAL WEATHER SERVICE CHEYENNE WY
946 AM MDT MON AUG 01 2022

...................................

...THE CHEYENNE WYOMING AIRPORT CLIMATE SUMMARY FOR THE MONTH OF JULY 2022...

CLIMATE NORMAL PERIOD 1991 TO 2020
CLIMATE RECORD PERIOD 1871 TO 2022

WEATHER         OBSERVED          NORMAL  DEPART   LAST YEAR`S
                VALUE   DATE(S)   VALUE   FROM     VALUE DATE(S)
                                          NORMAL
................................................................
TEMPERATURE (F)
RECORD
 HIGH            100   07/11/1939
                       07/15/1881
                       07/14/1881
 LOW              32   07/08/2021
HIGHEST           99   07/18         82      17       96
LOWEST            52   07/02         55      -3       51
AVG. MAXIMUM    87.9               84.1     3.8     87.1
AVG. MINIMUM    58.9               56.1     2.8     57.6
MEAN            73.4               70.1     3.3     72.4
DAYS MAX >= 90    14                7.8     6.2       12
DAYS MAX <= 32     0                0.0     0.0        0
DAYS MIN <= 32     0                0.0     0.0        0
DAYS MIN <= 0      0                0.0     0.0        0

PRECIPITATION (INCHES)
RECORD
 MAXIMUM        6.35   1896
TOTALS          1.81               2.11   -0.30
DAYS >= .01       14               10.5     3.5        7
DAYS >= .10        6                5.0     1.0        2
DAYS >= .50        0                1.1    -1.1        0
DAYS >= 1.00       0                0.4    -0.4        0
GREATEST
 24 HR. TOTAL   0.37   06/30 TO 07/01               0.13  07/09 TO 07/09

SNOWFALL (INCHES)
RECORDS
 TOTAL             T   2020
 24 HR TOTAL       T   07/22/2020 TO 07/22/2020
                       07/05/2019 TO 07/05/2019
                       07/05/2019 TO 07/29/2018
TOTALS           0.0                0.0     0.0      0.0
SINCE 7/1        0.0                0.0     0.0       MM
DAYS >= 1.0        0                0.0     0.0        0
GREATEST
 SNOW DEPTH        0                                   0
 24 HR TOTAL      MM                                 0.0

DEGREE DAYS
HEATING TOTAL      1                 17     -16
 SINCE 7/1         1                 10      -9
COOLING TOTAL    270                175      95
 SINCE 1/1       391                235     156
................................................................

WIND (MPH)
AVERAGE WIND SPEED              9.2
HIGHEST WIND SPEED/DIRECTION    37/270    DATE  07/05
HIGHEST GUST SPEED/DIRECTION    49/340    DATE  07/11
                                49/330          07/23

SKY COVER
POSSIBLE SUNSHINE (PERCENT)   MM
AVERAGE SKY COVER           0.17
NUMBER OF DAYS FAIR           27
NUMBER OF DAYS PC              4
NUMBER OF DAYS CLOUDY          0

AVERAGE RH (PERCENT)     50

WEATHER CONDITIONS. NUMBER OF DAYS WITH
THUNDERSTORM             15     MIXED PRECIP               0
HEAVY RAIN                5     RAIN                       5
LIGHT RAIN               18     FREEZING RAIN              0
LT FREEZING RAIN          0     HAIL                       0
HEAVY SNOW                0     SNOW                       0
LIGHT SNOW                0     SLEET                      0
FOG                       8     FOG W/VIS <= 1/4 MILE      2
HAZE                      2

-  INDICATES NEGATIVE NUMBERS.
R  INDICATES RECORD WAS SET OR TIED.
MM INDICATES DATA IS MISSING.
T  INDICATES TRACE AMOUNT.

$$
