000
CXUS53 KIWX 010810
CF6DFI
PRELIMINARY LOCAL CLIMATOLOGICAL DATA (WS FORM: F-6)
STATION: DEFIANCE MEMORIAL
MONTH: MARCH
YEAR: 2023
LATITUDE: 41 20 N
LONGITUDE: 84 26 W
TEMPERATURE IN F: :PCPN: SNOW: WIND :SUNSHINE: SKY :PK WND
================================================================================
1 2 3 4 5 6A 6B 7 8 9 10 11 12 13 14 15 16 17 18
12Z AVG MX 2MIN
DY MAX MIN AVG DEP HDD CDD WTR SNW DPTH SPD SPD DIR MIN PSBL S-S WX SPD DR
================================================================================
1 59 36 48 16 17 0 T M M 7.0 16 330 M M 1 22 340
2 48 36 42 10 23 0 0.00 M M 6.4 15 310 M M 5 1 21 280
3 37 34 36 3 29 0 1.04 M M 15.0 30 40 M M 7 1 44 40
4 47 32 40 7 25 0 0.00 M M 7.2 22 310 M M 6 31 310
5 53 33 43 10 22 0 0.00 M M 5.4 15 110 M M 2 1 20 110
6 53 36 45 11 20 0 0.05 M M 10.6 20 120 M M 7 12 26 120
7 45 33 39 5 26 0 T M M 10.6 20 360 M M 3 12 28 20
8 46 27 37 3 28 0 0.00 M M 7.9 16 30 M M 0 23 20
9 47 27 37 2 28 0 0.03 M M 10.0 20 80 M M 4 1 27 80
10 37 32 35 0 30 0 0.18 M M 10.1 17 350 M M 10 18 25 70
11 38 30 34 -2 31 0 0.00 M M 6.0 14 110 M M 7 19 110
12 35 30 33 -3 32 0 0.02 M M 6.2 14 80 M M 10 1 21 60
13 38 28 33 -3 32 0 0.02 M M 9.2 24 320 M M 10 18 32 300
14 38 23 31 -6 34 0 T M M 12.3 21 340 M M 5 30 320
15 47 21 34 -3 31 0 0.00 M M 5.5 14 210 M M 0 20 210
16 57 34 46 9 19 0 0.03 M M 10.6 23 200 M M 4 1 34 200
17 53 31 42 4 23 0 0.08 M M 13.0 25 220 M M 10 1 42 210
18 31 19 25 -13 40 0 T M M 11.0 22 290 M M 7 36 310
19 39 20 30 -8 35 0 T M M 9.7 16 250 M M 3 26 260
20 49 24 37 -2 28 0 0.00 M M 12.7 24 200 M M 1 35 200
21 57 30 44 5 21 0 0.03 M M 8.1 21 220 M M 3 30 230
22 50 41 46 6 19 0 0.26 M M 9.5 20 200 M M 10 1 31 220
23 53 43 48 8 17 0 0.40 M M 7.4 18 350 M M 9 18 26 320
24 45 35 40 0 25 0 0.04 M M 11.6 18 90 M M 6 1 27 60
25 54 36 45 4 20 0 0.20 M M 13.2 31 230 M M 10 1 54 230
26 59 30 45 4 20 0 0.02 M M 5.9 22 320 M M 3 1 29 320
27 48 35 42 0 23 0 0.03 M M 6.2 15 360 M M 7 1 21 360
28 50 26 38 -4 27 0 0.00 M M 3.3 12 330 M M 1 17 330
29 50 25 38 -4 27 0 T M M 10.3 28 300 M M 2 38 290
30 52 19 36 -7 29 0 0.00 M M 4.9 12 140 M M 1 18 150
31 61 47 54 11 11 0 0.56 M M 14.9 38 190 M M 9 13 59 180
================================================================================
SM 1476 953 792 0 2.99 M 281.7 M 163
================================================================================
AV 47.6 30.7 9.1 FASTST M M 5 MAX(MPH)
MISC ----> 38 190 59 180
================================================================================
NOTES:
# LAST OF SEVERAL OCCURRENCES
COLUMN 17 PEAK WIND IN M.P.H.
PRELIMINARY LOCAL CLIMATOLOGICAL DATA (WS FORM: F-6) , PAGE 2
STATION: DEFIANCE MEMORIAL
MONTH: MARCH
YEAR: 2023
LATITUDE: 41 20 N
LONGITUDE: 84 26 W
[TEMPERATURE DATA] [PRECIPITATION DATA] SYMBOLS USED IN COLUMN 16
AVERAGE MONTHLY: 39.2 TOTAL FOR MONTH: 2.99 1 = FOG OR MIST
DPTR FM NORMAL: 1.8 DPTR FM NORMAL: 0.73 2 = FOG REDUCING VISIBILITY
HIGHEST: 61 ON 31 GRTST 24HR 1.04 ON 3- 3 TO 1/4 MILE OR LESS
LOWEST: 19 ON 30,18 3 = THUNDER
SNOW, ICE PELLETS, HAIL 4 = ICE PELLETS
TOTAL MONTH: M 5 = HAIL
GRTST 24HR M ON M 6 = FREEZING RAIN OR DRIZZLE
GRTST DEPTH: M ON M 7 = DUSTSTORM OR SANDSTORM:
VSBY 1/2 MILE OR LESS
8 = SMOKE OR HAZE
[NO. OF DAYS WITH] [WEATHER - DAYS WITH] 9 = BLOWING SNOW
X = TORNADO
MAX 32 OR BELOW: 1 0.01 INCH OR MORE: 16
MAX 90 OR ABOVE: 0 0.10 INCH OR MORE: 6
MIN 32 OR BELOW: 18 0.50 INCH OR MORE: 2
MIN 0 OR BELOW: 0 1.00 INCH OR MORE: 1
[HDD (BASE 65) ]
TOTAL THIS MO. 792 CLEAR (SCALE 0-3) 9
DPTR FM NORMAL -63 PTCLDY (SCALE 4-7) 14
TOTAL FM JUL 1 4711 CLOUDY (SCALE 8-10) 8
DPTR FM NORMAL -755
[CDD (BASE 65) ]
TOTAL THIS MO. 0
DPTR FM NORMAL -1 [PRESSURE DATA]
TOTAL FM JAN 1 0 HIGHEST SLP 30.58 ON 8
DPTR FM NORMAL -1 LOWEST SLP 29.09 ON 3
[REMARKS]
#FINAL-03-23#