000
CDUS45 KCYS 052235
CLIDGW

CLIMATE REPORT
NATIONAL WEATHER SERVICE CHEYENNE WY
335 PM MST FRI MAR 05 2021

...................................

...THE CONVERSE CO (DOUGLAS) WY ARPT CLIMATE SUMMARY FOR MARCH 5 2021...
VALID AS OF 0300 PM LOCAL TIME.

CLIMATE NORMAL PERIOD 1981 TO 2010
CLIMATE RECORD PERIOD 1998 TO 2021


WEATHER ITEM   OBSERVED TIME   RECORD YEAR NORMAL DEPARTURE LAST
                VALUE   (LST)  VALUE       VALUE  FROM      YEAR
                                                  NORMAL
...................................................................
TEMPERATURE (F)
 TODAY
  MAXIMUM         60    151 PM  68    2000  45     15       52
  MINIMUM         21    628 AM -12    2015  18      3       20
  AVERAGE         41                        32      9       36

PRECIPITATION (IN)
  TODAY            0.00          0.21 2010   0.02  -0.02     0.00
  MONTH TO DATE    0.00                      0.08  -0.08      T
  SINCE MAR 1      0.00                      0.08  -0.08      T
  SINCE JAN 1      0.12                      0.87  -0.75     0.43

DEGREE DAYS
 HEATING
  TODAY           24                        33     -9       29
  MONTH TO DATE  128                       170    -42      164
  SINCE MAR 1    128                       170    -42      164
  SINCE JUL 1   5612                      5570     42     5576

 COOLING
  TODAY            0                         0      0        0
  MONTH TO DATE    0                         0      0        0
  SINCE MAR 1      0                         0      0        0
  SINCE JAN 1      0                         0      0        0
...................................................................


WIND (MPH)
  HIGHEST WIND SPEED    22   HIGHEST WIND DIRECTION     W (290)
  HIGHEST GUST SPEED    26   HIGHEST GUST DIRECTION     W (290)
  AVERAGE WIND SPEED     7.4


SKY COVER
  POSSIBLE SUNSHINE  MM
  AVERAGE SKY COVER 0.0


WEATHER CONDITIONS
THE FOLLOWING WEATHER WAS RECORDED TODAY.
  NO SIGNIFICANT WEATHER WAS OBSERVED.


RELATIVE HUMIDITY (PERCENT)
 HIGHEST    84           700 AM
 LOWEST     13           300 PM
 AVERAGE    49

..........................................................


THE CONVERSE CO (DOUGLAS) WY ARPT CLIMATE NORMALS FOR TOMORROW
                         NORMAL    RECORD    YEAR
 MAXIMUM TEMPERATURE (F)   46        68      2016
 MINIMUM TEMPERATURE (F)   19        13      2015


SUNRISE AND SUNSET
MARCH  5 2021.........SUNRISE   630 AM MST   SUNSET   556 PM MST
MARCH  6 2021.........SUNRISE   628 AM MST   SUNSET   558 PM MST


-  INDICATES NEGATIVE NUMBERS.
R  INDICATES RECORD WAS SET OR TIED.
MM INDICATES DATA IS MISSING.
T  INDICATES TRACE AMOUNT.




$$
