000
CXUS55 KCYS 071503
CLMDGW

CLIMATE REPORT
NATIONAL WEATHER SERVICE CHEYENNE WY
803 AM MST SUN FEB 07 2021

...................................

...THE CONVERSE CO (DOUGLAS) WY ARPT CLIMATE SUMMARY FOR THE MONTH OF JANUARY 2021...

CLIMATE NORMAL PERIOD 1981 TO 2010
CLIMATE RECORD PERIOD 1998 TO 2021

WEATHER         OBSERVED          NORMAL  DEPART   LAST YEAR`S
                VALUE   DATE(S)   VALUE   FROM     VALUE
                                          NORMAL
..............................................................
TEMPERATURE (F)
RECORD
 HIGH             71   01/27/2015
 LOW             -33   01/27/2009
HIGHEST           54   01/29         MM      MM       52
LOWEST            -7   01/27         MM      MM        6
AVG. MAXIMUM    37.9               38.7    -0.8
AVG. MINIMUM    12.6               11.2     1.4
DAYS MAX >= 90     0                0.0     0.0
DAYS MAX <= 32     8                       -1.5
DAYS MIN <= 32    31               30.2     0.8
DAYS MIN <= 0      4                5.9    -1.9

PRECIPITATION (INCHES)
RECORD
 MAXIMUM        0.65   2009
TOTALS          0.07               0.38   -0.31     0.24
DAILY AVG.      0.00
DAYS >= .01        4
DAYS >= .10        0
DAYS >= .50        0
DAYS >= 1.00       0
GREATEST
 24 HR. TOTAL   0.03   01/16 TO 01/16
 STORM TOTAL    0.03



DEGREE DAYS
HEATING TOTAL   1228               1242     -14     1075
 SINCE 7/1      4143               4331    -188     4240
COOLING TOTAL      0                  0       0        0
 SINCE 1/1         0                  0       0        0
..............................................................

WIND (MPH)
AVERAGE WIND SPEED              8.8
HIGHEST WIND SPEED/DIRECTION    59/300    DATE  01/13
HIGHEST GUST SPEED/DIRECTION    81/310    DATE  01/13

SKY COVER
AVERAGE SKY COVER           0.39

AVERAGE RH (PERCENT)     64

WEATHER CONDITIONS. NUMBER OF DAYS WITH
THUNDERSTORM              0     MIXED PRECIP               0
HEAVY RAIN                0     RAIN                       0
LIGHT RAIN                1     FREEZING RAIN              0
LT FREEZING RAIN          0     HAIL                       0
HEAVY SNOW                0     SNOW                       2
LIGHT SNOW               15     SLEET                      0
FOG                      12     FOG W/VIS <= 1/4 MILE      5
HAZE                     13

-  INDICATES NEGATIVE NUMBERS.
R  INDICATES RECORD WAS SET OR TIED.
MM INDICATES DATA IS MISSING.
T  INDICATES TRACE AMOUNT.

$$
