000
CXUS54 KTSA 011100
CLMFSM
CLIMATE REPORT
NATIONAL WEATHER SERVICE TULSA OK
600 AM CDT FRI SEP 01 2023
...................................
...THE FORT SMITH ARKANSAS CLIMATE SUMMARY FOR THE MONTH OF AUGUST 2023...
CLIMATE NORMAL PERIOD 1991 TO 2020
CLIMATE RECORD PERIOD 1882 TO 2023
WEATHER OBSERVED NORMAL DEPART LAST YEAR`S
VALUE DATE(S) VALUE FROM VALUE DATE(S)
NORMAL
................................................................
TEMPERATURE (F)
RECORD
HIGH 115 08/03/2011
LOW 45 08/24/1891
HIGHEST 107 08/03 113 -6 104
08/20
LOWEST 63 08/16 45 18 67
AVG. MAXIMUM 96.9 93.7 3.2 94.3
AVG. MINIMUM 74.2 70.9 3.3 73.3
MEAN 85.6 82.3 3.3 83.8
DAYS MAX >= 90 25
DAYS MAX <= 32 0
DAYS MIN <= 32 0
DAYS MIN <= 0 0
PRECIPITATION (INCHES)
RECORD
MAXIMUM 11.70 2019
MINIMUM T 2000
TOTALS 2.65 3.60 -0.95 2.02
DAILY AVG. 0.09 0.12 -0.03 0.07
DAYS >= .01 5 7.2 -2.2 7
DAYS >= .10 5 5.1 -0.1 3
DAYS >= .50 3 2.4 0.6 2
DAYS >= 1.00 0 0.9 -0.9 1
GREATEST
24 HR. TOTAL 1.20 08/07 TO 08/08
DEGREE DAYS
COOLING TOTAL 644 536 108 591
SINCE 1/1 2029 1781 248 MM
................................................................
WIND (MPH)
AVERAGE WIND SPEED 5.4
HIGHEST WIND SPEED/DIRECTION 31/300 DATE 08/06
31/270 08/07
31/030 08/25
HIGHEST GUST SPEED/DIRECTION 48/270 DATE 08/07
SKY COVER
POSSIBLE SUNSHINE (PERCENT) MM
AVERAGE SKY COVER 0.11
NUMBER OF DAYS FAIR 30
NUMBER OF DAYS PC 1
NUMBER OF DAYS CLOUDY 0
AVERAGE RH (PERCENT) 65
WEATHER CONDITIONS. NUMBER OF DAYS WITH
THUNDERSTORM 9 MIXED PRECIP 0
HEAVY RAIN 4 RAIN 4
LIGHT RAIN 6 FREEZING RAIN 0
LT FREEZING RAIN 0 HAIL 0
HEAVY SNOW 0 SNOW 0
LIGHT SNOW 0 SLEET 0
FOG 6 FOG W/VIS <= 1/4 MILE 0
HAZE 1
- INDICATES NEGATIVE NUMBERS.
R INDICATES RECORD WAS SET OR TIED.
MM INDICATES DATA IS MISSING.
T INDICATES TRACE AMOUNT.
$$