000
CXUS53 KUNR 010930
CF6IEN
PRELIMINARY LOCAL CLIMATOLOGICAL DATA (WS FORM: F-6)
STATION: PINE RIDGE SD
MONTH: JULY
YEAR: 2023
LATITUDE: 43 1 N
LONGITUDE: 102 31 W
TEMPERATURE IN F: :PCPN: SNOW: WIND :SUNSHINE: SKY :PK WND
================================================================================
1 2 3 4 5 6A 6B 7 8 9 10 11 12 13 14 15 16 17 18
12Z AVG MX 2MIN
DY MAX MIN AVG DEP HDD CDD WTR SNW DPTH SPD SPD DIR MIN PSBL S-S WX SPD DR
================================================================================
1 82 53 68 -4 0 3 0.00 M M 2.1 9 20 M M 0 12 290
2 87 56 72 0 0 7 0.00 M M 5.0 13 240 M M 0 19 240
3 90 55 73 1 0 8 0.18 M M 6.4 37 240 M M 2 138 56 240
4 70 56 63 -9 2 0 T M M 7.4 22 350 M M 9 1 30 330
5 64 49 57 -16 8 0 0.09 M M 3.8 9 180 M M 8 1 14 170
6 75 46 61 -12 4 0 0.51 M M 7.2 18 200 M M 6 13 24 210
7 78 54 66 -7 0 1 0.05 M M 7.3 18 60 M M 3 13 28 70
8 75 53 64 -10 1 0 0.00 M M 4.1 15 200 M M 4 19 200
9 83 46 65 -9 0 0 0.00 M M 4.2 12 210 M M 0 18 220
10 91 55 73 -1 0 8 T M M 4.2 12 50 M M 0 16 40
11 86 62 74 0 0 9 0.01 M M 8.3 22 10 M M 2 13 32 50
12 87 56 72 -2 0 7 0.00 M M 5.5 15 80 M M 1 22 70
13 89 55 72 -3 0 7 T M M 4.8 21 90 M M 1 3 29 90
14 80 59 70 -5 0 5 0.38 M M 5.0 29 340 M M 3 13 51 340
15 84 53 69 -6 0 4 0.00 M M 6.2 16 260 M M 0 138 24 290
16 87 54 71 -4 0 6 T M M 5.4 28 30 M M 1 138 41 10
17 83 56 70 -5 0 5 0.08 M M 10.9 35 40 M M 0 138 50 360
18 91 64 78 3 0 13 0.18 M M 6.8 18 130 M M 3 138 28 130
19 85 58 72 -3 0 7 T M M 6.3 22 150 M M 1 13 30 170
20 73 53 63 -12 2 0 0.00 M M 3.4 12 240 M M 3 15 230
21 84 49 67 -9 0 2 0.00 M M 3.3 13 210 M M 0 1 18 210
22 92 50 71 -5 0 6 0.00 M M 3.3 15 190 M M 0 22 190
23 100 61 81 5 0 16 0.11 M M 6.6 44 20 M M 0 3 67 10
24 94 62 78 2 0 13 0.65 M M 6.9 32 300 M M 0 1238 49 290
25 95 64 80 4 0 15 0.00 M M 8.1 22 290 M M 0 3 33 270
26 97 60 79 3 0 14 0.00 M M 5.8 24 210 M M 0 8 36 210
27 97 59 78 2 0 13 0.04 M M 6.5 28 290 M M 1 38 39 280
28 89 56 73 -3 0 8 0.01 M M 5.4 20 100 M M 1 3 26 110
29 88 61 75 0 0 10 0.02 M M 9.2 25 40 M M 1 3 39 30
30 95 63 79 4 0 14 0.84 M M 14.3 39 180 M M 2 13 54 170
31 89 64 77 2 0 12 T M M 5.2 16 310 M M 1 22 140
================================================================================
SM 2660 1742 17 213 3.15 M 188.9 M 53
================================================================================
AV 85.8 56.2 6.1 FASTST M M 2 MAX(MPH)
MISC ----> 44 20 67 10
================================================================================
NOTES:
# LAST OF SEVERAL OCCURRENCES
COLUMN 17 PEAK WIND IN M.P.H.
PRELIMINARY LOCAL CLIMATOLOGICAL DATA (WS FORM: F-6) , PAGE 2
STATION: PINE RIDGE SD
MONTH: JULY
YEAR: 2023
LATITUDE: 43 1 N
LONGITUDE: 102 31 W
[TEMPERATURE DATA] [PRECIPITATION DATA] SYMBOLS USED IN COLUMN 16
AVERAGE MONTHLY: 71.0 TOTAL FOR MONTH: 3.15 1 = FOG OR MIST
DPTR FM NORMAL: -3.5 DPTR FM NORMAL: 1.03 2 = FOG REDUCING VISIBILITY
HIGHEST: 100 ON 23 GRTST 24HR 0.84 ON 30-30 TO 1/4 MILE OR LESS
LOWEST: 46 ON 9, 6 3 = THUNDER
SNOW, ICE PELLETS, HAIL 4 = ICE PELLETS
TOTAL MONTH: M 5 = HAIL
GRTST 24HR M ON M 6 = FREEZING RAIN OR DRIZZLE
GRTST DEPTH: M ON M 7 = DUSTSTORM OR SANDSTORM:
VSBY 1/2 MILE OR LESS
8 = SMOKE OR HAZE
[NO. OF DAYS WITH] [WEATHER - DAYS WITH] 9 = BLOWING SNOW
X = TORNADO
MAX 32 OR BELOW: 0 0.01 INCH OR MORE: 14
MAX 90 OR ABOVE: 10 0.10 INCH OR MORE: 7
MIN 32 OR BELOW: 0 0.50 INCH OR MORE: 3
MIN 0 OR BELOW: 0 1.00 INCH OR MORE: 0
[HDD (BASE 65) ]
TOTAL THIS MO. 17 CLEAR (SCALE 0-3) 24
DPTR FM NORMAL 10 PTCLDY (SCALE 4-7) 6
TOTAL FM JUL 1 17 CLOUDY (SCALE 8-10) 1
DPTR FM NORMAL 15
[CDD (BASE 65) ]
TOTAL THIS MO. 213
DPTR FM NORMAL -87 [PRESSURE DATA]
TOTAL FM JAN 1 321 HIGHEST SLP 30.25 ON 5
DPTR FM NORMAL -126 LOWEST SLP 29.73 ON 3
[REMARKS]
#FINAL-07-23#