000
CXUS53 KUNR 010930
CF6IEN
PRELIMINARY LOCAL CLIMATOLOGICAL DATA (WS FORM: F-6)
STATION: PINE RIDGE SD
MONTH: OCTOBER
YEAR: 2021
LATITUDE: 43 1 N
LONGITUDE: 102 31 W
TEMPERATURE IN F: :PCPN: SNOW: WIND :SUNSHINE: SKY :PK WND
================================================================================
1 2 3 4 5 6A 6B 7 8 9 10 11 12 13 14 15 16 17 18
12Z AVG MX 2MIN
DY MAX MIN AVG DEP HDD CDD WTR SNW DPTH SPD SPD DIR MIN PSBL S-S WX SPD DR
================================================================================
1 74 36 55 0 10 0 0.00 M M 3.1 9 300 M M 1 13 340
2 77 33 55 0 10 0 0.00 M M 3.6 16 350 M M 0 23 350
3 83 33 58 4 7 0 0.00 M M 2.9 12 270 M M 0 16 270
4 88 35 62 8 3 0 0.00 M M 7.0 22 180 M M 0 32 180
5 87 51 69 16 0 4 0.00 M M 15.2 28 180 M M 0 39 180
6 85 50 68 15 0 3 0.00 M M 12.7 25 150 M M 0 37 160
7 81 45 63 11 2 0 0.00 M M 4.7 18 230 M M 0 8 26 220
8 82 43 63 11 2 0 T M M 4.3 15 270 M M 2 8 20 240
9 73 51 62 11 3 0 0.04 M M 10.8 30 280 M M 5 18 43 270
10 70 32 51 1 14 0 T M M 7.5 22 290 M M 2 18 29 280
11 69 28 49 -1 16 0 0.00 M M 7.5 18 90 M M 0 8 24 90
12 51 42 47 -2 18 0 1.59 M M 16.0 31 50 M M 10 13 47 50
13 53 33 43 -6 22 0 0.11 M M 18.5 40 280 M M 7 128 61 300
14 54 30 42 -6 23 0 0.00 M M 7.5 18 270 M M 2 8 26 280
15 54 26 40 -8 25 0 0.00 M M 9.3 25 290 M M 3 8 36 310
16 67 24 46 -1 19 0 0.00 M M 5.8 14 260 M M 0 21 270
17 78 23 51 4 14 0 0.00 M M 5.1 22 190 M M 0 8 34 190
18 81 39 60 14 5 0 0.00 M M 5.5 21 180 M M 0 8 29 190
19 51 33 42 -4 23 0 0.19 M M 11.1 26 10 M M 7 1 38 10
20 44 26 35 -11 30 0 0.07 M M 6.6 15 340 M M 6 18 24 340
21 63 22 43 -2 22 0 0.00 M M 2.7 10 220 M M 0 8 14 260
22 68 30 49 5 16 0 0.00 M M 5.9 14 140 M M 0 8 23 130
23 60 40 50 6 15 0 T M M 8.4 17 190 M M 2 8 25 170
24 60 31 46 2 19 0 T M M 4.3 13 290 M M 2 8 19 300
25 62 37 50 7 15 0 T M M 21.0 38 180 M M 1 8 54 180
26 59 40 50 7 15 0 0.13 M M 14.4 30 180 M M 7 18 45 180
27 61 32 47 5 18 0 0.03 M M 7.8 20 300 M M 4 8 33 340
28 58 26 42 0 23 0 0.00 M M 8.0 25 330 M M 0 8 37 310
29 71 25 48 7 17 0 0.00 M M 7.2 17 190 M M 0 24 180
30 56 40 48 7 17 0 T M M 11.3 26 20 M M 5 36 20
31 40 32 36 -5 29 0 T M M 3.8 16 20 M M 10 1 20 20
================================================================================
SM 2060 1068 452 7 2.16 M 259.5 M 76
================================================================================
AV 66.5 34.5 8.4 FASTST M M 2 MAX(MPH)
MISC ----> 40 280 61 300
================================================================================
NOTES:
# LAST OF SEVERAL OCCURRENCES
COLUMN 17 PEAK WIND IN M.P.H.
PRELIMINARY LOCAL CLIMATOLOGICAL DATA (WS FORM: F-6) , PAGE 2
STATION: PINE RIDGE SD
MONTH: OCTOBER
YEAR: 2021
LATITUDE: 43 1 N
LONGITUDE: 102 31 W
[TEMPERATURE DATA] [PRECIPITATION DATA] SYMBOLS USED IN COLUMN 16
AVERAGE MONTHLY: 50.5 TOTAL FOR MONTH: 2.16 1 = FOG OR MIST
DPTR FM NORMAL: 2.9 DPTR FM NORMAL: 0.91 2 = FOG REDUCING VISIBILITY
HIGHEST: 88 ON 4 GRTST 24HR 1.68 ON 12-13 TO 1/4 MILE OR LESS
LOWEST: 22 ON 21 3 = THUNDER
SNOW, ICE PELLETS, HAIL 4 = ICE PELLETS
TOTAL MONTH: M 5 = HAIL
GRTST 24HR M ON M 6 = FREEZING RAIN OR DRIZZLE
GRTST DEPTH: M ON M 7 = DUSTSTORM OR SANDSTORM:
VSBY 1/2 MILE OR LESS
8 = SMOKE OR HAZE
[NO. OF DAYS WITH] [WEATHER - DAYS WITH] 9 = BLOWING SNOW
X = TORNADO
MAX 32 OR BELOW: 0 0.01 INCH OR MORE: 7
MAX 90 OR ABOVE: 0 0.10 INCH OR MORE: 4
MIN 32 OR BELOW: 14 0.50 INCH OR MORE: 1
MIN 0 OR BELOW: 0 1.00 INCH OR MORE: 1
[HDD (BASE 65) ]
TOTAL THIS MO. 452 CLEAR (SCALE 0-3) 22
DPTR FM NORMAL -92 PTCLDY (SCALE 4-7) 7
TOTAL FM JUL 1 521 CLOUDY (SCALE 8-10) 2
DPTR FM NORMAL -207
[CDD (BASE 65) ]
TOTAL THIS MO. 7
DPTR FM NORMAL 2 [PRESSURE DATA]
TOTAL FM JAN 1 1050 HIGHEST SLP 30.44 ON 31
DPTR FM NORMAL 265 LOWEST SLP 29.30 ON 13
[REMARKS]
#FINAL-10-21#