000
CXUS55 KDVN 011000
CF6IOW
PRELIMINARY LOCAL CLIMATOLOGICAL DATA (WS FORM: F-6)
STATION: IOWA CITY IA
MONTH: APRIL
YEAR: 2023
LATITUDE: 41 37 N
LONGITUDE: 91 33 W
TEMPERATURE IN F: :PCPN: SNOW: WIND :SUNSHINE: SKY :PK WND
================================================================================
1 2 3 4 5 6A 6B 7 8 9 10 11 12 13 14 15 16 17 18
12Z AVG MX 2MIN
DY MAX MIN AVG DEP HDD CDD WTR SNW DPTH SPD SPD DIR MIN PSBL S-S WX SPD DR
================================================================================
1 50 30 40 -6 25 0 T M M 14.6 32 320 M M 5 1 47 330
2 72 28 50 3 15 0 0.00 M M 11.5 26 180 M M 1 44 190
3 65 40 53 6 12 0 0.00 M M 9.1 23 20 M M 9 33 20
4 71 47 59 12 6 0 0.04 M M 11.3 22 80 M M 8 13 38 80
5 70 31 51 3 14 0 0.07 M M 16.2 30 280 M M 6 138 40 270
6 53 24 39 -9 26 0 0.00 M M 7.3 18 300 M M 0 24 300
7 63 28 46 -2 19 0 0.00 M M 6.6 18 190 M M 0 25 170
8 68 37 53 4 12 0 0.00 M M 9.4 20 190 M M 0 26 160
9 72 34 53 4 12 0 0.00 M M 9.1 23 180 M M 0 30 180
10 75 39 57 7 8 0 0.00 M M 4.4 15 230 M M 1 20 200
11 81 41 61 11 4 0 0.00 M M 8.2 22 230 M M 0 30 220
12 83 50 67 17 0 2 0.00 M M 12.4 25 220 M M 0 38 220
13 83 44 64 14 1 0 0.00 M M 7.3 23 170 M M 0 33 160
14 84 48 66 15 0 1 0.00 M M 7.5 22 200 M M 0 29 220
15 72 42 57 6 8 0 0.63 M M 12.1 28 300 M M 5 13 39 300
16 42 34 38 -14 27 0 0.16 M M 19.8 33 280 M M 10 18 45 270
17 60 34 47 -5 18 0 T M M 19.1 33 280 M M 3 54 300
18 61 32 47 -5 18 0 T M M 6.6 15 80 M M 0 3 23 100
19 77 49 63 11 2 0 T M M 10.8 21 160 M M 7 3 30 180
20 70 39 55 2 10 0 0.58 M M 13.0 35 270 M M 6 13 47 290
21 56 35 46 -7 19 0 T M M 12.9 31 270 M M 4 43 230
22 42 32 37 -17 28 0 T M M 12.4 23 290 M M 9 1 31 280
23 49 30 40 -14 25 0 0.00 M M 7.8 18 280 M M 8 25 300
24 58 26 42 -12 23 0 0.00 M M 4.2 15 310 M M 7 22 300
25 59 40 50 -5 15 0 0.00 M M 9.0 15 40 M M 5 20 30
26 59 30 45 -10 20 0 0.00 M M 3.9 15 120 M M 0 22 170
27 70 36 53 -2 12 0 0.00 M M 5.3 15 140 M M 0 20 140
28 74 38 56 0 9 0 T M M 4.6 21 310 M M 2 8 28 320
29 60 40 50 -6 15 0 T M M 14.3 25 290 M M 7 8 35 300
30 53 42 48 -8 17 0 T M M 18.5 29 310 M M 8 47 290
================================================================================
SM 1952 1100 420 3 1.48 M 309.2 M 111
================================================================================
AV 65.1 36.7 10.3 FASTST M M 4 MAX(MPH)
MISC ----> 35 270 54 300
================================================================================
NOTES:
# LAST OF SEVERAL OCCURRENCES
COLUMN 17 PEAK WIND IN M.P.H.
PRELIMINARY LOCAL CLIMATOLOGICAL DATA (WS FORM: F-6) , PAGE 2
STATION: IOWA CITY IA
MONTH: APRIL
YEAR: 2023
LATITUDE: 41 37 N
LONGITUDE: 91 33 W
[TEMPERATURE DATA] [PRECIPITATION DATA] SYMBOLS USED IN COLUMN 16
AVERAGE MONTHLY: 50.9 TOTAL FOR MONTH: 1.48 1 = FOG OR MIST
DPTR FM NORMAL: -0.5 DPTR FM NORMAL: -2.28 2 = FOG REDUCING VISIBILITY
HIGHEST: 84 ON 14 GRTST 24HR 0.77 ON 15-16 TO 1/4 MILE OR LESS
LOWEST: 24 ON 6 3 = THUNDER
SNOW, ICE PELLETS, HAIL 4 = ICE PELLETS
TOTAL MONTH: M 5 = HAIL
GRTST 24HR M ON M 6 = FREEZING RAIN OR DRIZZLE
GRTST DEPTH: M ON M 7 = DUSTSTORM OR SANDSTORM:
VSBY 1/2 MILE OR LESS
8 = SMOKE OR HAZE
[NO. OF DAYS WITH] [WEATHER - DAYS WITH] 9 = BLOWING SNOW
X = TORNADO
MAX 32 OR BELOW: 0 0.01 INCH OR MORE: 5
MAX 90 OR ABOVE: 0 0.10 INCH OR MORE: 3
MIN 32 OR BELOW: 10 0.50 INCH OR MORE: 2
MIN 0 OR BELOW: 0 1.00 INCH OR MORE: 0
[HDD (BASE 65) ]
TOTAL THIS MO. 420 CLEAR (SCALE 0-3) 15
DPTR FM NORMAL 4 PTCLDY (SCALE 4-7) 10
TOTAL FM JUL 1 5807 CLOUDY (SCALE 8-10) 5
DPTR FM NORMAL -145
[CDD (BASE 65) ]
TOTAL THIS MO. 3
DPTR FM NORMAL -3 [PRESSURE DATA]
TOTAL FM JAN 1 3 HIGHEST SLP 30.54 ON 7
DPTR FM NORMAL -5 LOWEST SLP 29.37 ON 4
[REMARKS]
#FINAL-04-23#