000
CXUS55 KCYS 071503
CLMLAR

CLIMATE REPORT
NATIONAL WEATHER SERVICE CHEYENNE WY
803 AM MST SUN FEB 07 2021

...................................

...THE LARAMIE WYOMING AIRPORT CLIMATE SUMMARY FOR THE MONTH OF JANUARY 2021...

CLIMATE NORMAL PERIOD 1981 TO 2010
CLIMATE RECORD PERIOD 1948 TO 2021

WEATHER         OBSERVED          NORMAL  DEPART   LAST YEAR`S
                VALUE   DATE(S)   VALUE   FROM     VALUE
                                          NORMAL
..............................................................
TEMPERATURE (F)
RECORD
 HIGH             60   01/26/2015
 LOW             -50   01/12/1963
HIGHEST           49   01/29, 01/28  MM      MM       49
LOWEST           -13   01/11          8     -21        2
AVG. MAXIMUM    34.6               33.3     1.3
AVG. MINIMUM     9.8               10.1    -0.3
DAYS MAX >= 90     0                0.0     0.0
DAYS MAX <= 32    11                       -2.3
DAYS MIN <= 32    31               30.5     0.5
DAYS MIN <= 0      5                6.5    -1.5

PRECIPITATION (INCHES)
RECORD
 MAXIMUM        2.26   1949
TOTALS          0.12               0.27   -0.15        T
DAILY AVG.      0.00
DAYS >= .01        5
DAYS >= .10        0
DAYS >= .50        0
DAYS >= 1.00       0
GREATEST
 24 HR. TOTAL   0.07   01/23 TO 01/23
 STORM TOTAL    0.07



DEGREE DAYS
HEATING TOTAL   1319               1342     -23     1243
 SINCE 7/1      4734               5007    -273     4826
COOLING TOTAL      0                  0       0        0
 SINCE 1/1         0                  0       0        0
..............................................................

WIND (MPH)
AVERAGE WIND SPEED              13.3
HIGHEST WIND SPEED/DIRECTION    59/290    DATE  01/13
HIGHEST GUST SPEED/DIRECTION    81/290    DATE  01/13

SKY COVER
AVERAGE SKY COVER           0.33

AVERAGE RH (PERCENT)     63

WEATHER CONDITIONS. NUMBER OF DAYS WITH
THUNDERSTORM              0     MIXED PRECIP               0
HEAVY RAIN                0     RAIN                       0
LIGHT RAIN                1     FREEZING RAIN              0
LT FREEZING RAIN          0     HAIL                       0
HEAVY SNOW                2     SNOW                       3
LIGHT SNOW               11     SLEET                      0
FOG                      10     FOG W/VIS <= 1/4 MILE      4
HAZE                      6

-  INDICATES NEGATIVE NUMBERS.
R  INDICATES RECORD WAS SET OR TIED.
MM INDICATES DATA IS MISSING.
T  INDICATES TRACE AMOUNT.

$$
