783
CXUS53 KARX 021336 RRA
CLALSE
CLIMATE REPORT
NATIONAL WEATHER SERVICE LA CROSSE WI
715 AM CST THU JAN 2 2020
...................................
...THE LA CROSSE CLIMATE SUMMARY FOR THE YEAR OF 2019...
CLIMATE NORMAL PERIOD 1981 TO 2010
CLIMATE RECORD PERIOD 1873 TO 2020
WEATHER OBSERVED NORMAL DEPART LAST YEAR`S
VALUE DATE(S) VALUE FROM VALUE DATE(S)
NORMAL
................................................................
TEMPERATURE (F)
RECORD
HIGH 108 07/13/1995
07/14/1936
LOW -43 01/18/1873
HIGHEST 97 07/19 MM MM 98 06/29
06/17
05/27
LOWEST -33 01/31 MM MM -14 01/05
AVG. MAXIMUM 56.2 57.0 -0.8 57.4
AVG. MINIMUM 37.9 37.8 0.1 39.1
MEAN 47.0 47.4 -0.4 48.2
DAYS MAX >= 90 16 13.4 2.6 24
DAYS MAX <= 32 66 61.0 5.0 62
DAYS MIN <= 32 147 142.2 4.8 164
DAYS MIN <= 0 28 20.1 7.9 18
PRECIPITATION (INCHES)
RECORD
MAXIMUM 42.88 2010
MINIMUM 26.68 2012
TOTALS 44.67 33.06 11.61 42.59
DAYS >= .01 134 118.8 15.2 126
DAYS >= .10 82 64.9 17.1 75
DAYS >= .50 30 20.3 9.7 30
DAYS >= 1.00 13 7.1 5.9 12
GREATEST
24 HR. TOTAL 2.05 MM 07/18 TO 07/18
STORM TOTAL 3.69 07/18 TO 07/19
SNOWFALL (INCHES)
RECORDS
TOTAL 78.7 2008
24 HR TOTAL 13.9 MM
TOTALS 69.8 43.3 26.5 51.4
SINCE 7/1 11.5 15.6 -4.1 6.0
DAYS >= TRACE 79 30.1 48.9 81
DAYS >= 1.0 20 13.2 6.8 14
GREATEST
SNOW DEPTH 19 02/21
24 HR TOTAL 9.0 MM 02/12 TO 02/12
STORM TOTAL 11.0 02/11 TO 02/12
DEGREE_DAYS
HEATING TOTAL 7363 7194 169 17056
SINCE 7/1 MM 2844 MM MM
COOLING TOTAL 950 781 169 1188
SINCE 1/1 950 782 168 1188
FREEZE DATES
RECORD
EARLIEST MM
LATEST MM
EARLIEST MM
LATEST MM
.................................................................
WIND (MPH)
AVERAGE WIND SPEED 7.9
HIGHEST WIND SPEED/DIRECTION 38/280 DATE 06/27
HIGHEST GUST SPEED/DIRECTION 52/310 DATE 07/20
SKY COVER
POSSIBLE SUNSHINE (PERCENT) MM
AVERAGE SKY COVER 0.50
NUMBER OF DAYS FAIR 150
NUMBER OF DAYS PC 123
NUMBER OF DAYS CLOUDY 92
AVERAGE RH (PERCENT) 68
WEATHER CONDITIONS. NUMBER OF DAYS WITH
THUNDERSTORM 45 MIXED PRECIP 1
HEAVY RAIN 41 RAIN 49
LT RAIN 128 FREEZING RAIN 5
LT FREEZING RAIN 16 HAIL 0
HEAVY SNOW 6 SNOW 15
LIGHT SNOW 73 SLEET 2
FOG 198 FOG W/VIS <= 1/4 MILE 29
HAZE 35
- INDICATES NEGATIVE NUMBERS.
R INDICATES RECORD WAS SET OR TIED.
MM INDICATES DATA IS MISSING.
T INDICATES TRACE AMOUNT.
$$
BOYNE