000
CXUS54 KLZK 011130
CF6M19
PRELIMINARY LOCAL CLIMATOLOGICAL DATA (WS FORM: F-6)
STATION: NEWPORT AIRPORT
MONTH: MAY
YEAR: 2021
LATITUDE: 35 35 N
LONGITUDE: 91 16 W
TEMPERATURE IN F: :PCPN: SNOW: WIND :SUNSHINE: SKY :PK WND
================================================================================
1 2 3 4 5 6A 6B 7 8 9 10 11 12 13 14 15 16 17 18
12Z AVG MX 2MIN
DY MAX MIN AVG DEP HDD CDD WTR SNW DPTH SPD SPD DIR MIN PSBL S-S WX SPD DR
================================================================================
1 80 56 68 3 0 3 T 0.0 0 6.7 15 180 M M 0 22 180
2 68 63 66 0 0 1 0.30 0.0 0 8.2 15 150 M M 9 1 M M
3 83 61 72 6 0 7 T M M 6.8 18 210 M M 7 1 30 210
4 78 54 66 0 0 1 1.02 0.0 0 11.3 35 280 M M 8 13 47 280
5 70 49 60 -6 5 0 0.00 0.0 0 7.4 13 330 M M 1 16 20
6 78 53 66 -1 0 1 T 0.0 0 9.7 27 320 M M 0 37 310
7 73 48 61 -6 4 0 T 0.0 0 7.4 14 180 M M 2 M M
8 82 57 70 3 0 5 0.05 0.0 0 12.0 21 190 M M 4 28 190
9 74 51 63 -5 2 0 0.56 M M 16.5 26 200 M M 7 13 36 200
10 62 50 56 -12 9 0 0.00 M M 11.3 16 20 M M 9 20 40
11 66 51 59 -9 6 0 0.35 M M 11.4 18 40 M M 10 1 M M
12 67 50 59 -9 6 0 T M M 14.9 21 30 M M 6 8 24 40
13 70 44 57 -12 8 0 0.00 M M 7.5 13 40 M M 1 20 50
14 73 46 60 -9 5 0 T M M 4.1 10 60 M M 0 M M
15 78 49 64 -5 1 0 0.00 M M 5.2 12 200 M M 2 8 M M
16 82 59 71 2 0 6 0.00 M M 9.1 18 170 M M 5 8 M M
17 76 61 69 -1 0 4 0.29 M M 13.0 20 160 M M 9 25 160
18 76 65 71 1 0 6 0.32 0.0 0 14.9 22 150 M M 10 1 24 150
19 77 66 72 2 0 7 0.00 0.0 0 12.9 23 120 M M 9 32 140
20 85 67 76 5 0 11 0.00 0.0 0 13.8 24 140 M M 9 30 150
21 86 68 77 6 0 12 T M M 12.4 17 130 M M 5 M M
22 88 61 75 4 0 10 0.00 0.0 0 6.0 9 120 M M 0 20 140
23 86 61 74 3 0 9 0.00 0.0 0 4.3 10 130 M M 1 17 130
24 87 61 74 2 0 9 0.00 M M 3.7 12 230 M M 1 M M
25 88 68 78 6 0 13 0.00 0.0 0 7.8 17 200 M M 5 20 210
26 87 67 77 5 0 12 0.69 M M 6.2 12 210 M M 5 1 M M
27 89 66 78 5 0 13 0.73 0.0 0 10.6 30 340 M M 5 13 38 340
28 78 57 68 -5 0 3 0.18 0.0 0 12.9 22 130 M M 4 1 25 300
29 60 53 57 -16 8 0 0.00 0.0 0 12.1 18 20 M M 10 M M
30 72 48 60 -14 5 0 0.00 0.0 0 5.6 12 50 M M 3 8 M M
31 78 51 65 -9 0 0 0.00 M M 3.9 8 170 M M 0 M M
================================================================================
SM 2397 1761 59 133 4.49 0.0 289.6 M 147
================================================================================
AV 77.3 56.8 9.3 FASTST M M 5 MAX(MPH)
MISC ----> 35 280 47 280
================================================================================
NOTES:
# LAST OF SEVERAL OCCURRENCES
COLUMN 17 PEAK WIND IN M.P.H.
PRELIMINARY LOCAL CLIMATOLOGICAL DATA (WS FORM: F-6) , PAGE 2
STATION: NEWPORT AIRPORT
MONTH: MAY
YEAR: 2021
LATITUDE: 35 35 N
LONGITUDE: 91 16 W
[TEMPERATURE DATA] [PRECIPITATION DATA] SYMBOLS USED IN COLUMN 16
AVERAGE MONTHLY: 67.1 TOTAL FOR MONTH: 4.49 1 = FOG OR MIST
DPTR FM NORMAL: -2.3 DPTR FM NORMAL: -0.46 2 = FOG REDUCING VISIBILITY
HIGHEST: 89 ON 27 GRTST 24HR 1.02 ON 4- 4 TO 1/4 MILE OR LESS
LOWEST: 44 ON 13 3 = THUNDER
SNOW, ICE PELLETS, HAIL 4 = ICE PELLETS
TOTAL MONTH: 0.0 INCH 5 = HAIL
GRTST 24HR 0.0 6 = FREEZING RAIN OR DRIZZLE
GRTST DEPTH: 0 7 = DUSTSTORM OR SANDSTORM:
VSBY 1/2 MILE OR LESS
8 = SMOKE OR HAZE
[NO. OF DAYS WITH] [WEATHER - DAYS WITH] 9 = BLOWING SNOW
X = TORNADO
MAX 32 OR BELOW: 0 0.01 INCH OR MORE: 10
MAX 90 OR ABOVE: 0 0.10 INCH OR MORE: 9
MIN 32 OR BELOW: 0 0.50 INCH OR MORE: 4
MIN 0 OR BELOW: 0 1.00 INCH OR MORE: 1
[HDD (BASE 65) ]
TOTAL THIS MO. 59 CLEAR (SCALE 0-3) 12
DPTR FM NORMAL 24 PTCLDY (SCALE 4-7) 11
TOTAL FM JUL 1 3626 CLOUDY (SCALE 8-10) 8
DPTR FM NORMAL 8
[CDD (BASE 65) ]
TOTAL THIS MO. 133
DPTR FM NORMAL -40 [PRESSURE DATA]
TOTAL FM JAN 1 153 HIGHEST SLP M ON M
DPTR FM NORMAL -72 LOWEST SLP M ON M
[REMARKS]
#FINAL-05-21#