000
CXUS52 KFFC 011010
CF6MCN
PRELIMINARY LOCAL CLIMATOLOGICAL DATA (WS FORM: F-6)
STATION: MACON
MONTH: JULY
YEAR: 2020
LATITUDE: 32 42 N
LONGITUDE: 83 39 W
TEMPERATURE IN F: :PCPN: SNOW: WIND :SUNSHINE: SKY :PK WND
================================================================================
1 2 3 4 5 6A 6B 7 8 9 10 11 12 13 14 15 16 17 18
12Z AVG MX 2MIN
DY MAX MIN AVG DEP HDD CDD WTR SNW DPTH SPD SPD DIR MIN PSBL S-S WX SPD DR
================================================================================
1 89 69 79 -2 0 14 0.24 0.0 M 7.0 31 290 M M 3 138 45 290
2 95 70 83 2 0 18 T 0.0 M 4.1 18 200 M M 2 13 26 200
3 96 72 84 3 0 19 0.00 0.0 M 4.7 14 190 M M 1 1 20 180
4 96 69 83 2 0 18 0.00 0.0 M 4.1 13 180 M M 1 12 19 170
5 94 71 83 2 0 18 0.00 0.0 M 5.9 16 140 M M 1 22 70
6 87 73 80 -2 0 15 1.29 0.0 M 7.0 18 150 M M 9 138 23 140
7 91 74 83 1 0 18 0.15 M M 6.6 14 360 M M 7 13 18 330
8 91 73 82 0 0 17 T M M 4.7 14 280 M M 5 1 19 300
9 94 73 84 2 0 19 T M M 4.8 18 20 M M 2 3 22 30
10 96 72 84 2 0 19 0.00 0.0 M 3.6 16 270 M M 1 1 19 280
11 96 72 84 2 0 19 0.00 0.0 M 7.4 16 310 M M 0 20 310
12 96 67 82 0 0 17 0.00 M M 5.8 16 280 M M 1 21 270
13 94 70 82 0 0 17 0.00 M M 6.6 15 290 M M 2 22 280
14 98 69 84 2 0 19 0.00 M M 2.9 10 270 M M 1 1 15 330
15 99 73 86 4 0 21 0.07 M M 3.0 15 110 M M 2 13 20 110
16 97 71 84 2 0 19 0.00 M M 3.3 13 140 M M 1 1 17 120
17 97 71 84 2 0 19 0.00 0.0 M 2.9 12 140 M M 1 17 110
18 98 73 86 4 0 21 0.00 0.0 M 3.1 12 160 M M 2 1 17 80
19 99 70 85 3 0 20 0.00 0.0 M 2.7 12 180 M M 1 12 17 180
20 102 72 87 5 0 22 0.00 0.0 M 3.4 12 200 M M 0 18 160
21 100 74 87 5 0 22 T M M 4.3 15 130 M M 3 3 19 10
22 99 70 85 3 0 20 0.00 M M 5.1 28 150 M M 1 39 140
23 98 70 84 2 0 19 0.00 M M 5.8 20 190 M M 2 27 190
24 96 69 83 1 0 18 0.01 M M 3.1 16 150 M M 2 13 22 120
25 96 72 84 2 0 19 0.09 M M 3.1 21 80 M M 2 138 30 60
26 96 69 83 1 0 18 0.00 M M 3.0 10 170 M M 2 1 15 170
27 98 71 85 3 0 20 0.00 0.0 M 4.0 16 200 M M 1 1 25 210
28 92 74 83 1 0 18 T M M 6.5 14 230 M M 1 38 19 250
29 90 75 83 1 0 18 T 0.0 M 7.9 17 230 M M 7 27 230
30 96 75 86 4 0 21 0.00 M M 8.4 21 270 M M 7 28 270
31 98 75 87 5 0 22 0.00 M M 7.5 17 210 M M 1 3 27 210
================================================================================
SM 2964 2218 0 584 1.85 0.0 152.3 M 72
================================================================================
AV 95.6 71.5 4.9 FASTST M M 2 MAX(MPH)
MISC ----> 31 290 45 290
================================================================================
NOTES:
# LAST OF SEVERAL OCCURRENCES
COLUMN 17 PEAK WIND IN M.P.H.
PRELIMINARY LOCAL CLIMATOLOGICAL DATA (WS FORM: F-6) , PAGE 2
STATION: MACON
MONTH: JULY
YEAR: 2020
LATITUDE: 32 42 N
LONGITUDE: 83 39 W
[TEMPERATURE DATA] [PRECIPITATION DATA] SYMBOLS USED IN COLUMN 16
AVERAGE MONTHLY: 83.6 TOTAL FOR MONTH: 1.85 1 = FOG OR MIST
DPTR FM NORMAL: 1.8 DPTR FM NORMAL: -3.10 2 = FOG REDUCING VISIBILITY
HIGHEST: 102 ON 20 GRTST 24HR 1.29 ON 6- 6 TO 1/4 MILE OR LESS
LOWEST: 67 ON 12 3 = THUNDER
SNOW, ICE PELLETS, HAIL 4 = ICE PELLETS
TOTAL MONTH: 0.0 INCH 5 = HAIL
GRTST 24HR 0.0 6 = FREEZING RAIN OR DRIZZLE
GRTST DEPTH: M ON M 7 = DUSTSTORM OR SANDSTORM:
VSBY 1/2 MILE OR LESS
8 = SMOKE OR HAZE
[NO. OF DAYS WITH] [WEATHER - DAYS WITH] 9 = BLOWING SNOW
X = TORNADO
MAX 32 OR BELOW: 0 0.01 INCH OR MORE: 6
MAX 90 OR ABOVE: 29 0.10 INCH OR MORE: 3
MIN 32 OR BELOW: 0 0.50 INCH OR MORE: 1
MIN 0 OR BELOW: 0 1.00 INCH OR MORE: 1
[HDD (BASE 65) ]
TOTAL THIS MO. 0 CLEAR (SCALE 0-3) 25
DPTR FM NORMAL 0 PTCLDY (SCALE 4-7) 5
TOTAL FM JUL 1 0 CLOUDY (SCALE 8-10) 1
DPTR FM NORMAL 0
[CDD (BASE 65) ]
TOTAL THIS MO. 584
DPTR FM NORMAL 63 [PRESSURE DATA]
TOTAL FM JAN 1 1408 HIGHEST SLP 30.20 ON 17
DPTR FM NORMAL 155 LOWEST SLP 29.74 ON 12
[REMARKS]
#FINAL-07-20#