000
CXUS52 KFFC 011110
CF6MCN
PRELIMINARY LOCAL CLIMATOLOGICAL DATA (WS FORM: F-6)
STATION: MACON
MONTH: NOVEMBER
YEAR: 2023
LATITUDE: 32 42 N
LONGITUDE: 83 39 W
TEMPERATURE IN F: :PCPN: SNOW: WIND :SUNSHINE: SKY :PK WND
================================================================================
1 2 3 4 5 6A 6B 7 8 9 10 11 12 13 14 15 16 17 18
12Z AVG MX 2MIN
DY MAX MIN AVG DEP HDD CDD WTR SNW DPTH SPD SPD DIR MIN PSBL S-S WX SPD DR
================================================================================
1 59 31 45 -15 20 0 0.00 0.0 M 9.0 20 20 M M 0 31 10
2 63 26 45 -15 20 0 0.00 0.0 M 3.9 16 70 M M 0 20 50
3 71 29 50 -9 15 0 0.00 0.0 M 3.2 10 30 M M 0 17 50
4 77 37 57 -2 8 0 0.00 0.0 M 4.0 14 10 M M 0 26 360
5 80 39 60 1 5 0 0.00 0.0 M 3.2 15 320 M M 0 22 320
6 81 40 61 3 4 0 0.00 0.0 M 1.0 8 140 M M 0 12 180
7 83 43 63 5 2 0 0.00 0.0 M 3.1 13 290 M M 0 18 22 230
8 83 45 64 6 1 0 0.00 0.0 M 2.1 13 200 M M 0 1 20 240
9 82 47 65 7 0 0 0.00 0.0 M 3.0 10 250 M M 0 1 14 230
10 75 52 64 7 1 0 0.00 0.0 M 2.9 15 270 M M 6 20 280
11 64 51 58 1 7 0 0.60 0.0 M 9.2 20 30 M M 10 1 24 30
12 56 52 54 -3 11 0 0.00 0.0 M 7.7 14 40 M M 10 1 18 40
13 69 49 59 3 6 0 0.00 0.0 M 6.4 15 50 M M 3 23 50
14 67 48 58 2 7 0 0.00 0.0 M 5.9 22 80 M M 1 32 80
15 62 51 57 1 8 0 0.15 0.0 M 8.5 15 40 M M 9 22 80
16 73 52 63 7 2 0 0.00 0.0 M 8.7 17 80 M M 6 23 70
17 75 52 64 9 1 0 0.00 0.0 M 4.5 12 20 M M 6 16 20
18 80 52 66 11 0 1 0.00 0.0 M 6.3 14 300 M M 2 12 20 330
19 76 44 60 5 5 0 0.00 0.0 M 4.8 9 80 M M 2 13 290
20 77 51 64 10 1 0 0.00 0.0 M 8.5 18 130 M M 6 1 27 110
21 73 61 67 13 0 2 0.59 0.0 M 10.0 20 200 M M 10 13 28 160
22 64 45 55 1 10 0 0.03 M M 9.7 20 300 M M 8 1 29 290
23 63 37 50 -4 15 0 0.00 0.0 M 2.3 8 240 M M 0 12 230
24 69 44 57 3 8 0 0.01 M M 2.9 10 260 M M 3 20 280
25 62 38 50 -3 15 0 0.00 0.0 M 6.5 15 100 M M 2 1 20 120
26 51 45 48 -5 17 0 0.22 M M 5.9 14 70 M M 8 1 17 60
27 59 41 50 -3 15 0 0.00 0.0 M 8.2 16 330 M M 2 1 24 320
28 59 33 46 -7 19 0 0.00 0.0 M 9.1 21 290 M M 0 30 300
29 58 25 42 -10 23 0 0.00 0.0 M 2.6 8 330 M M 0 13 290
30 58 26 42 -10 23 0 0.00 0.0 M 1.3 9 120 M M 0 12 120
================================================================================
SM 2069 1286 269 3 1.60 0.0 164.4 M 94
================================================================================
AV 69.0 42.9 5.5 FASTST M M 3 MAX(MPH)
MISC ----> 22 80 32 80
================================================================================
NOTES:
# LAST OF SEVERAL OCCURRENCES
COLUMN 17 PEAK WIND IN M.P.H.
PRELIMINARY LOCAL CLIMATOLOGICAL DATA (WS FORM: F-6) , PAGE 2
STATION: MACON
MONTH: NOVEMBER
YEAR: 2023
LATITUDE: 32 42 N
LONGITUDE: 83 39 W
[TEMPERATURE DATA] [PRECIPITATION DATA] SYMBOLS USED IN COLUMN 16
AVERAGE MONTHLY: 55.9 TOTAL FOR MONTH: 1.60 1 = FOG OR MIST
DPTR FM NORMAL: 0.1 DPTR FM NORMAL: -1.77 2 = FOG REDUCING VISIBILITY
HIGHEST: 83 ON 8, 7 GRTST 24HR 0.62 ON 21-22 TO 1/4 MILE OR LESS
LOWEST: 25 ON 29 3 = THUNDER
SNOW, ICE PELLETS, HAIL 4 = ICE PELLETS
TOTAL MONTH: 0.0 INCH 5 = HAIL
GRTST 24HR 0.0 6 = FREEZING RAIN OR DRIZZLE
GRTST DEPTH: M ON M 7 = DUSTSTORM OR SANDSTORM:
VSBY 1/2 MILE OR LESS
8 = SMOKE OR HAZE
[NO. OF DAYS WITH] [WEATHER - DAYS WITH] 9 = BLOWING SNOW
X = TORNADO
MAX 32 OR BELOW: 0 0.01 INCH OR MORE: 6
MAX 90 OR ABOVE: 0 0.10 INCH OR MORE: 4
MIN 32 OR BELOW: 5 0.50 INCH OR MORE: 2
MIN 0 OR BELOW: 0 1.00 INCH OR MORE: 0
[HDD (BASE 65) ]
TOTAL THIS MO. 269 CLEAR (SCALE 0-3) 19
DPTR FM NORMAL -26 PTCLDY (SCALE 4-7) 5
TOTAL FM JUL 1 334 CLOUDY (SCALE 8-10) 6
DPTR FM NORMAL -43
[CDD (BASE 65) ]
TOTAL THIS MO. 3
DPTR FM NORMAL -16 [PRESSURE DATA]
TOTAL FM JAN 1 2282 HIGHEST SLP 30.51 ON 2
DPTR FM NORMAL -39 LOWEST SLP 29.78 ON 18
[REMARKS]
#FINAL-11-23#