000
CXUS55 KSEW 011911
CF6OLM
PRELIMINARY LOCAL CLIMATOLOGICAL DATA (WS FORM: F-6)
STATION: OLYMPIA WA AIRPORT
MONTH: MARCH
YEAR: 2023
LATITUDE: 46 58 N
LONGITUDE: 122 54 W
TEMPERATURE IN F: :PCPN: SNOW: WIND :SUNSHINE: SKY :PK WND
================================================================================
1 2 3 4 5 6A 6B 7 8 9 10 11 12 13 14 15 16 17 18
12Z AVG MX 2MIN
DY MAX MIN AVG DEP HDD CDD WTR SNW DPTH SPD SPD DIR MIN PSBL S-S WX SPD DR
================================================================================
1 45 22 34 -8 31 0 0.04 M M 5.8 13 280 M M 9 12 21 210
2 48 34 41 -1 24 0 0.36 M M 12.5 26 280 M M 7 18 37 250
3 41 33 37 -5 28 0 0.49 M M 9.4 20 180 M M 10 1 24 180
4 46 29 38 -4 27 0 0.26 M M 7.5 24 180 M M 8 1 45 170
5 47 23 35 -8 30 0 0.02 M M 3.1 15 170 M M 4 12 19 170
6 48 26 37 -6 28 0 T M M 6.1 20 180 M M 8 12 29 170
7 48 M M M M M M M M M M M M M 5 123 M M
8 M M M M M M M M M M M M M M M M M
9 M M M M M M M M M M M M M M M M M
10 49 36 43 0 22 0 0.46 M M 5.8 15 260 M M 8 1 23 80
11 52 28 40 -4 25 0 0.01 M M 6.7 15 190 M M 7 12 22 180
12 49 27 38 -6 27 0 0.23 M M 2.3 14 190 M M 10 12 20 180
13 49 33 41 -3 24 0 0.35 M M 7.4 15 270 M M 9 1 22 260
14 53 32 43 -1 22 0 0.03 M M 3.2 10 30 M M 6 12 16 180
15 52 32 42 -2 23 0 T M M 7.7 14 250 M M 6 19 260
16 56 24 40 -4 25 0 0.00 M M 5.4 14 60 M M 1 12 21 60
17 63 23 43 -1 22 0 0.00 M M 1.6 9 60 M M 0 1 12 60
18 66 27 47 3 18 0 0.00 M M 1.9 9 20 M M 0 1 14 350
19 56 35 46 1 19 0 0.10 M M 1.0 10 190 M M 6 1 12 180
20 54 41 48 3 17 0 0.14 M M 7.6 18 180 M M 10 1 25 180
21 57 32 45 0 20 0 0.00 M M 4.8 15 10 M M 5 12 20 40
22 64 28 46 1 19 0 0.01 M M 4.4 18 220 M M 5 12 27 210
23 47 35 41 -4 24 0 0.14 M M 9.9 23 260 M M 9 1 32 250
24 45 33 39 -6 26 0 0.21 M M 9.8 18 270 M M 8 1 25 250
25 47 31 39 -6 26 0 0.02 M M 7.0 16 240 M M 5 1 23 230
26 46 28 37 -8 28 0 0.11 M M 4.6 14 240 M M 7 128 20 250
27 57 26 42 -4 23 0 0.00 M M 6.0 16 110 M M 5 12 22 100
28 61 41 51 5 14 0 T M M 7.2 17 20 M M 8 26 90
29 63 31 47 1 18 0 T M M 4.4 13 80 M M 5 16 90
30 52 39 46 0 19 0 0.01 M M 8.9 18 220 M M 7 27 220
31 47 39 43 -3 22 0 0.44 M M 10.1 22 190 M M 10 1 31 180
================================================================================
SM 1508 868 651 0 3.43 M 172.1 M 188
================================================================================
AV 52.0 31.0 6.1 FASTST M M 6 MAX(MPH)
MISC ----> 26 280 45 170
================================================================================
NOTES:
# LAST OF SEVERAL OCCURRENCES
COLUMN 17 PEAK WIND IN M.P.H.
PRELIMINARY LOCAL CLIMATOLOGICAL DATA (WS FORM: F-6) , PAGE 2
STATION: OLYMPIA WA AIRPORT
MONTH: MARCH
YEAR: 2023
LATITUDE: 46 58 N
LONGITUDE: 122 54 W
[TEMPERATURE DATA] [PRECIPITATION DATA] SYMBOLS USED IN COLUMN 16
AVERAGE MONTHLY: 41.5 TOTAL FOR MONTH: 3.43 1 = FOG OR MIST
DPTR FM NORMAL: -2.6 DPTR FM NORMAL: -2.25 2 = FOG REDUCING VISIBILITY
HIGHEST: 66 ON 18 GRTST 24HR 0.55 ON 3- 4 TO 1/4 MILE OR LESS
LOWEST: 22 ON 1 3 = THUNDER
SNOW, ICE PELLETS, HAIL 4 = ICE PELLETS
TOTAL MONTH: M 5 = HAIL
GRTST 24HR M ON M 6 = FREEZING RAIN OR DRIZZLE
GRTST DEPTH: M ON M 7 = DUSTSTORM OR SANDSTORM:
VSBY 1/2 MILE OR LESS
8 = SMOKE OR HAZE
[NO. OF DAYS WITH] [WEATHER - DAYS WITH] 9 = BLOWING SNOW
X = TORNADO
MAX 32 OR BELOW: 0 0.01 INCH OR MORE: 19
MAX 90 OR ABOVE: 0 0.10 INCH OR MORE: 12
MIN 32 OR BELOW: 17 0.50 INCH OR MORE: 0
MIN 0 OR BELOW: 0 1.00 INCH OR MORE: 0
[HDD (BASE 65) ]
TOTAL THIS MO. 651 CLEAR (SCALE 0-3) 3
DPTR FM NORMAL 3 PTCLDY (SCALE 4-7) 17
TOTAL FM JUL 1 4230 CLOUDY (SCALE 8-10) 11
DPTR FM NORMAL -127
[CDD (BASE 65) ]
TOTAL THIS MO. 0
DPTR FM NORMAL 0 [PRESSURE DATA]
TOTAL FM JAN 1 0 HIGHEST SLP 30.34 ON 26
DPTR FM NORMAL 0 LOWEST SLP 29.39 ON 10
[REMARKS]
#FINAL-03-23#
CORRECTED