000
CXUS56 KSGX 011045
CF6RIV
PRELIMINARY LOCAL CLIMATOLOGICAL DATA (WS FORM: F-6)
STATION: RIVERSIDE/MARCH ARB CA
MONTH: OCTOBER
YEAR: 2023
LATITUDE: 33 53 N
LONGITUDE: 117-15 E
TEMPERATURE IN F: :PCPN: SNOW: WIND :SUNSHINE: SKY :PK WND
================================================================================
1 2 3 4 5 6A 6B 7 8 9 10 11 12 13 14 15 16 17 18
12Z AVG MX 2MIN
DY MAX MIN AVG DEP HDD CDD WTR SNW DPTH SPD SPD DIR MIN PSBL S-S WX SPD DR
================================================================================
1 67 49 58 -12 7 0 0.00 M M 3.7 10 260 M M 4 M M
2 74 45 60 -10 5 0 0.00 M M 3.4 12 320 M M 0 M M
3 83 46 65 -5 0 0 0.00 M M 3.4 12 290 M M 0 M M
4 91 49 70 1 0 5 0.00 M M 3.5 13 80 M M 0 18 320
5 95 53 74 5 0 9 0.00 M M 3.0 13 320 M M 0 21 320
6 97 53 75 6 0 10 0.00 M M 2.7 15 300 M M 0 M M
7 98 53 76 8 0 11 0.00 M M 2.6 12 290 M M 0 M M
8 96 59 78 10 0 13 0.00 M M 3.6 12 300 M M 0 M M
9 92 55 74 6 0 9 0.00 M M 2.8 10 290 M M 0 20 300
10 79 53 66 -1 0 1 0.00 M M 4.4 10 310 M M 1 1 M M
11 75 52 64 -3 1 0 0.00 M M 5.4 12 310 M M 4 M M
12 84 52 68 1 0 3 0.00 M M 5.0 14 330 M M 2 12 M M
13 83 46 65 -1 0 0 0.00 M M 3.1 10 330 M M 0 M M
14 86 47 67 1 0 2 0.00 M M 1.8 9 310 M M 0 M M
15 95 49 72 6 0 7 0.00 M M 2.6 9 320 M M 0 M M
16 92 50 71 6 0 6 0.00 M M 3.1 12 320 M M 0 16 310
17 92 52 72 7 0 7 0.00 M M 1.8 10 310 M M 0 M M
18 99 51 75 10 0 10 0.00 M M 2.2 12 300 M M 0 M M
19 100 53 77 13 0 12 0.00 M M 2.2 14 310 M M 0 M M
20 95 56 76 12 0 11 0.00 M M 4.6 13 300 M M 0 8 M M
21 89 56 73 9 0 8 0.00 M M 4.7 16 300 M M 0 18 290
22 75 52 64 0 1 0 0.00 M M 4.3 13 300 M M 3 12 M M
23 71 52 62 -1 3 0 0.00 M M 4.7 10 310 M M 5 M M
24 77 48 63 0 2 0 0.00 M M 2.8 12 300 M M 0 M M
25 67 58 63 0 2 0 T M M 4.2 7 310 M M 9 1 M M
26 71 52 62 0 3 0 0.00 M M 3.8 9 340 M M 5 M M
27 72 50 61 -1 4 0 0.00 M M 3.1 9 310 M M 5 M M
28 72 48 60 -2 5 0 0.00 M M 2.7 12 310 M M 2 1 17 300
29 73 43 58 -4 7 0 0.00 M M 10.2 24 360 M M 0 33 350
30 77 43 60 -1 5 0 0.00 M M 5.6 9 340 M M 0 8 M M
31 82 46 64 3 1 0 0.00 M M 9.7 20 90 M M 0 26 90
================================================================================
SM 2599 1571 46 124 T M 120.6 M 40
================================================================================
AV 83.8 50.7 3.9 FASTST M M 1 MAX(MPH)
MISC ----> 24 360 33 350
================================================================================
NOTES:
# LAST OF SEVERAL OCCURRENCES
COLUMN 17 PEAK WIND IN M.P.H.
PRELIMINARY LOCAL CLIMATOLOGICAL DATA (WS FORM: F-6) , PAGE 2
STATION: RIVERSIDE/MARCH ARB CA
MONTH: OCTOBER
YEAR: 2023
LATITUDE: 33 53 N
LONGITUDE: 117-15 E
[TEMPERATURE DATA] [PRECIPITATION DATA] SYMBOLS USED IN COLUMN 16
AVERAGE MONTHLY: 67.3 TOTAL FOR MONTH: T 1 = FOG OR MIST
DPTR FM NORMAL: 1.8 DPTR FM NORMAL: -0.47 2 = FOG REDUCING VISIBILITY
HIGHEST: 100 ON 19 GRTST 24HR T ON 25-25 TO 1/4 MILE OR LESS
LOWEST: 43 ON 30,29 3 = THUNDER
SNOW, ICE PELLETS, HAIL 4 = ICE PELLETS
TOTAL MONTH: M 5 = HAIL
GRTST 24HR M ON M 6 = FREEZING RAIN OR DRIZZLE
GRTST DEPTH: M ON M 7 = DUSTSTORM OR SANDSTORM:
VSBY 1/2 MILE OR LESS
8 = SMOKE OR HAZE
[NO. OF DAYS WITH] [WEATHER - DAYS WITH] 9 = BLOWING SNOW
X = TORNADO
MAX 32 OR BELOW: 0 0.01 INCH OR MORE: 0
MAX 90 OR ABOVE: 12 0.10 INCH OR MORE: 0
MIN 32 OR BELOW: 0 0.50 INCH OR MORE: 0
MIN 0 OR BELOW: 0 1.00 INCH OR MORE: 0
[HDD (BASE 65) ]
TOTAL THIS MO. 46 CLEAR (SCALE 0-3) 25
DPTR FM NORMAL -18 PTCLDY (SCALE 4-7) 5
TOTAL FM JUL 1 49 CLOUDY (SCALE 8-10) 1
DPTR FM NORMAL -20
[CDD (BASE 65) ]
TOTAL THIS MO. 124
DPTR FM NORMAL 44 [PRESSURE DATA]
TOTAL FM JAN 1 1380 HIGHEST SLP M ON M
DPTR FM NORMAL -98 LOWEST SLP M ON M
[REMARKS]
#FINAL-10-23#