000
CDUS45 KCYS 270727
CLIRWL

CLIMATE REPORT
NATIONAL WEATHER SERVICE CHEYENNE WY
1227 AM MST SAT FEB 27 2021

...................................

...THE RAWLINS WYOMING AIRPORT CLIMATE SUMMARY FOR FEBRUARY 26 2021...

CLIMATE NORMAL PERIOD 1981 TO 2010
CLIMATE RECORD PERIOD 1951 TO 2021


WEATHER ITEM   OBSERVED TIME   RECORD YEAR NORMAL DEPARTURE LAST
                VALUE   (LST)  VALUE       VALUE  FROM      YEAR
                                                  NORMAL
...................................................................
TEMPERATURE (F)
 YESTERDAY
  MAXIMUM         27    158 PM  54    1995  37    -10       26
  MINIMUM         16    720 AM -10    2002  16      0        5
  AVERAGE         22                        27     -5       16

PRECIPITATION (IN)
  YESTERDAY        T             0.41 1969   0.01  -0.01      T
  MONTH TO DATE    0.28                      0.38  -0.10     0.42
  SINCE DEC 1      1.03                      1.17  -0.14     1.42
  SINCE JAN 1      0.83                      0.74   0.09     0.87

DEGREE DAYS
 HEATING
  YESTERDAY       43                        38      5       49
  MONTH TO DATE 1155                      1080     75     1198
  SINCE DEC 1   3835                      3773     62     3691
  SINCE JUL 1   5732                      5879   -147     5799

 COOLING
  YESTERDAY        0                         0      0        0
  MONTH TO DATE    0                         0      0        0
  SINCE DEC 1      0                         0      0        0
  SINCE JAN 1      0                         0      0        0
...................................................................


WIND (MPH)
  HIGHEST WIND SPEED    40   HIGHEST WIND DIRECTION     W (260)
  HIGHEST GUST SPEED    52   HIGHEST GUST DIRECTION     W (260)
  AVERAGE WIND SPEED    22.2


SKY COVER
  POSSIBLE SUNSHINE  MM
  AVERAGE SKY COVER 0.7


WEATHER CONDITIONS
THE FOLLOWING WEATHER WAS RECORDED YESTERDAY.
  LIGHT SNOW


RELATIVE HUMIDITY (PERCENT)
 HIGHEST    74          1100 PM
 LOWEST     43           100 AM
 AVERAGE    59

..........................................................


THE RAWLINS WYOMING AIRPORT CLIMATE NORMALS FOR TODAY
                         NORMAL    RECORD    YEAR
 MAXIMUM TEMPERATURE (F)   37        52      2006
                                             2016
 MINIMUM TEMPERATURE (F)   17       -19      1960


SUNRISE AND SUNSET
FEBRUARY 27 2021......SUNRISE   646 AM MST   SUNSET   557 PM MST
FEBRUARY 28 2021......SUNRISE   645 AM MST   SUNSET   558 PM MST


-  INDICATES NEGATIVE NUMBERS.
R  INDICATES RECORD WAS SET OR TIED.
MM INDICATES DATA IS MISSING.
T  INDICATES TRACE AMOUNT.




$$
