000
CXUS55 KCYS 071503
CLMRWL

CLIMATE REPORT
NATIONAL WEATHER SERVICE CHEYENNE WY
803 AM MST SUN FEB 07 2021

...................................

...THE RAWLINS WYOMING AIRPORT CLIMATE SUMMARY FOR THE MONTH OF JANUARY 2021...

CLIMATE NORMAL PERIOD 1981 TO 2010
CLIMATE RECORD PERIOD 1951 TO 2021

WEATHER         OBSERVED          NORMAL  DEPART   LAST YEAR`S
                VALUE   DATE(S)   VALUE   FROM     VALUE
                                          NORMAL
..............................................................
TEMPERATURE (F)
RECORD
 HIGH             56   01/23/1981
                       01/11/1953
 LOW             -36   01/19/1963
HIGHEST           43   01/29         MM      MM       40
LOWEST            -6   01/11         11     -17       -3
AVG. MAXIMUM    31.3               31.3     0.0
AVG. MINIMUM    11.5               11.9    -0.4
DAYS MAX >= 90     0                0.0     0.0
DAYS MAX <= 32    15                       -0.4
DAYS MIN <= 32    31               30.4     0.6
DAYS MIN <= 0      5                4.6     0.4

PRECIPITATION (INCHES)
RECORD
 MAXIMUM        1.90   1980
TOTALS          0.55               0.36    0.19     0.45
DAILY AVG.      0.02
DAYS >= .01        5
DAYS >= .10        1
DAYS >= .50        0
DAYS >= 1.00       0
GREATEST
 24 HR. TOTAL   0.46   01/23 TO 01/23
 STORM TOTAL    0.46



DEGREE DAYS
HEATING TOTAL   1344               1345      -1     1299
 SINCE 7/1      4577               4796    -219     4601
COOLING TOTAL      0                  0       0        0
 SINCE 1/1         0                  0       0        0
..............................................................

WIND (MPH)
AVERAGE WIND SPEED              12.5
HIGHEST WIND SPEED/DIRECTION    46/260    DATE  01/13
HIGHEST GUST SPEED/DIRECTION    68/260    DATE  01/13

SKY COVER
AVERAGE SKY COVER           0.40

AVERAGE RH (PERCENT)     64

WEATHER CONDITIONS. NUMBER OF DAYS WITH
THUNDERSTORM              0     MIXED PRECIP               0
HEAVY RAIN                0     RAIN                       0
LIGHT RAIN                1     FREEZING RAIN              0
LT FREEZING RAIN          0     HAIL                       0
HEAVY SNOW                2     SNOW                       3
LIGHT SNOW               20     SLEET                      0
FOG                       7     FOG W/VIS <= 1/4 MILE      3
HAZE                      9

-  INDICATES NEGATIVE NUMBERS.
R  INDICATES RECORD WAS SET OR TIED.
MM INDICATES DATA IS MISSING.
T  INDICATES TRACE AMOUNT.

$$
