000
CXUS56 KSLC 041611
CF6SLC
PRELIMINARY LOCAL CLIMATOLOGICAL DATA (WS FORM: F-6)
STATION: SALT LAKE CITY UT
MONTH: JANUARY
YEAR: 2023
LATITUDE: 40 46 N
LONGITUDE: 111 58 W
TEMPERATURE IN F: :PCPN: SNOW: WIND :SUNSHINE: SKY :PK WND
================================================================================
1 2 3 4 5 6A 6B 7 8 9 10 11 12 13 14 15 16 17 18
12Z AVG MX 2MIN
DY MAX MIN AVG DEP HDD CDD WTR SNW DPTH SPD SPD DIR MIN PSBL S-S WX SPD DR
================================================================================
1 36 32 34 3 31 0 0.89 4.7 1 7.9 18 310 M M 10 1 23 310
2 32 30 31 0 34 0 0.02 0.4 5 7.4 17 320 M M 10 18 23 320
3 37 30 34 3 31 0 0.01 0.9 M 3.0 9 130 M M 9 18 14 120
4 40 30 35 4 30 0 0.00 0.0 4 7.4 17 180 M M 5 1 21 170
5 45 35 40 9 25 0 0.01 0.0 3 11.6 29 180 M M 5 40 190
6 44 37 41 10 24 0 0.14 0.0 1 5.7 16 150 M M 9 1 21 160
7 45 33 39 8 26 0 0.00 0.0 0 7.6 17 160 M M 1 1 24 150
8 49 33 41 10 24 0 0.00 0.0 0 9.6 20 170 M M 4 33 150
9 45 32 39 8 26 0 0.09 0.0 0 12.8 28 170 M M 8 40 170
10 51 34 43 12 22 0 0.77 0.6 0 13.7 38 280 M M 9 1 49 290
11 47 34 41 10 24 0 0.06 T 1 5.6 16 280 M M 7 1 23 280
12 48 33 41 10 24 0 0.00 0.0 0 7.1 17 170 M M 2 22 180
13 49 32 41 10 24 0 0.00 0.0 0 5.0 13 160 M M 2 19 160
14 53 34 44 13 21 0 0.00 0.0 0 10.0 26 180 M M 7 18 35 180
15 43 35 39 8 26 0 0.27 0.1 0 6.5 17 180 M M 10 1 22 180
16 41 35 38 7 27 0 0.05 T 0 6.3 16 170 M M 9 1 21 190
17 37 32 35 4 30 0 0.16 0.0 0 7.4 15 320 M M 10 12 19 330
18 37 28 33 2 32 0 T T 1 5.6 15 320 M M 5 18 320
19 33 28 31 -1 34 0 0.01 0.1 0 7.9 17 160 M M 8 18 21 160
20 37 27 32 0 33 0 0.00 0.0 0 8.6 20 320 M M 5 23 320
21 33 23 28 -4 37 0 0.00 0.0 0 5.2 10 340 M M 3 14 320
22 28 21 25 -7 40 0 0.07 1.0 0 9.2 17 340 M M 7 18 23 350
23 35 20 28 -4 37 0 T T T 7.5 20 310 M M 3 25 310
24 33 22 28 -4 37 0 0.05 0.9 T 2.5 8 350 M M 6 1 10 330
25 32 20 26 -6 39 0 0.02 0.3 1 5.2 14 340 M M 9 128 16 350
26 34 21 28 -4 37 0 0.01 0.3 T 5.1 14 160 M M 10 18 17 160
27 40 31 36 4 29 0 0.02 0.2 T 8.1 21 190 M M 10 18 30 180
28 43 34 39 7 26 0 T T 0 5.0 14 180 M M 9 18 180
29 36 14 25 -8 40 0 0.06 0.6 0 10.5 24 340 M M 10 18 29 340
30 20 9 15 -18 50 0 0.00 0.0 T 5.8 15 350 M M 1 20 330
31 25 10 18 -15 47 0 0.00 0.0 T 4.4 10 360 M M 2 16 330
================================================================================
SM 1208 869 967 0 2.71 10.1 225.2 M 205
================================================================================
AV 39.0 28.0 7.3 FASTST M M 7 MAX(MPH)
MISC ----> 38 280 49 290
================================================================================
NOTES:
# LAST OF SEVERAL OCCURRENCES
COLUMN 17 PEAK WIND IN M.P.H.
PRELIMINARY LOCAL CLIMATOLOGICAL DATA (WS FORM: F-6) , PAGE 2
STATION: SALT LAKE CITY UT
MONTH: JANUARY
YEAR: 2023
LATITUDE: 40 46 N
LONGITUDE: 111 58 W
[TEMPERATURE DATA] [PRECIPITATION DATA] SYMBOLS USED IN COLUMN 16
AVERAGE MONTHLY: 33.5 TOTAL FOR MONTH: 2.71 1 = FOG OR MIST
DPTR FM NORMAL: 2.1 DPTR FM NORMAL: 1.28 2 = FOG REDUCING VISIBILITY
HIGHEST: 53 ON 14 GRTST 24HR 0.89 ON 1- 1 TO 1/4 MILE OR LESS
LOWEST: 9 ON 30 3 = THUNDER
SNOW, ICE PELLETS, HAIL 4 = ICE PELLETS
TOTAL MONTH: 10.1 INCHES 5 = HAIL
GRTST 24HR 4.7 ON 1- 1 6 = FREEZING RAIN OR DRIZZLE
GRTST DEPTH: 5 ON 2 7 = DUSTSTORM OR SANDSTORM:
VSBY 1/2 MILE OR LESS
8 = SMOKE OR HAZE
[NO. OF DAYS WITH] [WEATHER - DAYS WITH] 9 = BLOWING SNOW
X = TORNADO
MAX 32 OR BELOW: 5 0.01 INCH OR MORE: 18
MAX 90 OR ABOVE: 0 0.10 INCH OR MORE: 5
MIN 32 OR BELOW: 20 0.50 INCH OR MORE: 2
MIN 0 OR BELOW: 0 1.00 INCH OR MORE: 0
[HDD (BASE 65) ]
TOTAL THIS MO. 967 CLEAR (SCALE 0-3) 5
DPTR FM NORMAL -74 PTCLDY (SCALE 4-7) 13
TOTAL FM JUL 1 3000 CLOUDY (SCALE 8-10) 13
DPTR FM NORMAL -155
[CDD (BASE 65) ]
TOTAL THIS MO. 0
DPTR FM NORMAL 0 [PRESSURE DATA]
TOTAL FM JAN 1 0 HIGHEST SLP 30.62 ON 26
DPTR FM NORMAL 0 LOWEST SLP 29.43 ON 15
[REMARKS]
#FINAL-01-23#