000
CDUS45 KCYS 270727
CLITOR

CLIMATE REPORT
NATIONAL WEATHER SERVICE CHEYENNE WY
1227 AM MST SAT FEB 27 2021

...................................

...THE TORRINGTON WY AIRPORT CLIMATE SUMMARY FOR FEBRUARY 26 2021...

CLIMATE NORMAL PERIOD 1981 TO 2010
CLIMATE RECORD PERIOD 1998 TO 2021


WEATHER ITEM   OBSERVED TIME   RECORD YEAR NORMAL DEPARTURE LAST
                VALUE   (LST)  VALUE       VALUE  FROM      YEAR
                                                  NORMAL
...................................................................
TEMPERATURE (F)
 YESTERDAY
  MAXIMUM         45    251 PM  64    2016  47     -2       41
  MINIMUM         28   1131 PM -19    2014  20      8        2
  AVERAGE         37                        33      4       22

PRECIPITATION (IN)
  YESTERDAY        0.00          0.06 2013   0.01  -0.01     0.00
  MONTH TO DATE    0.00                      0.31  -0.31      T
  SINCE DEC 1      0.13                      0.94  -0.81     0.25
  SINCE JAN 1      0.06                      0.57  -0.51     0.08

DEGREE DAYS
 HEATING
  YESTERDAY       28                        32     -4       43
  MONTH TO DATE 1209                       887    322      885
  SINCE DEC 1   3303                      3199    104     2929
  SINCE JUL 1   4836                      4782     54     4681

 COOLING
  YESTERDAY        0                         0      0        0
  MONTH TO DATE    0                         0      0        0
  SINCE DEC 1      0                         0      0        0
  SINCE JAN 1      0                         0      0        0
...................................................................


WIND (MPH)
  HIGHEST WIND SPEED    35   HIGHEST WIND DIRECTION     W (260)
  HIGHEST GUST SPEED    50   HIGHEST GUST DIRECTION     W (260)
  AVERAGE WIND SPEED    19.6


SKY COVER
  POSSIBLE SUNSHINE  MM
  AVERAGE SKY COVER 0.0


WEATHER CONDITIONS
THE FOLLOWING WEATHER WAS RECORDED YESTERDAY.
  NO SIGNIFICANT WEATHER WAS OBSERVED.


RELATIVE HUMIDITY (PERCENT)
 HIGHEST    51          1100 PM
 LOWEST     21           200 AM
 AVERAGE    36

..........................................................


THE TORRINGTON WY AIRPORT CLIMATE NORMALS FOR TODAY
                         NORMAL    RECORD    YEAR
 MAXIMUM TEMPERATURE (F)   47        69      2016
 MINIMUM TEMPERATURE (F)   20         0      2014


SUNRISE AND SUNSET
FEBRUARY 27 2021......SUNRISE   634 AM MST   SUNSET   545 PM MST
FEBRUARY 28 2021......SUNRISE   633 AM MST   SUNSET   546 PM MST


-  INDICATES NEGATIVE NUMBERS.
R  INDICATES RECORD WAS SET OR TIED.
MM INDICATES DATA IS MISSING.
T  INDICATES TRACE AMOUNT.




$$
