000
CXUS55 KCYS 031700
CLMTOR

CLIMATE REPORT
NATIONAL WEATHER SERVICE CHEYENNE WY
1000 AM MST WED MAR 03 2021

...................................

...THE TORRINGTON WY AIRPORT CLIMATE SUMMARY FOR THE MONTH OF FEBRUARY 2021...

CLIMATE NORMAL PERIOD 1981 TO 2010
CLIMATE RECORD PERIOD 1998 TO 2021

WEATHER         OBSERVED          NORMAL  DEPART   LAST YEAR`S
                VALUE   DATE(S)   VALUE   FROM     VALUE
                                          NORMAL
..............................................................
TEMPERATURE (F)
RECORD
 HIGH             73   02/28/2006
 LOW             -30   02/18/2006
HIGHEST           64   02/03         43      21       71
LOWEST           -18   02/14         17     -35      -10
AVG. MAXIMUM    30.0               44.9   -14.9
AVG. MINIMUM     8.3               17.3    -9.0
MEAN            19.2               31.1   -11.9     29.9
DAYS MAX >= 90     0                0.0     0.0
DAYS MAX <= 32    13                        9.2
DAYS MIN <= 32    27               26.7     0.3
DAYS MIN <= 0     11                1.9     9.1

PRECIPITATION (INCHES)
RECORD
 MAXIMUM        1.15   2017
TOTALS             TR              0.34   -0.34        T
DAILY AVG.         T
DAYS >= .01        0
DAYS >= .10        0
DAYS >= .50        0
DAYS >= 1.00       0
GREATEST
 24 HR. TOTAL      T   02/21 TO 02/21
                       02/23 TO 02/23
                       02/27 TO 02/27


DEGREE DAYS
HEATING TOTAL   1276                949     327      962
 SINCE 7/1      4903               4844      59     4758
COOLING TOTAL      0                  0       0        0
 SINCE 1/1         0                  0       0        0
..............................................................

WIND (MPH)
AVERAGE WIND SPEED              9.9
HIGHEST WIND SPEED/DIRECTION    39/280    DATE  02/22
HIGHEST GUST SPEED/DIRECTION    56/280    DATE  02/22

SKY COVER
POSSIBLE SUNSHINE (PERCENT)   MM
AVERAGE SKY COVER           0.45
NUMBER OF DAYS FAIR           11
NUMBER OF DAYS PC             10
NUMBER OF DAYS CLOUDY          7

AVERAGE RH (PERCENT)     68

WEATHER CONDITIONS. NUMBER OF DAYS WITH
THUNDERSTORM              0     MIXED PRECIP               0
HEAVY RAIN                0     RAIN                       0
LIGHT RAIN                1     FREEZING RAIN              0
LT FREEZING RAIN          0     HAIL                       0
HEAVY SNOW                1     SNOW                       3
LIGHT SNOW               15     SLEET                      0
FOG                      16     FOG W/VIS <= 1/4 MILE      3
HAZE                      9

-  INDICATES NEGATIVE NUMBERS.
R  INDICATES RECORD WAS SET OR TIED.
MM INDICATES DATA IS MISSING.
T  INDICATES TRACE AMOUNT.

$$
