000
CXUS54 KSHV 011400
CF6TXK
PRELIMINARY LOCAL CLIMATOLOGICAL DATA (WS FORM: F-6)
STATION: TEXARKANA
MONTH: NOVEMBER
YEAR: 2021
LATITUDE: 33 27 N
LONGITUDE: 94 0 W
TEMPERATURE IN F: :PCPN: SNOW: WIND :SUNSHINE: SKY :PK WND
================================================================================
1 2 3 4 5 6A 6B 7 8 9 10 11 12 13 14 15 16 17 18
12Z AVG MX 2MIN
DY MAX MIN AVG DEP HDD CDD WTR SNW DPTH SPD SPD DIR MIN PSBL S-S WX SPD DR
================================================================================
1 73 49 61 2 4 0 0.00 0.0 0 6.1 12 70 M M 1 17 130
2 58 47 53 -5 12 0 0.06 0.0 0 10.5 16 70 M M 9 21 70
3 48 41 45 -13 20 0 1.21 0.0 0 9.3 16 70 M M 10 13 22 50
4 58 38 48 -10 17 0 0.00 0.0 0 4.9 13 30 M M 1 19 50
5 60 36 48 -9 17 0 0.00 0.0 0 3.5 13 30 M M 0 15 50
6 65 36 51 -6 14 0 0.00 0.0 0 1.2 7 10 M M 0 9 60
7 71 39 55 -2 10 0 0.00 0.0 0 3.8 10 210 M M 0 1 14 210
8 75 42 59 3 6 0 0.00 0.0 0 5.8 13 190 M M 0 1 17 260
9 73 51 62 6 3 0 0.00 0.0 0 6.0 13 210 M M 0 18 16 230
10 76 56 66 10 0 1 0.26 0.0 0 8.6 17 170 M M 5 138 24 160
11 70 47 59 4 6 0 0.62 0.0 0 6.2 16 200 M M 3 13 20 200
12 69 43 56 1 9 0 0.00 0.0 0 7.7 23 320 M M 1 32 300
13 60 37 49 -6 16 0 0.00 0.0 0 6.3 14 300 M M 0 8 18 290
14 70 42 56 2 9 0 0.00 0.0 0 3.7 12 320 M M 0 8 15 320
15 79 45 62 8 3 0 0.00 0.0 0 5.1 12 200 M M 1 14 210
16 78 61 70 16 0 5 0.00 0.0 0 11.8 20 200 M M 3 1 27 190
17 82 64 73 20 0 8 0.00 0.0 0 12.5 26 210 M M 4 33 210
18 66 40 53 0 12 0 T 0.0 0 9.1 26 50 M M 3 36 50
19 59 32 46 -7 19 0 0.00 0.0 0 4.5 13 80 M M 0 20 70
20 71 37 54 2 11 0 0.00 0.0 0 6.6 14 160 M M 1 18 150
21 68 55 62 10 3 0 0.01 0.0 0 8.1 15 340 M M 10 18 21 340
22 65 44 55 3 10 0 0.00 0.0 0 3.5 13 50 M M 0 18 50
23 66 40 53 1 12 0 0.00 0.0 0 7.8 15 200 M M 0 19 200
24 72 48 60 9 5 0 T 0.0 0 10.9 17 190 M M 6 26 210
25 68 39 54 3 11 0 0.23 0.0 0 9.3 18 330 M M 7 138 25 330
26 58 32 45 -6 20 0 0.00 0.0 0 2.9 8 210 M M 0 10 200
27 55 35 45 -5 20 0 0.15 0.0 0 7.2 15 220 M M 3 1 18 230
28 68 47 58 8 7 0 0.04 0.0 0 3.7 12 360 M M 4 18 16 10
29 68 41 55 5 10 0 0.00 0.0 0 5.3 14 190 M M 0 22 200
30 74 47 61 11 4 0 0.00 0.0 0 7.1 13 180 M M 0 18 190
================================================================================
SM 2023 1311 290 14 2.58 0.0 199.0 M 72
================================================================================
AV 67.4 43.7 6.6 FASTST M M 2 MAX(MPH)
MISC ----> # 26 210 36 50
================================================================================
NOTES:
# LAST OF SEVERAL OCCURRENCES
COLUMN 17 PEAK WIND IN M.P.H.
PRELIMINARY LOCAL CLIMATOLOGICAL DATA (WS FORM: F-6) , PAGE 2
STATION: TEXARKANA
MONTH: NOVEMBER
YEAR: 2021
LATITUDE: 33 27 N
LONGITUDE: 94 0 W
[TEMPERATURE DATA] [PRECIPITATION DATA] SYMBOLS USED IN COLUMN 16
AVERAGE MONTHLY: 55.6 TOTAL FOR MONTH: 2.58 1 = FOG OR MIST
DPTR FM NORMAL: 1.7 DPTR FM NORMAL: -1.33 2 = FOG REDUCING VISIBILITY
HIGHEST: 82 ON 17 GRTST 24HR 1.25 ON 2- 3 TO 1/4 MILE OR LESS
LOWEST: 32 ON 26,19 3 = THUNDER
SNOW, ICE PELLETS, HAIL 4 = ICE PELLETS
TOTAL MONTH: 0.0 INCH 5 = HAIL
GRTST 24HR 0.0 6 = FREEZING RAIN OR DRIZZLE
GRTST DEPTH: 0 7 = DUSTSTORM OR SANDSTORM:
VSBY 1/2 MILE OR LESS
8 = SMOKE OR HAZE
[NO. OF DAYS WITH] [WEATHER - DAYS WITH] 9 = BLOWING SNOW
X = TORNADO
MAX 32 OR BELOW: 0 0.01 INCH OR MORE: 8
MAX 90 OR ABOVE: 0 0.10 INCH OR MORE: 5
MIN 32 OR BELOW: 2 0.50 INCH OR MORE: 2
MIN 0 OR BELOW: 0 1.00 INCH OR MORE: 1
[HDD (BASE 65) ]
TOTAL THIS MO. 290 CLEAR (SCALE 0-3) 20
DPTR FM NORMAL -57 PTCLDY (SCALE 4-7) 7
TOTAL FM JUL 1 322 CLOUDY (SCALE 8-10) 3
DPTR FM NORMAL -139
[CDD (BASE 65) ]
TOTAL THIS MO. 14
DPTR FM NORMAL -1 [PRESSURE DATA]
TOTAL FM JAN 1 2664 HIGHEST SLP 30.52 ON 19
DPTR FM NORMAL 419 LOWEST SLP 29.77 ON 11
[REMARKS]
#FINAL-11-21#