000
CXUS51 KCTP 010724
CLSAOO

CLIMATE REPORT
NATIONAL WEATHER SERVICE STATE COLLEGE PA
324 AM EDT TUE SEP 01 2020

...................................

...THE ALTOONA CLIMATE SUMMARY FOR THE SEASON, FROM
6/1/2020 TO 8/31/2020...

CLIMATE NORMAL PERIOD 1981 TO 2010
CLIMATE RECORD PERIOD 1948 TO 2020

WEATHER         OBSERVED          NORMAL  DEPART   LAST YEAR`S
                VALUE   DATE(S)   VALUE   FROM     VALUE DATE(S)
                                          NORMAL
................................................................
TEMPERATURE (F)
RECORD
 HIGH            103   07/22/2011
 LOW              32   06/01/1966
HIGHEST           95   07/19                          92  07/21
                                                          07/19
LOWEST            41   06/01                          41  06/04
AVG. MAXIMUM    83.5               79.5     4.0     80.7
AVG. MINIMUM    61.7               58.2     3.5     60.4
MEAN            72.6               68.9     3.7     70.6
DAYS MAX >= 90    13                 MM      MM        5
DAYS MAX <= 32     0                 MM      MM        0
DAYS MIN <= 32     0                 MM      MM        0
DAYS MIN <= 0      0                 MM      MM        0

PRECIPITATION (INCHES)
RECORD
 MAXIMUM       17.77   1972
 MINIMUM        5.05   1966
TOTALS          7.44               9.75   -2.31     9.60
DAILY AVG.      0.08               0.11   -0.03     0.10
DAYS >= .01       36                 MM      MM       38
DAYS >= .10       19                 MM      MM       28
DAYS >= .50        5                 MM      MM        4
DAYS >= 1.00       1                 MM      MM        1
GREATEST
 24 HR. TOTAL   1.50   07/21 TO 07/21               1.42


DEGREE DAYS
HEATING TOTAL     25                 90     -65       47
 SINCE 7/1         2                 33     -31        9
COOLING TOTAL    745                446     299      576
 SINCE 1/1       786                479     307      645

FREEZE DATES
RECORD
 EARLIEST     09/21/1956
 LATEST       06/01/1966
EARLIEST                        MM
LATEST                          05/10
................................................................

WIND (MPH)
AVERAGE WIND SPEED              5.4
RESULTANT WIND SPEED/DIRECTION   2/240
HIGHEST WIND SPEED/DIRECTION    37/330    DATE  08/27
HIGHEST GUST SPEED/DIRECTION    49/320    DATE  08/27

SKY COVER
POSSIBLE SUNSHINE (PERCENT)   MM
AVERAGE SKY COVER           0.34
NUMBER OF DAYS FAIR           56
NUMBER OF DAYS PC             29
NUMBER OF DAYS CLOUDY          7


WEATHER CONDITIONS. NUMBER OF DAYS WITH
THUNDERSTORM             24     MIXED PRECIP               0
HEAVY RAIN               14     RAIN                      18
LIGHT RAIN               48     FREEZING RAIN              0
LT FREEZING RAIN          0     HAIL                       0
HEAVY SNOW                0     SNOW                       0
LIGHT SNOW                0     SLEET                      0
FOG                      49     FOG W/VIS <= 1/4 MILE     10
HAZE                     18

-  INDICATES NEGATIVE NUMBERS.
R  INDICATES RECORD WAS SET OR TIED.
MM INDICATES DATA IS MISSING.
T  INDICATES TRACE AMOUNT.

$$
