000
CXUS51 KOKX 030020
CLSBDR

CLIMATE REPORT
NATIONAL WEATHER SERVICE NEW YORK NY
807 PM EDT TUE JUN 2 2020

...................................

...THE BRIDGEPORT CT CLIMATE SUMMARY FOR THE SEASON, FROM
3/1/2020 TO 5/31/2020...

CLIMATE NORMAL PERIOD 1981 TO 2010
CLIMATE RECORD PERIOD 1948 TO 2020

WEATHER         OBSERVED          NORMAL  DEPART  LAST YEAR`S
                 VALUE   DATE(S)  VALUE   FROM    VALUE
                                          NORMAL
.............................................................
TEMPERATURE (F)
RECORD
 HIGH              97   05/20/1996
 LOW                4   03/19/1967
HIGHEST            81   05/30        MM      MM
LOWEST             22   03/01        MM      MM
AVG. MAXIMUM     58.2              57.5     0.7
AVG. MINIMUM     42.4              41.0     1.4
MEAN             50.3              49.2     1.1
DAYS MAX >= 90      0               0.1    -0.1
DAYS MAX <= 32      0               0.9    -0.9
DAYS MIN <= 32      7              17.5   -10.5
DAYS MIN <= 0       0               0.0     0.0

PRECIPITATION (INCHES)
RECORD
 MAXIMUM        24.70   1983
 MINIMUM         4.38   1986
TOTALS          10.22             11.98   -1.76    14.30
DAILY AVG.       0.11              0.13   -0.02
DAYS >= .01        37              34.1     2.9
DAYS >= .10        21              21.5    -0.5
DAYS >= .50         6               7.1    -1.1
DAYS >= 1.00        2               2.8    -0.8
GREATEST
 24 HR. TOTAL    1.55   MM
 STORM TOTAL       MM
 (MM/DD(HH))            MM

SNOWFALL (INCHES)
RECORDS
 TOTAL           22.0   1996
 24 HR TOTAL     11.1   03/22/1967 TO 03/22/1967
TOTALS              T               6.0    -6.0
 LIQUID EQUIV      MM              0.60      MM
SINCE 7/1        10.1              27.6   -17.5
 LIQUID 7/1      1.01
DAYS >= TRACE       3               2.7     0.3
DAYS >= 1.0         0               1.9    -1.9
GREATEST
 SNOW DEPTH         0   MM
 24 HR TOTAL        T   MM
 STORM TOTAL       MM
 (MM/DD(HH))            MM

DEGREE_DAYS
HEATING TOTAL    1350              1473    -123
 SINCE 7/1       4819              5360    -541
COOLING TOTAL      21                24      -3
 SINCE 1/1         21                24      -3
..............................................................

WIND (MPH)
AVERAGE WIND SPEED              10.2
HIGHEST WIND SPEED/DIRECTION    38/180    DATE  04/13
HIGHEST GUST SPEED/DIRECTION    61/180    DATE  04/13

SKY COVER
POSSIBLE SUNSHINE (PERCENT)   MM
AVERAGE SKY COVER           0.50
NUMBER OF DAYS FAIR           40
NUMBER OF DAYS PC             29
NUMBER OF DAYS CLOUDY         23

AVERAGE RH (PERCENT)     63

WEATHER CONDITIONS. NUMBER OF DAYS WITH
  0
 18
  0
  1
  0
  0
  6
HAZE                      2

-  INDICATES NEGATIVE NUMBERS.
R  INDICATES RECORD WAS SET OR TIED.
MM INDICATES DATA IS MISSING.
T  INDICATES TRACE AMOUNT.

$$
