000
CXUS53 KDVN 011735
CLSCID


CLIMATE REPORT
NATIONAL WEATHER SERVICE QUAD CITIES IA IL
1147 AM CDT MON JUN 1 2020

...................................

...THE CEDAR RAPIDS IA CLIMATE SUMMARY FOR THE SEASON, FROM
3/1/2020 TO 5/31/2020...

CLIMATE NORMAL PERIOD 1981 TO 2010
CLIMATE RECORD PERIOD 1891 TO 2020

WEATHER         OBSERVED          NORMAL  DEPART
                 VALUE   DATE(S)  VALUE   FROM
                                          NORMAL
................................................
TEMPERATURE (F)
RECORD
 HIGH             104   05/31/1934
 LOW              -20   03/01/1962
HIGHEST            86   05/26        76      10
LOWEST             15   04/15        21      -6
AVG. MAXIMUM     58.4              59.5    -1.1
AVG. MINIMUM     37.6              37.8    -0.2
MEAN             48.0              48.6    -0.6
DAYS MAX >= 90      0
DAYS MAX <= 32      0
DAYS MIN <= 32     36
DAYS MIN <= 0       0

PRECIPITATION (INCHES)
TOTALS           6.64              9.30   -2.66
DAILY AVG.       0.07              0.10   -0.03
DAYS >= .01        32
DAYS >= .10        19
DAYS >= .50         3
DAYS >= 1.00        0
GREATEST
 24 HR. TOTAL    0.69   03/09 TO 03/09

DEGREE_DAYS
HEATING TOTAL    1565              1554      11
 SINCE 7/1       6682              6837    -155
COOLING TOTAL      29                50     -21
 SINCE 1/1         29                49     -20
.................................................

WIND (MPH)
AVERAGE WIND SPEED              11.2
HIGHEST WIND SPEED/DIRECTION    41/320    DATE  04/09
HIGHEST GUST SPEED/DIRECTION    60/300    DATE  04/09

SKY COVER
POSSIBLE SUNSHINE (PERCENT)   MM
AVERAGE SKY COVER           0.50
NUMBER OF DAYS FAIR           37
NUMBER OF DAYS PC             29
NUMBER OF DAYS CLOUDY         26

AVERAGE RH (PERCENT)     72

WEATHER CONDITIONS. NUMBER OF DAYS WITH
THUNDERSTORM             15     HAIL                     0
SLEET                     0     FOG                     53
FOG W/VIS <= 1/4 MILE    12     HAZE                    15


-  INDICATES NEGATIVE NUMBERS.
R  INDICATES RECORD WAS SET OR TIED.
MM INDICATES DATA IS MISSING.
T  INDICATES TRACE AMOUNT.

$$
