000
CXUS53 KILX 011558
CLSCMI

CHICLMCMI 000
TTAA00 KILX 011537

CLIMATE REPORT
NATIONAL WEATHER SERVICE LINCOLN IL
1031 AM CDT MON JUN 1 2020

...................................

...THE CHAMPAIGN IL AIRPORT CLIMATE SUMMARY FOR THE SPRING SEASON, FROM
3/1/2020 TO 5/31/2020...

CLIMATE NORMAL PERIOD 1981 TO 2010
CLIMATE RECORD PERIOD 9999 TO 9999

WEATHER         OBSERVED          NORMAL  DEPART  LAST YEAR`S
                 VALUE   DATE(S)  VALUE   FROM    VALUE
                                          NORMAL
.............................................................
TEMPERATURE (F)
RECORD
 HIGH              MM   MM
 LOW               MM   MM
HIGHEST            87   05/26        MM      MM       88
                        05/24
LOWEST             19   03/07        MM      MM       -3
AVG. MAXIMUM     61.2              63.2    -2.0     61.2
AVG. MINIMUM     40.5              40.5     0.0     40.9
MEAN             50.9              51.8    -0.9     51.0
DAYS MAX >= 90      0               1.6    -1.6        0
DAYS MAX <= 32      0               1.6    -1.6        5
DAYS MIN <= 32     24              25.4    -1.4       26
DAYS MIN <= 0       0               0.0     0.0        1

PRECIPITATION (INCHES)
RECORD
 MAXIMUM           MM   MM
 MINIMUM           MM   MM
TOTALS          11.53             11.09    0.44    13.74
DAILY AVG.       0.12                               0.15
DAYS >= .01        42                MM      MM       43
DAYS >= .10        22                MM      MM       28
DAYS >= .50         9                MM      MM       10
DAYS >= 1.00        2                MM      MM        2
GREATEST
 24 HR. TOTAL    1.39   MM                          1.32

DEGREE_DAYS
HEATING TOTAL    1347              1304      43     1374
 SINCE 7/1       5616              5806    -190     5899
COOLING TOTAL      73                92     -19      110
 SINCE 1/1         73                92     -19      110

FREEZE DATES
RECORD
 EARLIEST     MM
 LATEST       MM
EARLIEST                        MM
LATEST                          MM
..............................................................

WIND (MPH)
AVERAGE WIND SPEED              11.7
HIGHEST WIND SPEED/DIRECTION    44/180    DATE  05/25
HIGHEST GUST SPEED/DIRECTION    68/180    DATE  05/25

SKY COVER
POSSIBLE SUNSHINE (PERCENT)   MM
AVERAGE SKY COVER           0.50
NUMBER OF DAYS FAIR           30
NUMBER OF DAYS PC             34
NUMBER OF DAYS CLOUDY         28

AVERAGE RH (PERCENT)     73

WEATHER CONDITIONS. NUMBER OF DAYS WITH
THUNDERSTORM             14     MIXED PRECIP               0
HEAVY RAIN               14     RAIN                      22
LIGHT RAIN               55     FREEZING RAIN              0
LT FREEZING RAIN          1     HAIL                       0
HEAVY SNOW                2     SNOW                       2
LIGHT SNOW                3     SLEET                      0
FOG                      53     FOG W/VIS <= 1/4 MILE     12
HAZE                      8


-  INDICATES NEGATIVE NUMBERS.
R  INDICATES RECORD WAS SET OR TIED.
MM INDICATES DATA IS MISSING.
T  INDICATES TRACE AMOUNT.

$$
